000
CXUS54 KHGX 281410
CF6LVJ
PRELIMINARY LOCAL CLIMATOLOGICAL DATA (WS FORM: F-6)

                                          STATION:   HOUSTON/CLOVER_FIELD
                                          MONTH:     SEPTEMBER
                                          YEAR:      2022
                                          LATITUDE:   29 31 N
                                          LONGITUDE:  95 14 W

  TEMPERATURE IN F:       :PCPN:    SNOW:  WIND      :SUNSHINE: SKY     :PK WND
================================================================================
1   2   3   4   5  6A  6B    7    8   9   10  11  12  13   14  15   16   17  18
                                     12Z  AVG MX 2MIN
DY MAX MIN AVG DEP HDD CDD  WTR  SNW DPTH SPD SPD DIR MIN PSBL S-S WX    SPD DR
================================================================================

 1  95  76  86   2   0  21 0.00  0.0    0  3.1 10  40   M    M   2 3      15  30
 2  93  76  85   1   0  20 0.00  0.0    0  3.5 18 130   M    M   1 38     25 100
 3  89  75  82  -1   0  17 1.01  0.0    0  2.7 12  90   M    M   4 123    18 220
 4  83  74  79  -4   0  14 0.00  0.0    M    M  M   M   M    M   M         M   M
 5  85  73  79  -4   0  14 0.00  0.0    0    M  M   M   M    M   M         M   M
 6  87  73  80  -3   0  15 0.00  0.0    0    M  M   M   M    M   M         M   M
 7  93  72  83   0   0  18 0.03  0.0    0  2.6 17 360   M    M   2 3      26 350
 8  91  72  82  -1   0  17 0.32  0.0    0  3.9 24  40   M    M   4        34  30
 9  88  72  80  -2   0  15 0.00  0.0    0  2.7 12 170   M    M   2 8      17 170
10  92  71  82   0   0  17 0.00  0.0    0  2.7 12 110   M    M   2 18     15 110
11  94  74  84   2   0  19 0.00  0.0    0  3.3 13  90   M    M   2        18 360
12  92  74  83   1   0  18 0.00  0.0    0  4.5 12 350   M    M   1        16  20
13  90  72  81  -1   0  16 0.00  0.0    0  3.3 12 120   M    M   2        16  80
14  88  68  78  -4   0  13 0.00  0.0    0  4.3 13 100   M    M   0        20  80
15  89  74  82   1   0  17 0.00  0.0    0  7.9 18  80   M    M   3        25  60
16  87  76  82   1   0  17 0.01  0.0    0  3.7 15 110   M    M   3 3      20 100
17  92  76  84   3   0  19 0.00  0.0    0  4.7 15 140   M    M   1        19 130
18  93  75  84   3   0  19 0.00  0.0    0  3.1 14 130   M    M   2        20 130
19  93  75  84   4   0  19    T  0.0    0  4.3 15 120   M    M   1        22 130
20  95  74  85   5   0  20 0.00  0.0    0  2.0 12 130   M    M   0 1      16 130
21  93  74  84   4   0  19 0.00  0.0    0  3.1 12  90   M    M   0        18 100
22  99  73  86   6   0  21 0.00  0.0    0  3.9 14  40   M    M   0 1      17  40
23  96  75  86   6   0  21 0.00  0.0    0  3.2 14 120   M    M   0 18     18 120
24  94  72  83   3   0  18 0.00  0.0    0  3.5 12 150   M    M   0 18     17 140
25  95  73  84   5   0  19 0.00  0.0    0  2.2  9 150   M    M   0        13 170
26  95  74  85   6   0  20 0.00  0.0    0  6.2 16  40   M    M   0        22  30
27  88  62  75  -4   0  10 0.00  0.0    0  5.7 15  70   M    M   0        22  60
================================================================================
SM 2469 1975         0 473  1.37  0.0     90.1          M       32
================================================================================
AV 91.4 73.1                               3.8 FASTST   M    M   1    MAX(MPH)
                                 MISC ---->    24  40                 34  30
================================================================================
NOTES:
# LAST OF SEVERAL OCCURRENCES

COLUMN 17 PEAK WIND IN M.P.H.

PRELIMINARY LOCAL CLIMATOLOGICAL DATA (WS FORM: F-6) , PAGE 2

                                          STATION:   HOUSTON/CLOVER_FIELD
                                          MONTH:     SEPTEMBER
                                          YEAR:      2022
                                          LATITUDE:   29 31 N
                                          LONGITUDE:  95 14 W

[TEMPERATURE DATA]      [PRECIPITATION DATA]       SYMBOLS USED IN COLUMN 16

AVERAGE MONTHLY: 82.3   TOTAL FOR MONTH:   1.37    1 = FOG OR MIST
DPTR FM NORMAL:   0.9   DPTR FM NORMAL:   -3.59    2 = FOG REDUCING VISIBILITY
HIGHEST:    99 ON 22    GRTST 24HR  1.01 ON  3- 3      TO 1/4 MILE OR LESS
LOWEST:     62 ON 27                               3 = THUNDER
                        SNOW, ICE PELLETS, HAIL    4 = ICE PELLETS
                        TOTAL MONTH:   0.0 INCH    5 = HAIL
                        GRTST 24HR  0.0            6 = FREEZING RAIN OR DRIZZLE
                        GRTST DEPTH:  0            7 = DUSTSTORM OR SANDSTORM:
                                                       VSBY 1/2 MILE OR LESS
                                                   8 = SMOKE OR HAZE
[NO. OF DAYS WITH]      [WEATHER - DAYS WITH]      9 = BLOWING SNOW
                                                   X = TORNADO
MAX 32 OR BELOW:   0    0.01 INCH OR MORE:   4
MAX 90 OR ABOVE:  18    0.10 INCH OR MORE:   2
MIN 32 OR BELOW:   0    0.50 INCH OR MORE:   1
MIN  0 OR BELOW:   0    1.00 INCH OR MORE:   1

[HDD (BASE 65) ]
TOTAL THIS MO.     0    CLEAR  (SCALE 0-3)  22
DPTR FM NORMAL     0    PTCLDY (SCALE 4-7)   2
TOTAL FM JUL 1     0    CLOUDY (SCALE 8-10)  3
DPTR FM NORMAL     0

[CDD (BASE 65) ]
TOTAL THIS MO.   473
DPTR FM NORMAL    31    [PRESSURE DATA]
TOTAL FM JAN 1  3237    HIGHEST SLP M ON M
DPTR FM NORMAL   271    LOWEST  SLP 29.73 ON  8

[REMARKS]
