000
CXUS55 KBYZ 281000
CF6LVM
PRELIMINARY LOCAL CLIMATOLOGICAL DATA (WS FORM: F-6)

                                          STATION:   LIVINGSTON MT
                                          MONTH:     SEPTEMBER
                                          YEAR:      2022
                                          LATITUDE:   45 41 N
                                          LONGITUDE: 110 26 W

  TEMPERATURE IN F:       :PCPN:    SNOW:  WIND      :SUNSHINE: SKY     :PK WND
================================================================================
1   2   3   4   5  6A  6B    7    8   9   10  11  12  13   14  15   16   17  18
                                     12Z  AVG MX 2MIN
DY MAX MIN AVG DEP HDD CDD  WTR  SNW DPTH SPD SPD DIR MIN PSBL S-S WX    SPD DR
================================================================================

 1  96  52  74  12   0   9 0.00    M    M 10.7 26 310   M    M   0        37 270
 2  91  45  68   6   0   3 0.00    M    M  7.9 17  60   M    M   0        22  60
 3 102  49  76  14   0  11 0.00    M    M  7.0 20 210   M    M   0        24 260
 4  96  56  76  15   0  11 0.00    M    M  9.6 23 240   M    M   0        30 230
 5  97  46  72  11   0   7 0.00    M    M  9.6 22 260   M    M   1 8      31 250
 6  95  46  71  10   0   6 0.00    M    M  5.8 15 100   M    M   0 8      21  90
 7 102  51  77  17   0  12 0.02    M    M 11.3 41 230   M    M   1        53 250
 8  76  49  63   3   2   0 0.09    M    M 11.9 26  80   M    M   7 38     33  90
 9  60  36  48 -12  17   0 0.00    M    M  7.8 22  60   M    M   4        27  70
10  76  27  52  -7  13   0 0.00    M    M  5.3 17 270   M    M   0        22 260
11  89  35  62   3   3   0 0.00    M    M  9.5 23 270   M    M   0        29 260
12  88  45  67   8   0   2 0.00    M    M 11.1 24  90   M    M   1 8      31  80
13  83  49  66   8   0   1 0.00    M    M  7.1 26 250   M    M   3 8      35 260
14  72  47  60   2   5   0 0.01    M    M  4.6 14 260   M    M   6 18     16 270
15  77  39  58   0   7   0    T    M    M  6.4 21 210   M    M   2 18     25 210
16  63  46  55  -2  10   0 0.07    M    M 10.3 23 240   M    M   5 1      28 240
17  74  39  57   0   8   0 0.00    M    M 11.7 21 240   M    M   0        27 320
18  76  41  59   2   6   0 0.01    M    M  6.1 21 340   M    M   2 3      25 340
19  84  44  64   8   1   0 0.00    M    M 10.7 31 210   M    M   2        37 210
20  55  43  49  -7  16   0 0.00    M    M 13.2 23  80   M    M   8        27  80
21  54  47  51  -5  14   0    T    M    M 16.1 26  80   M    M  10        31  90
22  68  42  55   0  10   0 0.24    M    M 15.3 36 220   M    M   7 13     46 220
23  72  50  61   6   4   0 0.01    M    M 19.4 32 270   M    M   3        40 240
24  74  43  59   5   6   0 0.00    M    M 13.8 29 240   M    M   1        36 250
25  79  38  59   5   6   0 0.00    M    M  6.9 20 260   M    M   0        23 260
26  84  43  64  10   1   0 0.00    M    M  7.3 15 320   M    M   0        17 320
27  87  38  63  10   2   0 0.00    M    M  5.2 14 290   M    M   0        18 310
================================================================================
SM 2170 1186       131  62  0.45    M    261.6          M       63
================================================================================
AV 80.4 43.9                               9.7 FASTST   M    M   2    MAX(MPH)
                                 MISC ---->    41 230                 53 250
================================================================================
NOTES:
# LAST OF SEVERAL OCCURRENCES

COLUMN 17 PEAK WIND IN M.P.H.

PRELIMINARY LOCAL CLIMATOLOGICAL DATA (WS FORM: F-6) , PAGE 2

                                          STATION:   LIVINGSTON MT
                                          MONTH:     SEPTEMBER
                                          YEAR:      2022
                                          LATITUDE:   45 41 N
                                          LONGITUDE: 110 26 W

[TEMPERATURE DATA]      [PRECIPITATION DATA]       SYMBOLS USED IN COLUMN 16

AVERAGE MONTHLY: 62.1   TOTAL FOR MONTH:   0.45    1 = FOG OR MIST
DPTR FM NORMAL:   4.2   DPTR FM NORMAL:   -0.62    2 = FOG REDUCING VISIBILITY
HIGHEST:   102 ON  7, 3  GRTST 24HR  0.24 ON 21-22      TO 1/4 MILE OR LESS
LOWEST:     27 ON 10                               3 = THUNDER
                        SNOW, ICE PELLETS, HAIL    4 = ICE PELLETS
                        TOTAL MONTH:  M            5 = HAIL
                        GRTST 24HR    M  ON   M    6 = FREEZING RAIN OR DRIZZLE
                        GRTST DEPTH:  M  ON   M    7 = DUSTSTORM OR SANDSTORM:
                                                       VSBY 1/2 MILE OR LESS
                                                   8 = SMOKE OR HAZE
[NO. OF DAYS WITH]      [WEATHER - DAYS WITH]      9 = BLOWING SNOW
                                                   X = TORNADO
MAX 32 OR BELOW:   0    0.01 INCH OR MORE:   7
MAX 90 OR ABOVE:   7    0.10 INCH OR MORE:   1
MIN 32 OR BELOW:   1    0.50 INCH OR MORE:   0
MIN  0 OR BELOW:   0    1.00 INCH OR MORE:   0

[HDD (BASE 65) ]
TOTAL THIS MO.   131    CLEAR  (SCALE 0-3)  20
DPTR FM NORMAL   -80    PTCLDY (SCALE 4-7)   6
TOTAL FM JUL 1   146    CLOUDY (SCALE 8-10)  1
DPTR FM NORMAL  -162

[CDD (BASE 65) ]
TOTAL THIS MO.    62
DPTR FM NORMAL    46    [PRESSURE DATA]
TOTAL FM JAN 1   479    HIGHEST SLP M ON M
DPTR FM NORMAL   207    LOWEST  SLP 29.67 ON 13

[REMARKS]
