000
CXUS53 KGID 280830
CF6LXN
PRELIMINARY LOCAL CLIMATOLOGICAL DATA (WS FORM: F-6)

                                          STATION:   LEXINGTON NE
                                          MONTH:     SEPTEMBER
                                          YEAR:      2022
                                          LATITUDE:   40 47 N
                                          LONGITUDE:  99 46 W

  TEMPERATURE IN F:       :PCPN:    SNOW:  WIND      :SUNSHINE: SKY     :PK WND
================================================================================
1   2   3   4   5  6A  6B    7    8   9   10  11  12  13   14  15   16   17  18
                                     12Z  AVG MX 2MIN
DY MAX MIN AVG DEP HDD CDD  WTR  SNW DPTH SPD SPD DIR MIN PSBL S-S WX    SPD DR
================================================================================

 1  91  58  75   M   0  10 0.00    M    M  6.4 12 170   M    M   0        18 190
 2  97  58  78   M   0  13 0.00    M    M  5.4 13  90   M    M   0        17  90
 3  85  52  69   M   0   4 0.00    M    M  6.8 10  80   M    M   0        16  80
 4  84  46  65   M   0   0 0.00    M    M  4.7 12 100   M    M   0        16 100
 5  90  50  70   M   0   5 0.00    M    M  8.3 16 180   M    M   0        20 180
 6  97  56  77   M   0  12 0.00    M    M  5.6 10 100   M    M   0         M   M
 7  91  51  71   M   0   6 0.00    M    M  6.6 17 160   M    M   0 1      21 150
 8 101  65  83   M   0  18 0.00    M    M 12.8 20 180   M    M   0        27 180
 9  76  53  65   M   0   0 0.16    M    M 12.2 17  10   M    M   6 3      25  60
10  66  47  57   M   8   0 0.03    M    M  5.4  8 360   M    M   5         M   M
11  77  44  61   M   4   0 0.00    M    M  4.8  8 230   M    M   0         M   M
12  89  44  67   M   0   2 0.00    M    M  3.5  8 130   M    M   0        17 180
13  93  46  70   M   0   5 0.00    M    M  5.8 14 170   M    M   0 1      20 170
14  92  64  78   M   0  13 0.00    M    M 12.8 20 200   M    M   1        27 170
15  88  63  76   M   0  11 0.80    M    M 11.1 20 190   M    M   6 3      29 240
16  84  57  71   M   0   6    T    M    M  6.4 23 340   M    M   2 1      38 340
17  83  62  73   M   0   8 0.00    M    M  3.8  8 120   M    M   1         M   M
18  83  62  73   M   0   8 0.00    M    M  9.2 17  70   M    M   3        23  70
19  96  60  78   M   0  13 0.00    M    M  5.7 13 210   M    M   2 1      18 210
20  97  57  77   M   0  12 0.00    M    M  3.8 13 350   M    M   0 18      M   M
21  68  51  60   M   5   0 0.09    M    M 10.7 22  40   M    M   6 8      30  30
22  58  51  55   M  10   0 0.01    M    M  5.8 12 150   M    M   8         M   M
23  82  51  67   M   0   2 0.00    M    M  9.3 16 300   M    M   5 1      25 290
24  87  45  66   M   0   1 0.00    M    M  6.9 13 310   M    M   0        16 300
25  78  43  61   M   4   0 0.00    M    M  8.2 18 310   M    M   1        22 330
26  79  39  59   M   6   0 0.00    M    M  5.3 10 220   M    M   0        17 220
27  80  44  62   M   3   0 0.00    M    M  5.9 12  50   M    M   0        17 350
================================================================================
SM 2292 1419        40 149  1.09    M    193.2          M       46
================================================================================
AV 84.9 52.6                               7.2 FASTST   M    M   2    MAX(MPH)
                                 MISC ---->    23 340                 38 340
================================================================================
NOTES:
# LAST OF SEVERAL OCCURRENCES

COLUMN 17 PEAK WIND IN M.P.H.

PRELIMINARY LOCAL CLIMATOLOGICAL DATA (WS FORM: F-6) , PAGE 2

                                          STATION:   LEXINGTON NE
                                          MONTH:     SEPTEMBER
                                          YEAR:      2022
                                          LATITUDE:   40 47 N
                                          LONGITUDE:  99 46 W

[TEMPERATURE DATA]      [PRECIPITATION DATA]       SYMBOLS USED IN COLUMN 16

AVERAGE MONTHLY: 68.7   TOTAL FOR MONTH:   1.09    1 = FOG OR MIST
DPTR FM NORMAL:   0.0   DPTR FM NORMAL:    1.09    2 = FOG REDUCING VISIBILITY
HIGHEST:   101 ON  8    GRTST 24HR  0.80 ON 15-15      TO 1/4 MILE OR LESS
LOWEST:     39 ON 26                               3 = THUNDER
                        SNOW, ICE PELLETS, HAIL    4 = ICE PELLETS
                        TOTAL MONTH:  M            5 = HAIL
                        GRTST 24HR    M  ON   M    6 = FREEZING RAIN OR DRIZZLE
                        GRTST DEPTH:  M  ON   M    7 = DUSTSTORM OR SANDSTORM:
                                                       VSBY 1/2 MILE OR LESS
                                                   8 = SMOKE OR HAZE
[NO. OF DAYS WITH]      [WEATHER - DAYS WITH]      9 = BLOWING SNOW
                                                   X = TORNADO
MAX 32 OR BELOW:   0    0.01 INCH OR MORE:   5
MAX 90 OR ABOVE:  10    0.10 INCH OR MORE:   2
MIN 32 OR BELOW:   0    0.50 INCH OR MORE:   1
MIN  0 OR BELOW:   0    1.00 INCH OR MORE:   0

[HDD (BASE 65) ]
TOTAL THIS MO.    40    CLEAR  (SCALE 0-3)  21
DPTR FM NORMAL     M    PTCLDY (SCALE 4-7)   6
TOTAL FM JUL 1    41    CLOUDY (SCALE 8-10)  0
DPTR FM NORMAL     M

[CDD (BASE 65) ]
TOTAL THIS MO.   149
DPTR FM NORMAL     M    [PRESSURE DATA]
TOTAL FM JAN 1  1207    HIGHEST SLP M ON M
DPTR FM NORMAL     M    LOWEST  SLP M ON M

[REMARKS]
