000
CXUS55 KPUB 281210
CF6LXV
PRELIMINARY LOCAL CLIMATOLOGICAL DATA (WS FORM: F-6)

                                          STATION:   LEADVILLE CO
                                          MONTH:     SEPTEMBER
                                          YEAR:      2022
                                          LATITUDE:   39 15 N
                                          LONGITUDE: 106 18 W

  TEMPERATURE IN F:       :PCPN:    SNOW:  WIND      :SUNSHINE: SKY     :PK WND
================================================================================
1   2   3   4   5  6A  6B    7    8   9   10  11  12  13   14  15   16   17  18
                                     12Z  AVG MX 2MIN
DY MAX MIN AVG DEP HDD CDD  WTR  SNW DPTH SPD SPD DIR MIN PSBL S-S WX    SPD DR
================================================================================

 1  72  35  54   4  11   0 0.00    M    M  4.5 23 360   M    M   2        34  10
 2  77  36  57   7   8   0 0.00    M    M  5.2 17 340   M    M   2        28 340
 3  76  38  57   7   8   0    T    M    M  3.7 14 280   M    M   1 3      23 330
 4  77  34  56   6   9   0 0.00    M    M  6.0 22  10   M    M   0        33  30
 5  78  36  57   8   8   0 0.00    M    M  6.5 21 350   M    M   1        33 360
 6  79  37  58   9   7   0 0.00    M    M  5.5 14 350   M    M   1        24 310
 7  79  36  58   9   7   0 0.00    M    M  3.2 15 180   M    M   1        20 160
 8  79  35  57   8   8   0 0.00    M    M  4.4 20  10   M    M   2        33 300
 9  73  39  56   8   9   0 0.00    M    M  6.6 21 300   M    M   2        34 330
10  67  38  53   5  12   0 0.00    M    M  6.8 20 280   M    M   4 1      29 360
11  71  25  48   0  17   0 0.00    M    M  5.9 18 300   M    M   2 1      26 290
12  70  28  49   1  16   0 0.00    M    M  4.8 17 320   M    M   1        26 330
13  65  30  48   1  17   0    T    M    M  5.3 25 180   M    M   4        34 200
14  57  34  46  -1  19   0 0.12    M    M  4.0 14 250   M    M   6 1      22 360
15  56  32  44  -3  21   0 0.10    M    M  5.9 15 310   M    M   6 1      23 340
16  62  30  46  -1  19   0 0.00    M    M  5.7 18 220   M    M   4        27 240
17  66  30  48   2  17   0 0.00    M    M  7.1 22 240   M    M   3        31 240
18  68  32  50   4  15   0 0.00    M    M  6.5 24 180   M    M   0        32 180
19  70  32  51   5  14   0 0.00    M    M  4.5 15 310   M    M   4        24 320
20  70  28  49   3  16   0    T    M    M  6.6 20  10   M    M   5        27  10
21  58  41  50   5  15   0 0.36    M    M  5.8 14 190   M    M   9 123    20 150
22  57  38  48   3  17   0 0.12    M    M  3.8 20 300   M    M   7 12     27 330
23  60  32  46   1  19   0    T    M    M  8.5 21 300   M    M   2        32 340
24  63  28  46   2  19   0 0.00    M    M  7.0 18 300   M    M   0        27 260
25  66  26  46   2  19   0 0.00    M    M  4.1 14 290   M    M   0        22 280
26  68  29  49   5  16   0 0.00    M    M  6.2 15  10   M    M   2        24 130
27  60  34  47   4  18   0 0.01    M    M  4.5 29 230   M    M   6 8      39 210
================================================================================
SM 1844  893       381   0  0.71    M    148.6          M       77
================================================================================
AV 68.3 33.1                               5.5 FASTST   M    M   3    MAX(MPH)
                                 MISC ---->    29 230                 39 210
================================================================================
NOTES:
# LAST OF SEVERAL OCCURRENCES

COLUMN 17 PEAK WIND IN M.P.H.

PRELIMINARY LOCAL CLIMATOLOGICAL DATA (WS FORM: F-6) , PAGE 2

                                          STATION:   LEADVILLE CO
                                          MONTH:     SEPTEMBER
                                          YEAR:      2022
                                          LATITUDE:   39 15 N
                                          LONGITUDE: 106 18 W

[TEMPERATURE DATA]      [PRECIPITATION DATA]       SYMBOLS USED IN COLUMN 16

AVERAGE MONTHLY: 50.7   TOTAL FOR MONTH:   0.71    1 = FOG OR MIST
DPTR FM NORMAL:   3.6   DPTR FM NORMAL:   -0.33    2 = FOG REDUCING VISIBILITY
HIGHEST:    79 ON  8, 7  GRTST 24HR  0.48 ON 21-22      TO 1/4 MILE OR LESS
LOWEST:     25 ON 11                               3 = THUNDER
                        SNOW, ICE PELLETS, HAIL    4 = ICE PELLETS
                        TOTAL MONTH:  M            5 = HAIL
                        GRTST 24HR    M  ON   M    6 = FREEZING RAIN OR DRIZZLE
                        GRTST DEPTH:  M  ON   M    7 = DUSTSTORM OR SANDSTORM:
                                                       VSBY 1/2 MILE OR LESS
                                                   8 = SMOKE OR HAZE
[NO. OF DAYS WITH]      [WEATHER - DAYS WITH]      9 = BLOWING SNOW
                                                   X = TORNADO
MAX 32 OR BELOW:   0    0.01 INCH OR MORE:   5
MAX 90 OR ABOVE:   0    0.10 INCH OR MORE:   4
MIN 32 OR BELOW:  13    0.50 INCH OR MORE:   0
MIN  0 OR BELOW:   0    1.00 INCH OR MORE:   0

[HDD (BASE 65) ]
TOTAL THIS MO.   381    CLEAR  (SCALE 0-3)  16
DPTR FM NORMAL  -106    PTCLDY (SCALE 4-7)  10
TOTAL FM JUL 1   941    CLOUDY (SCALE 8-10)  1
DPTR FM NORMAL  -222

[CDD (BASE 65) ]
TOTAL THIS MO.     0
DPTR FM NORMAL     0    [PRESSURE DATA]
TOTAL FM JAN 1     0    HIGHEST SLP M ON M
DPTR FM NORMAL     0    LOWEST  SLP 29.61 ON  9

[REMARKS]
