000
CXUS52 KFFC 281010
CF6LZU
PRELIMINARY LOCAL CLIMATOLOGICAL DATA (WS FORM: F-6)

                                          STATION:   LAWRENCEVILLE
                                          MONTH:     SEPTEMBER
                                          YEAR:      2022
                                          LATITUDE:   33 58 N
                                          LONGITUDE:  83 58 W

  TEMPERATURE IN F:       :PCPN:    SNOW:  WIND      :SUNSHINE: SKY     :PK WND
================================================================================
1   2   3   4   5  6A  6B    7    8   9   10  11  12  13   14  15   16   17  18
                                     12Z  AVG MX 2MIN
DY MAX MIN AVG DEP HDD CDD  WTR  SNW DPTH SPD SPD DIR MIN PSBL S-S WX    SPD DR
================================================================================

 1  89  64  77   M   0  12 0.00    M    M  3.3  8 120   M    M   2         M   M
 2  83  71  77   M   0  12 0.08    M    M  4.2 10  60   M    M   8        17  60
 3  87  71  79   M   0  14 0.03    M    M  6.2 10 120   M    M   7         M   M
 4  81  71  76   M   0  11 0.81    M    M  5.6 10 110   M    M   9 1       M   M
 5  86  71  79   M   0  14 0.11    M    M  7.4 14 230   M    M   7 13     21 260
 6  85  71  78   M   0  13 0.00    M    M  4.3  9 270   M    M   3 1       M   M
 7  87  68  78   M   0  13 0.41    M    M  3.8 14  60   M    M   1 3      23  90
 8  84  67  76   M   0  11 0.00    M    M  4.8 12  70   M    M   3 8       M   M
 9  77  68  73   M   0   8 0.03    M    M  8.7 17  70   M    M   6        23  70
10  70  66  68   M   0   3 0.14    M    M  7.7 16  70   M    M  10 1      21  70
11  84  68  76   M   0  11 0.00    M    M  4.7 10 240   M    M   7 12     17 200
12  83  64  74   M   0   9 0.00    M    M  4.9  9 260   M    M   4         M   M
13  80  55  68   M   0   3 0.00    M    M  3.5  8 270   M    M   0         M   M
14  82  57  70   M   0   5 0.00    M    M  1.9  8  70   M    M   1         M   M
15  82  61  72   M   0   7 0.00  0.0    M  4.1 12  90   M    M   2         M   M
16  82  59  71   M   0   6 0.00  0.0    M  3.1  8  50   M    M   4         M   M
17  82  61  72   M   0   7 0.00  0.0    M  3.3 12 100   M    M   3         M   M
18  83  60  72   M   0   7 0.00  0.0    M  2.9 10  80   M    M   1 1       M   M
19  86  61  74   M   0   9 0.00  0.0    M  1.5  6  99   M    M   1         M   M
20  90  64  77   M   0  12 0.00    M    M  1.4  6  40   M    M   1         M   M
21  92  65  79   M   0  14 0.00  0.0    M  1.9  6  90   M    M   0 1       M   M
22  93  65  79   M   0  14 0.00    M    0  4.9 15 290   M    M   1        22 290
23  79  53  66   M   0   1 0.00    M    M  2.7  9  90   M    M   0         M   M
24  80  49  65   M   0   0 0.00    M    M  1.9  7 150   M    M   0         M   M
25  80  58  69   M   0   4    T    M    M  4.3 12 250   M    M   1        18 260
26  79  58  69   M   0   4 0.00    M    M  4.7 12 270   M    M   0        20 270
27  76  50  63   M   2   0 0.00    M    M  2.0  6  99   M    M   0         M   M
================================================================================
SM 2242 1696         2 224  1.61  0.0    109.7          M       82
================================================================================
AV 83.0 62.8                               4.1 FASTST   M    M   3    MAX(MPH)
                                 MISC ---->    17  70               # 23  90
================================================================================
NOTES:
# LAST OF SEVERAL OCCURRENCES

COLUMN 17 PEAK WIND IN M.P.H.

PRELIMINARY LOCAL CLIMATOLOGICAL DATA (WS FORM: F-6) , PAGE 2

                                          STATION:   LAWRENCEVILLE
                                          MONTH:     SEPTEMBER
                                          YEAR:      2022
                                          LATITUDE:   33 58 N
                                          LONGITUDE:  83 58 W

[TEMPERATURE DATA]      [PRECIPITATION DATA]       SYMBOLS USED IN COLUMN 16

AVERAGE MONTHLY: 72.9   TOTAL FOR MONTH:   1.61    1 = FOG OR MIST
DPTR FM NORMAL:   0.0   DPTR FM NORMAL:    1.61    2 = FOG REDUCING VISIBILITY
HIGHEST:    93 ON 22    GRTST 24HR  0.92 ON  4- 5      TO 1/4 MILE OR LESS
LOWEST:     49 ON 24                               3 = THUNDER
                        SNOW, ICE PELLETS, HAIL    4 = ICE PELLETS
                        TOTAL MONTH:   0.0 INCH    5 = HAIL
                        GRTST 24HR  0.0            6 = FREEZING RAIN OR DRIZZLE
                        GRTST DEPTH:  0            7 = DUSTSTORM OR SANDSTORM:
                                                       VSBY 1/2 MILE OR LESS
                                                   8 = SMOKE OR HAZE
[NO. OF DAYS WITH]      [WEATHER - DAYS WITH]      9 = BLOWING SNOW
                                                   X = TORNADO
MAX 32 OR BELOW:   0    0.01 INCH OR MORE:   7
MAX 90 OR ABOVE:   3    0.10 INCH OR MORE:   4
MIN 32 OR BELOW:   0    0.50 INCH OR MORE:   1
MIN  0 OR BELOW:   0    1.00 INCH OR MORE:   0

[HDD (BASE 65) ]
TOTAL THIS MO.     2    CLEAR  (SCALE 0-3)  18
DPTR FM NORMAL     M    PTCLDY (SCALE 4-7)   7
TOTAL FM JUL 1     2    CLOUDY (SCALE 8-10)  2
DPTR FM NORMAL     M

[CDD (BASE 65) ]
TOTAL THIS MO.   224
DPTR FM NORMAL     M    [PRESSURE DATA]
TOTAL FM JAN 1  1808    HIGHEST SLP M ON M
DPTR FM NORMAL     M    LOWEST  SLP M ON M

[REMARKS]
