000
CXUS54 KLIX 280810
CF6MCB
PRELIMINARY LOCAL CLIMATOLOGICAL DATA (WS FORM: F-6)

                                          STATION:   MCCOMB
                                          MONTH:     SEPTEMBER
                                          YEAR:      2022
                                          LATITUDE:   31 10 N
                                          LONGITUDE:  90 28 W

  TEMPERATURE IN F:       :PCPN:    SNOW:  WIND      :SUNSHINE: SKY     :PK WND
================================================================================
1   2   3   4   5  6A  6B    7    8   9   10  11  12  13   14  15   16   17  18
                                     12Z  AVG MX 2MIN
DY MAX MIN AVG DEP HDD CDD  WTR  SNW DPTH SPD SPD DIR MIN PSBL S-S WX    SPD DR
================================================================================

 1  91  71  81   1   0  16 0.00  0.0    M  1.9 10 360   M    M   0        14 360
 2  90  69  80   0   0  15 0.00  0.0    M  1.0  8 210   M    M   1        12 190
 3  87  70  79   0   0  14 0.70  0.0    M  1.8 18 150   M    M   3 138    25 140
 4  80  71  76  -3   0  11 0.01  0.0    M  3.5  9 210   M    M   8 12     14 320
 5  81  71  76  -3   0  11 0.00  0.0    M  2.5  7 210   M    M   4 1      10 180
 6  81  71  76  -3   0  11 0.01  0.0    M  0.7  7 240   M    M   2 1      18 330
 7  89  68  79   0   0  14 0.01  0.0    M  3.9 14 320   M    M   3 13     17 300
 8  86  67  77  -2   0  12 0.00  0.0    M  5.1 15  10   M    M   1        21 350
 9  84  66  75  -3   0  10 0.19  0.0    M  4.0 20 310   M    M   4 13     23 310
10  85  68  77  -1   0  12 0.00  0.0    M  1.5  8 170   M    M   7 12     11 170
11  87  67  77  -1   0  12    T  0.0    M  3.1 16 320   M    M   2 18     20 320
12  82  66  74  -4   0   9 0.00  0.0    M  5.6 12 340   M    M   5 1      16 340
13  82  56  69  -9   0   4 0.00  0.0    M  3.2 10  10   M    M   0        14  30
14  84  55  70  -7   0   5 0.00  0.0    M  2.4 10  30   M    M   0 8      15  80
15  85  59  72  -5   0   7 0.00  0.0    M  2.6 12 120   M    M   0        16 110
16  88  61  75  -2   0  10 0.00  0.0    M  1.2  8 160   M    M   1 8      11 140
17  89  65  77   0   0  12 0.00  0.0    M  2.5 10 130   M    M   1        16 130
18  91  69  80   3   0  15 0.00  0.0    M  1.7  9 180   M    M   2 1      11  30
19  87  70  79   3   0  14    T  0.0    M  1.6  8 330   M    M   2 1       M   M
20  90  66  78   2   0  13 0.00  0.0    M  1.6  9 100   M    M   0 1      14 100
21  94  69  82   6   0  17 0.00  0.0    M  4.2 13 330   M    M   0 1      19 360
22  94  70  82   6   0  17 0.00  0.0    M  3.8 12 350   M    M   1        16 350
23  89  68  79   4   0  14 0.00  0.0    M  3.8 12 340   M    M   0        16 360
24  92  62  77   2   0  12 0.00  0.0    M  1.0 10 360   M    M   0        12  60
25  93  65  79   4   0  14 0.00  0.0    M  2.3 13 330   M    M   1 1      17 310
26  87  65  76   2   0  11 0.00  0.0    M  5.8 15 350   M    M   0 1      22  10
27  81  56  69  -5   0   4 0.00  0.0    M  6.4 17 350   M    M   0        22 350
================================================================================
SM 2349 1781         0 316  0.92  0.0     78.7          M       48
================================================================================
AV 87.0 66.0                               2.9 FASTST   M    M   2    MAX(MPH)
                                 MISC ---->    20 310                 25 140
================================================================================
NOTES:
# LAST OF SEVERAL OCCURRENCES

COLUMN 17 PEAK WIND IN M.P.H.

PRELIMINARY LOCAL CLIMATOLOGICAL DATA (WS FORM: F-6) , PAGE 2

                                          STATION:   MCCOMB
                                          MONTH:     SEPTEMBER
                                          YEAR:      2022
                                          LATITUDE:   31 10 N
                                          LONGITUDE:  90 28 W

[TEMPERATURE DATA]      [PRECIPITATION DATA]       SYMBOLS USED IN COLUMN 16

AVERAGE MONTHLY: 76.5   TOTAL FOR MONTH:   0.92    1 = FOG OR MIST
DPTR FM NORMAL:  -0.8   DPTR FM NORMAL:   -3.04    2 = FOG REDUCING VISIBILITY
HIGHEST:    94 ON 22,21  GRTST 24HR  0.70 ON  3- 3      TO 1/4 MILE OR LESS
LOWEST:     55 ON 14                               3 = THUNDER
                        SNOW, ICE PELLETS, HAIL    4 = ICE PELLETS
                        TOTAL MONTH:   0.0 INCH    5 = HAIL
                        GRTST 24HR  0.0            6 = FREEZING RAIN OR DRIZZLE
                        GRTST DEPTH:  M  ON   M    7 = DUSTSTORM OR SANDSTORM:
                                                       VSBY 1/2 MILE OR LESS
                                                   8 = SMOKE OR HAZE
[NO. OF DAYS WITH]      [WEATHER - DAYS WITH]      9 = BLOWING SNOW
                                                   X = TORNADO
MAX 32 OR BELOW:   0    0.01 INCH OR MORE:   5
MAX 90 OR ABOVE:   8    0.10 INCH OR MORE:   2
MIN 32 OR BELOW:   0    0.50 INCH OR MORE:   1
MIN  0 OR BELOW:   0    1.00 INCH OR MORE:   0

[HDD (BASE 65) ]
TOTAL THIS MO.     0    CLEAR  (SCALE 0-3)  22
DPTR FM NORMAL     0    PTCLDY (SCALE 4-7)   4
TOTAL FM JUL 1     0    CLOUDY (SCALE 8-10)  1
DPTR FM NORMAL     0

[CDD (BASE 65) ]
TOTAL THIS MO.   316
DPTR FM NORMAL   -15    [PRESSURE DATA]
TOTAL FM JAN 1  2367    HIGHEST SLP M ON M
DPTR FM NORMAL   205    LOWEST  SLP 29.73 ON  8

[REMARKS]
