000
CXAK56 PAFG 280951
CF6MCG
PRELIMINARY LOCAL CLIMATOLOGICAL DATA (WS FORM: F-6)

                                          STATION:   MCGRATH AK
                                          MONTH:     SEPTEMBER
                                          YEAR:      2022
                                          LATITUDE:   62 57 N
                                          LONGITUDE: 155 36 W

  TEMPERATURE IN F:       :PCPN:    SNOW:  WIND      :SUNSHINE: SKY     :PK WND
================================================================================
1   2   3   4   5  6A  6B    7    8   9   10  11  12  13   14  15   16   17  18
                                     12Z  AVG MX 2MIN
DY MAX MIN AVG DEP HDD CDD  WTR  SNW DPTH SPD SPD DIR MIN PSBL S-S WX    SPD DR
================================================================================

 1  58  45  52   0  13   0 0.13    M    M  5.0 16 200   M    M   9 1      23 200
 2  63  43  53   1  12   0 0.03    M    M  3.8 16  60   M    M   6        24  80
 3  64  40  52   1  13   0    T    M    M  4.3 15 340   M    M   3        19 360
 4  62  44  53   2  12   0    T    M    M  3.3  9 310   M    M   8        14 280
 5  56  40  48  -2  17   0 0.00    M    M  1.8  9 210   M    M   9        12 210
 6  56  47  52   2  13   0 0.06    M    M  3.7 15 210   M    M   9 1      20 210
 7  58  43  51   1  14   0 0.29    M    M  1.9 15 110   M    M   8 1      22 120
 8  53  46  50   1  15   0 0.35    M    M  6.2 15  60   M    M   8 1      22  80
 9  51  38  45  -4  20   0 0.23    M    M  6.1 17 210   M    M   9 1      24 210
10  54  45  50   2  15   0 0.02    M    M  5.6 13 230   M    M   9 1      20 230
11  55  45  50   2  15   0 0.55    M    M  4.8 12 130   M    M  10 1      17 140
12  58  44  51   3  14   0 0.09    M    M  1.6  9  40   M    M   9 1      10  40
13  60  43  52   5  13   0 0.15    M    M  1.8  9 120   M    M   7 1      12 120
14  60  44  52   5  13   0 0.05    M    M  2.4  9 270   M    M   9 1      12 280
15  51  45  48   2  17   0 0.32    M    M  6.7 15 200   M    M  10 1      22 170
16  57  41  49   3  16   0 0.14    M    M  9.8 36 210   M    M   8 1      53 200
17  55   M   M   M   M   M    T    M    M 20.4 28 200   M    M   9        53 220
18  54  43  49   4  16   0 0.00    M    M 11.7 14 150   M    M   7        17 190
19  48  38  43  -2  22   0 0.09    M    M  2.2  9 260   M    M   8 1      12 280
20  50  36  43  -1  22   0 0.00    M    M  0.7  5 270   M    M   9 1       7 310
21  47  37  42  -2  23   0 0.00    M    M  1.7  8 100   M    M  10        11 110
22  47  37  42  -1  23   0 0.01    M    M  2.4  7 130   M    M   9        10 110
23  48  41  45   2  20   0    T    M    M  1.2  6  70   M    M  10         M   M
24  52  36  44   2  21   0 0.00    M    M  1.0  5  60   M    M   8 12      M   M
25  50  30  40  -2  25   0 0.00    M    M  1.5  7 210   M    M   6         M   M
26  49  31  40  -1  25   0 0.00    M    M  1.9  8 150   M    M   4 1      10 150
27  50  35  43   2  22   0 0.00    M    M  4.6 13  80   M    M   5        18  80
================================================================================
SM 1466 1057       451   0  2.51    M    118.1          M      216
================================================================================
AV 54.3 40.7                               4.4 FASTST   M    M   8    MAX(MPH)
                                 MISC ---->    36 210                 53 200
================================================================================
NOTES:
# LAST OF SEVERAL OCCURRENCES

COLUMN 17 PEAK WIND IN M.P.H.

PRELIMINARY LOCAL CLIMATOLOGICAL DATA (WS FORM: F-6) , PAGE 2

                                          STATION:   MCGRATH AK
                                          MONTH:     SEPTEMBER
                                          YEAR:      2022
                                          LATITUDE:   62 57 N
                                          LONGITUDE: 155 36 W

[TEMPERATURE DATA]      [PRECIPITATION DATA]       SYMBOLS USED IN COLUMN 16

AVERAGE MONTHLY: 47.5   TOTAL FOR MONTH:   2.51    1 = FOG OR MIST
DPTR FM NORMAL:   0.8   DPTR FM NORMAL:    0.21    2 = FOG REDUCING VISIBILITY
HIGHEST:    64 ON  3    GRTST 24HR  0.63 ON  7- 8      TO 1/4 MILE OR LESS
LOWEST:     30 ON 25                               3 = THUNDER
                        SNOW, ICE PELLETS, HAIL    4 = ICE PELLETS
                        TOTAL MONTH:  M            5 = HAIL
                        GRTST 24HR    M  ON   M    6 = FREEZING RAIN OR DRIZZLE
                        GRTST DEPTH:  M  ON   M    7 = DUSTSTORM OR SANDSTORM:
                                                       VSBY 1/2 MILE OR LESS
                                                   8 = SMOKE OR HAZE
[NO. OF DAYS WITH]      [WEATHER - DAYS WITH]      9 = BLOWING SNOW
                                                   X = TORNADO
MAX 32 OR BELOW:   0    0.01 INCH OR MORE:  15
MAX 90 OR ABOVE:   0    0.10 INCH OR MORE:   8
MIN 32 OR BELOW:   2    0.50 INCH OR MORE:   1
MIN  0 OR BELOW:   0    1.00 INCH OR MORE:   0

[HDD (BASE 65) ]
TOTAL THIS MO.   451    CLEAR  (SCALE 0-3)   1
DPTR FM NORMAL   -45    PTCLDY (SCALE 4-7)  11
TOTAL FM JUL 1   870    CLOUDY (SCALE 8-10) 15
DPTR FM NORMAL   -58

[CDD (BASE 65) ]
TOTAL THIS MO.     0
DPTR FM NORMAL     0    [PRESSURE DATA]
TOTAL FM JAN 1     2    HIGHEST SLP M ON M
DPTR FM NORMAL   -29    LOWEST  SLP 29.28 ON 22

[REMARKS]
