000
CXUS53 KDMX 280810
CF6MCW
PRELIMINARY LOCAL CLIMATOLOGICAL DATA (WS FORM: F-6)

                                          STATION:   MASON CITY IA
                                          MONTH:     SEPTEMBER
                                          YEAR:      2022
                                          LATITUDE:   43  9 N
                                          LONGITUDE:  93 20 W

  TEMPERATURE IN F:       :PCPN:    SNOW:  WIND      :SUNSHINE: SKY     :PK WND
================================================================================
1   2   3   4   5  6A  6B    7    8   9   10  11  12  13   14  15   16   17  18
                                     12Z  AVG MX 2MIN
DY MAX MIN AVG DEP HDD CDD  WTR  SNW DPTH SPD SPD DIR MIN PSBL S-S WX    SPD DR
================================================================================

 1  84  57  71   5   0   6 0.00  0.0    0  6.5 14 200   M    M   0 1      19 210
 2  86  62  74   8   0   9 0.30  0.0    0  9.9 20 170   M    M   1 13     28 160
 3  75  54  65  -1   0   0 0.00  0.0    0 11.1 18  10   M    M   1        25 350
 4  75  50  63  -2   2   0 0.00  0.0    0  6.3 12  60   M    M   1 8      16  40
 5  73  51  62  -3   3   0 0.01  0.0    0  4.8 12 130   M    M   6 1      16 130
 6  79  54  67   2   0   2 0.00  0.0    0  4.3 12 180   M    M   6 12     15 150
 7  82  59  71   6   0   6 0.00  0.0    0  2.5  8 170   M    M   4 1      11 270
 8  82  57  70   6   0   5 0.00  0.0    0 11.3 23 180   M    M   0 1      33 180
 9  74  58  66   2   0   1    T  0.0    0  9.8 23 340   M    M   5        28 320
10  66  48  57  -7   8   0 0.73  0.0    0  7.6 16  10   M    M   6 1      22 360
11  71  44  58  -5   7   0 0.00  0.0    0  7.9 20 350   M    M   0        28 320
12  73  45  59  -4   6   0 0.00  0.0    0  7.6 18 350   M    M   0        23 350
13  75  43  59  -4   6   0 0.00  0.0    0  4.2 10 150   M    M   0        14 140
14  80  46  63   1   2   0 0.00  0.0    0  7.6 18 160   M    M   1        23 130
15  82  56  69   7   0   4 0.00  0.0    0  9.1 20 210   M    M   1        30 200
16  77  57  67   5   0   2 0.01  0.0    0  8.1 16 160   M    M   4        22 160
17  78  57  68   7   0   3 0.02  0.0    0  9.6 20 180   M    M   3        26 170
18  77  53  65   4   0   0    T  0.0    0  6.1 15 230   M    M   5 12     19 230
19  80  47  64   4   1   0 0.03  0.0    0  8.3 18 170   M    M   4 123    27 160
20  92  67  80  20   0  15 0.00  0.0    0 10.2 18 270   M    M   0        24 270
21  72  48  60   0   5   0 0.00  0.0    0 13.9 25 350   M    M   1        33 350
22  65  42  54  -5  11   0 0.00  0.0    0  7.0 16  10   M    M   1 8      24  20
23  58  46  52  -7  13   0 0.16  0.0    0 10.9 23 150   M    M   7 1      33 130
24  75  50  63   5   2   0 0.00  0.0    0 11.3 28 280   M    M   5 1      37 290
25  70  49  60   2   5   0 0.00  0.0    0 16.7 32 310   M    M   0        46 340
26  66  40  53  -5  12   0 0.00  0.0    0 14.1 32 330   M    M   0        43 320
27  63  30  47 -10  18   0 0.00  0.0    0  8.5 21 350   M    M   1        26 340
================================================================================
SM 2030 1370       101  53  1.26  0.0    235.2          M       63
================================================================================
AV 75.2 50.7                               8.7 FASTST   M    M   2    MAX(MPH)
                                 MISC ---->  # 32 310                 46 340
================================================================================
NOTES:
# LAST OF SEVERAL OCCURRENCES

COLUMN 17 PEAK WIND IN M.P.H.

PRELIMINARY LOCAL CLIMATOLOGICAL DATA (WS FORM: F-6) , PAGE 2

                                          STATION:   MASON CITY IA
                                          MONTH:     SEPTEMBER
                                          YEAR:      2022
                                          LATITUDE:   43  9 N
                                          LONGITUDE:  93 20 W

[TEMPERATURE DATA]      [PRECIPITATION DATA]       SYMBOLS USED IN COLUMN 16

AVERAGE MONTHLY: 63.0   TOTAL FOR MONTH:   1.26    1 = FOG OR MIST
DPTR FM NORMAL:   0.9   DPTR FM NORMAL:   -1.87    2 = FOG REDUCING VISIBILITY
HIGHEST:    92 ON 20    GRTST 24HR  0.73 ON 10-10      TO 1/4 MILE OR LESS
LOWEST:     30 ON 27                               3 = THUNDER
                        SNOW, ICE PELLETS, HAIL    4 = ICE PELLETS
                        TOTAL MONTH:   0.0 INCH    5 = HAIL
                        GRTST 24HR  0.0            6 = FREEZING RAIN OR DRIZZLE
                        GRTST DEPTH:  0            7 = DUSTSTORM OR SANDSTORM:
                                                       VSBY 1/2 MILE OR LESS
                                                   8 = SMOKE OR HAZE
[NO. OF DAYS WITH]      [WEATHER - DAYS WITH]      9 = BLOWING SNOW
                                                   X = TORNADO
MAX 32 OR BELOW:   0    0.01 INCH OR MORE:   7
MAX 90 OR ABOVE:   1    0.10 INCH OR MORE:   3
MIN 32 OR BELOW:   1    0.50 INCH OR MORE:   1
MIN  0 OR BELOW:   0    1.00 INCH OR MORE:   0

[HDD (BASE 65) ]
TOTAL THIS MO.   101    CLEAR  (SCALE 0-3)  17
DPTR FM NORMAL   -32    PTCLDY (SCALE 4-7)  10
TOTAL FM JUL 1   101    CLOUDY (SCALE 8-10)  0
DPTR FM NORMAL   -68

[CDD (BASE 65) ]
TOTAL THIS MO.    53
DPTR FM NORMAL    -1    [PRESSURE DATA]
TOTAL FM JAN 1   673    HIGHEST SLP M ON M
DPTR FM NORMAL    80    LOWEST  SLP 29.74 ON  8

[REMARKS]
