000
CXUS54 KMAF 281110
CF6MDD
PRELIMINARY LOCAL CLIMATOLOGICAL DATA (WS FORM: F-6)

                                          STATION:   MIDLAND AIRPARK
                                          MONTH:     SEPTEMBER
                                          YEAR:      2022
                                          LATITUDE:   32  2 N
                                          LONGITUDE: 102  6 W

  TEMPERATURE IN F:       :PCPN:    SNOW:  WIND      :SUNSHINE: SKY     :PK WND
================================================================================
1   2   3   4   5  6A  6B    7    8   9   10  11  12  13   14  15   16   17  18
                                     12Z  AVG MX 2MIN
DY MAX MIN AVG DEP HDD CDD  WTR  SNW DPTH SPD SPD DIR MIN PSBL S-S WX    SPD DR
================================================================================

 1  77  69  73   M   0   8 0.18    M    M  5.5  9 190   M    M   6         M   M
 2  86  71  79   M   0  14 0.03    M    M  6.4 13 180   M    M   6 1      18 170
 3  86  69  78   M   0  13    M    M    M  3.7 15 140   M    M   2        23   0
 4  89  66  78   M   0  13    M    M    M  3.6 12 130   M    M   0         M   M
 5  91  70  81   M   0  16    M    M    M  9.1 16 130   M    M   1        22 160
 6  92  69  81   M   0  16    M    M    M  5.3 13 230   M    M   2         M   M
 7  91  67  79   M   0  14    M    M    M  7.9 16  70   M    M   0        24  80
 8  89  65  77   M   0  12    M    M    M  2.7  8  60   M    M   0         M   M
 9  93  65  79   M   0  14    M    M    M  4.5 13 200   M    M   0        18 220
10  92  66  79   M   0  14    M    M    M  7.2 16  80   M    M   3        23  80
11  78  62  70   M   0   5 0.05    M    M  9.4 20  60   M    M   5        32  60
12  88  65  77   M   0  12    M    M    M  6.5 13 210   M    M   2        22 190
13  91  67  79   M   0  14    M    M    M  9.8 16 150   M    M   1        20 160
14  88  65  77   M   0  12 0.36    M    M 12.0 17 170   M    M   3 13     26 340
15  88  67  78   M   0  13 0.07    M    M 10.9 16 190   M    M   0        22 160
16  91  68  80   M   0  15 0.01    M    M 10.8 15 160   M    M   2        22 160
17  91  69  80   M   0  15 0.01    M    M 12.2 16 140   M    M   0        25 190
18  91  69  80   M   0  15    M    M    M 11.0 21 180   M    M   0        25 180
19  90  71  81   M   0  16    M    M    M 11.0 16 170   M    M   3        22 170
20  91  70  81   M   0  16    M    M    M 10.9 20 170   M    M   1        24 170
21  91  68  80   M   0  15    M    M    M  9.3 16 180   M    M   1        20 180
22  91  68  80   M   0  15    M    M    M  7.5 13 150   M    M   0        22 150
23  89  61  75   M   0  10    M    M    M  7.9 16 180   M    M   0        24 190
24  92  64  78   M   0  13    M    M    M  7.0 15 160   M    M   0         M   M
25  87  66  77   M   0  12    M    M    M  5.9 14  40   M    M   2         M   M
26  85  63  74   M   0   9    M    M    M  8.0 14 110   M    M   0        20 110
27  87  60  74   M   0   9    M    M    M  5.8 14 180   M    M   0         M   M
================================================================================
SM 2395 1800         0 350  0.71    M    212.0          M       40
================================================================================
AV 88.7 66.7                               7.9 FASTST   M    M   1    MAX(MPH)
                                 MISC ---->    21 180                 32  60
================================================================================
NOTES:
# LAST OF SEVERAL OCCURRENCES

COLUMN 17 PEAK WIND IN M.P.H.

PRELIMINARY LOCAL CLIMATOLOGICAL DATA (WS FORM: F-6) , PAGE 2

                                          STATION:   MIDLAND AIRPARK
                                          MONTH:     SEPTEMBER
                                          YEAR:      2022
                                          LATITUDE:   32  2 N
                                          LONGITUDE: 102  6 W

[TEMPERATURE DATA]      [PRECIPITATION DATA]       SYMBOLS USED IN COLUMN 16

AVERAGE MONTHLY: 77.7   TOTAL FOR MONTH:   0.71    1 = FOG OR MIST
DPTR FM NORMAL:   0.0   DPTR FM NORMAL:    0.71    2 = FOG REDUCING VISIBILITY
HIGHEST:    93 ON  9    GRTST 24HR  0.36 ON 14-14      TO 1/4 MILE OR LESS
LOWEST:     60 ON 27                               3 = THUNDER
                        SNOW, ICE PELLETS, HAIL    4 = ICE PELLETS
                        TOTAL MONTH:  M            5 = HAIL
                        GRTST 24HR    M  ON   M    6 = FREEZING RAIN OR DRIZZLE
                        GRTST DEPTH:  M  ON   M    7 = DUSTSTORM OR SANDSTORM:
                                                       VSBY 1/2 MILE OR LESS
                                                   8 = SMOKE OR HAZE
[NO. OF DAYS WITH]      [WEATHER - DAYS WITH]      9 = BLOWING SNOW
                                                   X = TORNADO
MAX 32 OR BELOW:   0    0.01 INCH OR MORE:   7
MAX 90 OR ABOVE:  14    0.10 INCH OR MORE:   2
MIN 32 OR BELOW:   0    0.50 INCH OR MORE:   0
MIN  0 OR BELOW:   0    1.00 INCH OR MORE:   0

[HDD (BASE 65) ]
TOTAL THIS MO.     0    CLEAR  (SCALE 0-3)  24
DPTR FM NORMAL     M    PTCLDY (SCALE 4-7)   3
TOTAL FM JUL 1     0    CLOUDY (SCALE 8-10)  0
DPTR FM NORMAL     M

[CDD (BASE 65) ]
TOTAL THIS MO.   350
DPTR FM NORMAL     M    [PRESSURE DATA]
TOTAL FM JAN 1  2983    HIGHEST SLP M ON M
DPTR FM NORMAL     M    LOWEST  SLP M ON M

[REMARKS]
