000
CXUS53 KPAH 280700
CF6MDH
PRELIMINARY LOCAL CLIMATOLOGICAL DATA (WS FORM: F-6)

                                          STATION:   CARBONDALE IL
                                          MONTH:     SEPTEMBER
                                          YEAR:      2022
                                          LATITUDE:   37 46 N
                                          LONGITUDE:  89 15 W

  TEMPERATURE IN F:       :PCPN:    SNOW:  WIND      :SUNSHINE: SKY     :PK WND
================================================================================
1   2   3   4   5  6A  6B    7    8   9   10  11  12  13   14  15   16   17  18
                                     12Z  AVG MX 2MIN
DY MAX MIN AVG DEP HDD CDD  WTR  SNW DPTH SPD SPD DIR MIN PSBL S-S WX    SPD DR
================================================================================

 1  87  53  70  -3   0   5 0.00    M    M  2.8  9 100   M    M   2 12     13 100
 2  83  59  71  -2   0   6    T    M    M  0.5  6 220   M    M   1 12      8 230
 3  76  68  72   0   0   7 0.55    M    M  3.8 12 340   M    M   9 13     17 330
 4  80  68  74   2   0   9 0.02    M    M  3.2  9  60   M    M   8 1      12  60
 5  85  68  77   5   0  12 0.00    M    M  3.3 15 330   M    M   6 1      20 320
 6  84  65  75   4   0  10 0.00    M    M  4.1 13 340   M    M   6 12     19 330
 7  85  61  73   2   0   8 0.00    M    M  4.9 13  50   M    M   4 1      19  60
 8  84  56  70  -1   0   5 0.00    M    M  1.9  9  40   M    M   2 12     13 330
 9  85  52  69  -1   0   4 0.00    M    M  1.1  8 100   M    M   3 12     12 100
10  87  61  74   4   0   9 0.04    M    M  2.1 10 280   M    M   3 123    15 280
11  73  50  62  -8   3   0 0.00    M    M  4.9 16 300   M    M   6 12     24 320
12  80  46  63  -7   2   0 0.00    M    M  6.0 18 300   M    M   5 12     29 270
13  82  49  66  -3   0   1 0.00    M    M  2.0 10 300   M    M   1 12     14 300
14  85  48  67  -2   0   2 0.00    M    M  1.8  8 110   M    M   2 12     12 110
15  84  52  68   0   0   3 0.00    M    M  3.6 12 120   M    M   2 12     16 110
16  86  52  69   1   0   4 0.00    M    M  2.5 12 190   M    M   1 12     18 210
17  86  57  72   4   0   7 0.00    M    M  5.6 17 220   M    M   2 12     24 230
18  89  58  74   6   0   9 0.00    M    M  6.9 17 190   M    M   1 18     22 210
19  95  66  81  14   0  16 0.00    M    M  4.9 14 250   M    M   0        19 140
20  98  67  83  16   0  18 0.00    M    M  3.6 10 220   M    M   1 12     20 200
21  99  67  83  17   0  18 0.07    M    M  6.1 21  20   M    M   2 1      30  20
22  73  53  63  -3   2   0 0.01    M    M  8.4 16 360   M    M   1 1      23 340
23  73  44  59  -7   6   0    T    M    M  4.7 12  70   M    M   2        16 140
24  89  56  73   8   0   8 0.00    M    M  4.3 14 250   M    M   2        20 240
25  81  52  67   2   0   2 0.00    M    M  8.4 20 340   M    M   0        30 300
26  75  42  59  -6   6   0 0.00    M    M  7.6 21 310   M    M   0        32 290
27  76  40  58  -6   7   0 0.00    M    M  6.1 18 340   M    M   1        27 330
================================================================================
SM 2260 1510        26 163  0.69    M    115.1          M       73
================================================================================
AV 83.7 55.9                               4.3 FASTST   M    M   3    MAX(MPH)
                                 MISC ---->  # 21  20                 32 290
================================================================================
NOTES:
# LAST OF SEVERAL OCCURRENCES

COLUMN 17 PEAK WIND IN M.P.H.

PRELIMINARY LOCAL CLIMATOLOGICAL DATA (WS FORM: F-6) , PAGE 2

                                          STATION:   CARBONDALE IL
                                          MONTH:     SEPTEMBER
                                          YEAR:      2022
                                          LATITUDE:   37 46 N
                                          LONGITUDE:  89 15 W

[TEMPERATURE DATA]      [PRECIPITATION DATA]       SYMBOLS USED IN COLUMN 16

AVERAGE MONTHLY: 69.8   TOTAL FOR MONTH:   0.69    1 = FOG OR MIST
DPTR FM NORMAL:   1.1   DPTR FM NORMAL:   -1.83    2 = FOG REDUCING VISIBILITY
HIGHEST:    99 ON 21    GRTST 24HR  0.56 ON  3- 4      TO 1/4 MILE OR LESS
LOWEST:     40 ON 27                               3 = THUNDER
                        SNOW, ICE PELLETS, HAIL    4 = ICE PELLETS
                        TOTAL MONTH:  M            5 = HAIL
                        GRTST 24HR    M  ON   M    6 = FREEZING RAIN OR DRIZZLE
                        GRTST DEPTH:  M  ON   M    7 = DUSTSTORM OR SANDSTORM:
                                                       VSBY 1/2 MILE OR LESS
                                                   8 = SMOKE OR HAZE
[NO. OF DAYS WITH]      [WEATHER - DAYS WITH]      9 = BLOWING SNOW
                                                   X = TORNADO
MAX 32 OR BELOW:   0    0.01 INCH OR MORE:   5
MAX 90 OR ABOVE:   3    0.10 INCH OR MORE:   1
MIN 32 OR BELOW:   0    0.50 INCH OR MORE:   1
MIN  0 OR BELOW:   0    1.00 INCH OR MORE:   0

[HDD (BASE 65) ]
TOTAL THIS MO.    26    CLEAR  (SCALE 0-3)  18
DPTR FM NORMAL    -9    PTCLDY (SCALE 4-7)   7
TOTAL FM JUL 1    26    CLOUDY (SCALE 8-10)  2
DPTR FM NORMAL   -10

[CDD (BASE 65) ]
TOTAL THIS MO.   163
DPTR FM NORMAL    26    [PRESSURE DATA]
TOTAL FM JAN 1  1509    HIGHEST SLP M ON M
DPTR FM NORMAL   181    LOWEST  SLP 29.82 ON 25

[REMARKS]
