000
CXUS54 KMEG 280900
CF6MEM
PRELIMINARY LOCAL CLIMATOLOGICAL DATA (WS FORM: F-6)

                                          STATION:   MEMPHIS
                                          MONTH:     SEPTEMBER
                                          YEAR:      2022
                                          LATITUDE:   35  3 N
                                          LONGITUDE:  89 59 W

  TEMPERATURE IN F:       :PCPN:    SNOW:  WIND      :SUNSHINE: SKY     :PK WND
================================================================================
1   2   3   4   5  6A  6B    7    8   9   10  11  12  13   14  15   16   17  18
                                     12Z  AVG MX 2MIN
DY MAX MIN AVG DEP HDD CDD  WTR  SNW DPTH SPD SPD DIR MIN PSBL S-S WX    SPD DR
================================================================================

 1  92  68  80   0   0  15 0.00  0.0    0  4.3 14  30   M    M   6        17  10
 2  91  73  82   2   0  17    T  0.0    0  4.9 10 270   M    M   8 1      15 250
 3  95  74  85   5   0  20 1.36  0.0    0  6.2 23 300   M    M   8 13     30 300
 4  89  74  82   3   0  17 0.01  0.0    0  3.1 12 330   M    M   8 1      17 330
 5  94  73  84   5   0  19 0.00  0.0    0  3.0 10  20   M    M   6        14 290
 6  92  73  83   4   0  18 0.36  0.0    0  4.2 16 230   M    M   8 38     23 240
 7  90  72  81   2   0  16 0.00  0.0    0  7.9 20  50   M    M   5        23  40
 8  88  69  79   1   0  14 0.00  0.0    0  8.8 18  50   M    M   2        23  50
 9  88  68  78   0   0  13 0.01  0.0    0  6.1 17 160   M    M   6        21 170
10  77  72  75  -3   0  10 0.50  0.0    0  7.1 13 110   M    M   9 1      16  70
11  87  66  77  -1   0  12    T  0.0    0  6.5 20 320   M    M   7 1      26 320
12  83  61  72  -5   0   7 0.00  0.0    0  4.1 13 310   M    M   0        17 310
13  90  60  75  -2   0  10 0.00  0.0    0  3.9 12 350   M    M   1        20 280
14  91  64  78   1   0  13 0.00  0.0    0  4.9 14  80   M    M   1        22 350
15  90  66  78   2   0  13 0.00  0.0    0  5.7 10  60   M    M   2        16  70
16  90  69  80   4   0  15 0.00  0.0    0  5.2 13 120   M    M   4        16 350
17  91  69  80   4   0  15 0.00  0.0    0  5.7 12 150   M    M   3        14 200
18  95  70  83   8   0  18 0.00  0.0    0  5.8 12 220   M    M   3        19 280
19  98  73  86  11   0  21 0.00  0.0    0  3.6  9 180   M    M   1        14 260
20 100  74  87  12   0  22 0.00  0.0    0  3.0  9 300   M    M   1        16 240
21 102  74  88  14   0  23 0.00  0.0    0  3.0 12 210   M    M   1        14 220
22  86  67  77   3   0  12 0.00  0.0    0 10.9 20  20   M    M   5        27  10
23  87  62  75   1   0  10 0.00  0.0    0  6.6 16  20   M    M   2        23 350
24  96  67  82   9   0  17    T  0.0    0  7.2 15 200   M    M   6 3      24 260
25  93  68  81   8   0  16    T  0.0    0  7.9 16  10   M    M   3        28  20
26  84  60  72  -1   0   7 0.00  0.0    0  7.3 18 360   M    M   1        31 210
27  80  56  68  -4   0   3 0.00  0.0    0  4.0 14  50   M    M   0        19  40
================================================================================
SM 2439 1842         0 393  2.24  0.0    150.9          M      107
================================================================================
AV 90.3 68.2                               5.6 FASTST   M    M   4    MAX(MPH)
                                 MISC ---->    23 300                 31 210
================================================================================
NOTES:
# LAST OF SEVERAL OCCURRENCES

COLUMN 17 PEAK WIND IN M.P.H.

PRELIMINARY LOCAL CLIMATOLOGICAL DATA (WS FORM: F-6) , PAGE 2

                                          STATION:   MEMPHIS
                                          MONTH:     SEPTEMBER
                                          YEAR:      2022
                                          LATITUDE:   35  3 N
                                          LONGITUDE:  89 59 W

[TEMPERATURE DATA]      [PRECIPITATION DATA]       SYMBOLS USED IN COLUMN 16

AVERAGE MONTHLY: 79.3   TOTAL FOR MONTH:   2.24    1 = FOG OR MIST
DPTR FM NORMAL:   2.8   DPTR FM NORMAL:   -0.44    2 = FOG REDUCING VISIBILITY
HIGHEST:   102 ON 21    GRTST 24HR  1.37 ON  3- 4      TO 1/4 MILE OR LESS
LOWEST:     56 ON 27                               3 = THUNDER
                        SNOW, ICE PELLETS, HAIL    4 = ICE PELLETS
                        TOTAL MONTH:   0.0 INCH    5 = HAIL
                        GRTST 24HR  0.0            6 = FREEZING RAIN OR DRIZZLE
                        GRTST DEPTH:  0            7 = DUSTSTORM OR SANDSTORM:
                                                       VSBY 1/2 MILE OR LESS
                                                   8 = SMOKE OR HAZE
[NO. OF DAYS WITH]      [WEATHER - DAYS WITH]      9 = BLOWING SNOW
                                                   X = TORNADO
MAX 32 OR BELOW:   0    0.01 INCH OR MORE:   5
MAX 90 OR ABOVE:  17    0.10 INCH OR MORE:   3
MIN 32 OR BELOW:   0    0.50 INCH OR MORE:   2
MIN  0 OR BELOW:   0    1.00 INCH OR MORE:   1

[HDD (BASE 65) ]
TOTAL THIS MO.     0    CLEAR  (SCALE 0-3)  14
DPTR FM NORMAL    -1    PTCLDY (SCALE 4-7)  11
TOTAL FM JUL 1     0    CLOUDY (SCALE 8-10)  2
DPTR FM NORMAL    -1

[CDD (BASE 65) ]
TOTAL THIS MO.   393
DPTR FM NORMAL    79    [PRESSURE DATA]
TOTAL FM JAN 1  2582    HIGHEST SLP M ON M
DPTR FM NORMAL   406    LOWEST  SLP 29.79 ON  9

[REMARKS]
