000
CXUS51 KCLE 260800
CF6MFD
PRELIMINARY LOCAL CLIMATOLOGICAL DATA (WS FORM: F-6)

                                          STATION:   MANSFIELD OH
                                          MONTH:     SEPTEMBER
                                          YEAR:      2022
                                          LATITUDE:   40 49 N
                                          LONGITUDE:  82 31 W

  TEMPERATURE IN F:       :PCPN:    SNOW:  WIND      :SUNSHINE: SKY     :PK WND
================================================================================
1   2   3   4   5  6A  6B    7    8   9   10  11  12  13   14  15   16   17  18
                                     12Z  AVG MX 2MIN
DY MAX MIN AVG DEP HDD CDD  WTR  SNW DPTH SPD SPD DIR MIN PSBL S-S WX    SPD DR
================================================================================

 1  82  60  71   2   0   6 0.00  0.0    0  5.4 10 340   M    M   1        14 320
 2  83  61  72   3   0   7 0.00  0.0    0  6.8 13 170   M    M   1        16 150
 3  81  66  74   6   0   9 0.00  0.0    0  6.3 16 180   M    M   2        19 180
 4  75  67  71   3   0   6 1.66  0.0    0  4.1 10  30   M    M  10 138    13 120
 5  73  65  69   1   0   4 0.29  0.0    0  5.3 13  10   M    M  10 1      17 360
 6  69  59  64  -4   1   0 0.06  0.0    0  6.5 13 350   M    M   9 1      16  10
 7  76  56  66  -1   0   1 0.00  0.0    0  6.2 14 360   M    M   4 12     19 320
 8  79  55  67   0   0   2 0.00  0.0    0  4.1 10  10   M    M   1 1      13  20
 9  81  56  69   2   0   4 0.00  0.0    0  4.8 13 140   M    M   1        18 150
10  79  64  72   6   0   7 0.00  0.0    0  9.6 17 150   M    M   0        22 160
11  74  63  69   3   0   4 0.21  0.0    0  7.1 14 200   M    M   8 1      16 200
12  69  57  63  -3   2   0 0.01  0.0    0  8.0 18 220   M    M   8 1      25 200
13  68  53  61  -4   4   0 0.15  0.0    0  7.5 16 210   M    M   7 1      24 220
14  76  53  65   0   0   0 0.00  0.0    0  4.6  9 280   M    M   5 1      12 300
15  77  56  67   2   0   2 0.00  0.0    0  3.8 10 110   M    M   0 1      13 110
16  81  56  69   5   0   4 0.00  0.0    0  3.9  8 130   M    M   1 1      12 300
17  80  58  69   5   0   4 0.00  0.0    0  6.9 14 190   M    M   1        18 220
18  81  59  70   6   0   5 0.00  0.0    0  9.0 20 190   M    M   3        24 200
19  80  62  71   8   0   6 1.85  0.0    0  6.0 21 230   M    M   5 13     26 240
20  80  54  67   4   0   2 0.00  0.0    0  3.0 15 340   M    M   1 1      20 330
21  86  63  75  12   0  10 0.45  0.0    0  9.0 20 220   M    M   2 13     25 230
22  71  48  60  -2   5   0 0.03  0.0    0 12.4 23 330   M    M   5        31 300
23  64  43  54  -8  11   0 0.00  0.0    0  5.5 12 310   M    M   2        15 310
24  67  50  59  -2   6   0 0.00  0.0    0  9.0 15 180   M    M   8        20 180
25  66  56  61   0   4   0 0.73  0.0    0  9.8 21 230   M    M   8 138    33 230
================================================================================
SM 1898 1440        33  83  5.44  0.0    164.6          M      103
================================================================================
AV 75.9 57.6                               6.6 FASTST   M    M   4    MAX(MPH)
                                 MISC ---->    23 330                 33 230
================================================================================
NOTES:
# LAST OF SEVERAL OCCURRENCES

COLUMN 17 PEAK WIND IN M.P.H.

PRELIMINARY LOCAL CLIMATOLOGICAL DATA (WS FORM: F-6) , PAGE 2

                                          STATION:   MANSFIELD OH
                                          MONTH:     SEPTEMBER
                                          YEAR:      2022
                                          LATITUDE:   40 49 N
                                          LONGITUDE:  82 31 W

[TEMPERATURE DATA]      [PRECIPITATION DATA]       SYMBOLS USED IN COLUMN 16

AVERAGE MONTHLY: 66.8   TOTAL FOR MONTH:   5.44    1 = FOG OR MIST
DPTR FM NORMAL:   1.5   DPTR FM NORMAL:    2.60    2 = FOG REDUCING VISIBILITY
HIGHEST:    86 ON 21    GRTST 24HR  1.85 ON 19-19      TO 1/4 MILE OR LESS
LOWEST:     43 ON 23                               3 = THUNDER
                        SNOW, ICE PELLETS, HAIL    4 = ICE PELLETS
                        TOTAL MONTH:   0.0 INCH    5 = HAIL
                        GRTST 24HR  0.0            6 = FREEZING RAIN OR DRIZZLE
                        GRTST DEPTH:  0            7 = DUSTSTORM OR SANDSTORM:
                                                       VSBY 1/2 MILE OR LESS
                                                   8 = SMOKE OR HAZE
[NO. OF DAYS WITH]      [WEATHER - DAYS WITH]      9 = BLOWING SNOW
                                                   X = TORNADO
MAX 32 OR BELOW:   0    0.01 INCH OR MORE:  10
MAX 90 OR ABOVE:   0    0.10 INCH OR MORE:   7
MIN 32 OR BELOW:   0    0.50 INCH OR MORE:   3
MIN  0 OR BELOW:   0    1.00 INCH OR MORE:   2

[HDD (BASE 65) ]
TOTAL THIS MO.    33    CLEAR  (SCALE 0-3)  13
DPTR FM NORMAL   -36    PTCLDY (SCALE 4-7)   9
TOTAL FM JUL 1    39    CLOUDY (SCALE 8-10)  3
DPTR FM NORMAL   -46

[CDD (BASE 65) ]
TOTAL THIS MO.    83
DPTR FM NORMAL     7    [PRESSURE DATA]
TOTAL FM JAN 1   808    HIGHEST SLP M ON M
DPTR FM NORMAL    75    LOWEST  SLP 29.63 ON 25

[REMARKS]
