000
CXUS56 KMFR 280930
CF6MFR
PRELIMINARY LOCAL CLIMATOLOGICAL DATA (WS FORM: F-6)

                                          STATION:   MEDFORD OR
                                          MONTH:     SEPTEMBER
                                          YEAR:      2022
                                          LATITUDE:   42 22 N
                                          LONGITUDE: 122 52 W

  TEMPERATURE IN F:       :PCPN:    SNOW:  WIND      :SUNSHINE: SKY     :PK WND
================================================================================
1   2   3   4   5  6A  6B    7    8   9   10  11  12  13   14  15   16   17  18
                                     12Z  AVG MX 2MIN
DY MAX MIN AVG DEP HDD CDD  WTR  SNW DPTH SPD SPD DIR MIN PSBL S-S WX    SPD DR
================================================================================

 1 102  61  82  10   0  17 0.00  0.0    0  2.8 14 280   M    M   4 8      19 270
 2  98  61  80   9   0  15 0.00  0.0    0  6.5 22 300   M    M   1 8      30 310
 3  88  61  75   4   0  10 0.00  0.0    0  4.2 12 280   M    M   2 8      15 300
 4  93  56  75   4   0  10 0.00  0.0    0  2.4  9 360   M    M   0 8      15 270
 5  96  56  76   5   0  11 0.00  0.0    0  3.1 12 310   M    M   0        14 320
 6 107  61  84  14   0  19 0.00  0.0    0  2.6 12 320   M    M   0        16 300
 7  98  66  82  12   0  17 0.02  0.0    0  4.3 16 290   M    M   0 38     21 280
 8  94  56  75   5   0  10 0.00  0.0    0  3.5 15 360   M    M   0        19  10
 9 102  51  77   7   0  12 0.00  0.0    0  1.9  8  60   M    M   0 8      11 280
10 103  59  81  11   0  16 0.00  0.0    0  5.5 17 320   M    M   0 8      24 300
11  84  65  75   6   0  10    T  0.0    0  2.7  9 290   M    M   0        15 290
12  89  60  75   6   0  10 0.02  0.0    0  5.8 17 300   M    M   1 18     23 290
13  79  57  68  -1   0   3 0.00  0.0    0  5.1 15 360   M    M   3        22 290
14  81  52  67  -1   0   2 0.00  0.0    0  4.4 17 290   M    M   1        23 280
15  80  59  70   2   0   5 0.00  0.0    0  4.5 15 360   M    M   4        25 320
16  80  51  66  -2   0   1 0.00  0.0    0  3.1 16 340   M    M   0        23 340
17  68  48  58 -10   7   0    T  0.0    0  3.8 14 300   M    M   4 3      18 320
18  74  55  65  -2   0   0 0.03  0.0    0  4.0 17 150   M    M   7        23 140
19  80  53  67   0   0   2    T  0.0    0  3.5 14 240   M    M   6        22 240
20  75  56  66  -1   0   1 0.43  0.0    0  4.4 20 140   M    M   5 13     28 140
21  74  57  66   0   0   1 0.02  0.0    0  3.2 15 280   M    M   8        19 270
22  78  55  67   1   0   2 0.00  0.0    0  2.7 10 340   M    M   3        15 350
23  85  49  67   1   0   2 0.00  0.0    0  1.4  9 320   M    M   0        14 310
24  91  50  71   6   0   6 0.00  0.0    0  1.4  8 180   M    M   0        10 160
25  94  50  72   7   0   7 0.00  0.0    0  2.6 10  30   M    M   0        16 280
26  94  54  74  10   0   9 0.00  0.0    0  2.6 10  40   M    M   0        14 260
27   M   M   M   M   M   M    M    M    M    M  M   M   M    M   M         M   M
================================================================================
SM 2287 1459         7 198  0.52  0.0     92.0          M       49
================================================================================
AV 88.0 56.1                               3.5 FASTST   M    M   2    MAX(MPH)
                                 MISC ---->    22 300                 30 310
================================================================================
NOTES:
# LAST OF SEVERAL OCCURRENCES

COLUMN 17 PEAK WIND IN M.P.H.

PRELIMINARY LOCAL CLIMATOLOGICAL DATA (WS FORM: F-6) , PAGE 2

                                          STATION:   MEDFORD OR
                                          MONTH:     SEPTEMBER
                                          YEAR:      2022
                                          LATITUDE:   42 22 N
                                          LONGITUDE: 122 52 W

[TEMPERATURE DATA]      [PRECIPITATION DATA]       SYMBOLS USED IN COLUMN 16

AVERAGE MONTHLY: 72.0   TOTAL FOR MONTH:   0.52    1 = FOG OR MIST
DPTR FM NORMAL:   3.8   DPTR FM NORMAL:    0.11    2 = FOG REDUCING VISIBILITY
HIGHEST:   107 ON  6    GRTST 24HR  0.43 ON 20-20      TO 1/4 MILE OR LESS
LOWEST:     48 ON 17                               3 = THUNDER
                        SNOW, ICE PELLETS, HAIL    4 = ICE PELLETS
                        TOTAL MONTH:   0.0 INCH    5 = HAIL
                        GRTST 24HR  0.0            6 = FREEZING RAIN OR DRIZZLE
                        GRTST DEPTH:  0            7 = DUSTSTORM OR SANDSTORM:
                                                       VSBY 1/2 MILE OR LESS
                                                   8 = SMOKE OR HAZE
[NO. OF DAYS WITH]      [WEATHER - DAYS WITH]      9 = BLOWING SNOW
                                                   X = TORNADO
MAX 32 OR BELOW:   0    0.01 INCH OR MORE:   5
MAX 90 OR ABOVE:  12    0.10 INCH OR MORE:   1
MIN 32 OR BELOW:   0    0.50 INCH OR MORE:   0
MIN  0 OR BELOW:   0    1.00 INCH OR MORE:   0

[HDD (BASE 65) ]
TOTAL THIS MO.     7    CLEAR  (SCALE 0-3)  18
DPTR FM NORMAL   -31    PTCLDY (SCALE 4-7)   8
TOTAL FM JUL 1     7    CLOUDY (SCALE 8-10)  0
DPTR FM NORMAL   -38

[CDD (BASE 65) ]
TOTAL THIS MO.   198
DPTR FM NORMAL    73    [PRESSURE DATA]
TOTAL FM JAN 1  1206    HIGHEST SLP M ON M
DPTR FM NORMAL   314    LOWEST  SLP 29.52 ON  9

[REMARKS]
