000
CXUS51 KILN 281142
CF6MGY
PRELIMINARY LOCAL CLIMATOLOGICAL DATA (WS FORM: F-6)

                                          STATION:   DAYTON_WRIGHT BROS
                                          MONTH:     SEPTEMBER
                                          YEAR:      2022
                                          LATITUDE:   39 35 N
                                          LONGITUDE:  84 14 W

  TEMPERATURE IN F:       :PCPN:    SNOW:  WIND      :SUNSHINE: SKY     :PK WND
================================================================================
1   2   3   4   5  6A  6B    7    8   9   10  11  12  13   14  15   16   17  18
                                     12Z  AVG MX 2MIN
DY MAX MIN AVG DEP HDD CDD  WTR  SNW DPTH SPD SPD DIR MIN PSBL S-S WX    SPD DR
================================================================================

 1  87  60  74   2   0   9 0.00    M    M  2.3  9 170   M    M   2        13 220
 2  85  62  74   2   0   9 0.00    M    M  5.6 16 120   M    M   0        21 140
 3  73  67  70  -1   0   5 0.79    M    M  4.5 22 240   M    M   6 13     30 250
 4  81  69  75   4   0  10 0.12    M    M  4.6 12 180   M    M   7 13     15 180
 5  83  66  75   4   0  10 1.36    M    M  4.4 14 240   M    M   7 13     17 240
 6  79  65  72   1   0   7 0.11    M    M  6.8 12  30   M    M   8 13     15  10
 7  80  61  71   1   0   6 0.00    M    M  5.4 15 350   M    M   3 18     21 350
 8  80  56  68  -2   0   3 0.00    M    M  5.1 12  60   M    M   2        14 110
 9  84  59  72   2   0   7 0.00    M    M  6.7 13 120   M    M   1        18 150
10  82  67  75   5   0  10 0.00    M    M  7.4 13 150   M    M   0        18 150
11  79  67  73   4   0   8 0.51    M    M  7.2 22 190   M    M   9 138    30 190
12  71  60  66  -3   0   1 0.01    M    M  8.2 14 200   M    M   8        20 220
13  73  58  66  -2   0   1    T    M    M  7.6 16 300   M    M   7        22 310
14  79  62  71   3   0   6 0.00    M    M  2.0  9 340   M    M   5        14 320
15  82  58  70   2   0   5 0.00    M    M  1.9  9 120   M    M   0 1      14 110
16  81  58  70   2   0   5 0.00    M    M  3.9 10 130   M    M   1        16 150
17  83  61  72   5   0   7 0.00    M    M  6.2 14 190   M    M   2        18 190
18  83  61  72   5   0   7 0.00    M    M  6.9 15 210   M    M   2 1      24 250
19  83  67  75   9   0  10    T    M    M  6.9 16 280   M    M   5        25 220
20  86  59  73   7   0   8 0.00    M    M  3.5  9 170   M    M   0 12     11 180
21  93  67  80  14   0  15 0.00    M    M  7.1 17 230   M    M   1        23 220
22  75  53  64  -1   1   0 0.00    M    M 12.7 23 340   M    M   4        33 360
23  66  44  55 -10  10   0    T    M    M  4.0  8 160   M    M   1        11  30
24  74  53  64  -1   1   0 0.09    M    M  7.5 17 190   M    M   6 1      23 230
25  71  59  65   1   0   0 0.01    M    M  9.6 20 290   M    M   4        27 260
26  68  52  60  -4   5   0    T    M    M  8.8 21 280   M    M   6        30 260
27  64  43  54  -9  11   0 0.00    M    M  7.8 21 300   M    M   5        27 300
================================================================================
SM 2125 1614        28 149  3.00    M    164.6          M      102
================================================================================
AV 78.7 59.8                               6.1 FASTST   M    M   4    MAX(MPH)
                                 MISC ---->    23 340                 33 360
================================================================================
NOTES:
# LAST OF SEVERAL OCCURRENCES

COLUMN 17 PEAK WIND IN M.P.H.

PRELIMINARY LOCAL CLIMATOLOGICAL DATA (WS FORM: F-6) , PAGE 2

                                          STATION:   DAYTON_WRIGHT BROS
                                          MONTH:     SEPTEMBER
                                          YEAR:      2022
                                          LATITUDE:   39 35 N
                                          LONGITUDE:  84 14 W

[TEMPERATURE DATA]      [PRECIPITATION DATA]       SYMBOLS USED IN COLUMN 16

AVERAGE MONTHLY: 69.2   TOTAL FOR MONTH:   3.00    1 = FOG OR MIST
DPTR FM NORMAL:   1.2   DPTR FM NORMAL:    0.32    2 = FOG REDUCING VISIBILITY
HIGHEST:    93 ON 21    GRTST 24HR  1.36 ON  5- 5      TO 1/4 MILE OR LESS
LOWEST:     43 ON 27                               3 = THUNDER
                        SNOW, ICE PELLETS, HAIL    4 = ICE PELLETS
                        TOTAL MONTH:  M            5 = HAIL
                        GRTST 24HR    M  ON   M    6 = FREEZING RAIN OR DRIZZLE
                        GRTST DEPTH:  M  ON   M    7 = DUSTSTORM OR SANDSTORM:
                                                       VSBY 1/2 MILE OR LESS
                                                   8 = SMOKE OR HAZE
[NO. OF DAYS WITH]      [WEATHER - DAYS WITH]      9 = BLOWING SNOW
                                                   X = TORNADO
MAX 32 OR BELOW:   0    0.01 INCH OR MORE:   8
MAX 90 OR ABOVE:   1    0.10 INCH OR MORE:   5
MIN 32 OR BELOW:   0    0.50 INCH OR MORE:   3
MIN  0 OR BELOW:   0    1.00 INCH OR MORE:   1

[HDD (BASE 65) ]
TOTAL THIS MO.    28    CLEAR  (SCALE 0-3)  13
DPTR FM NORMAL   -15    PTCLDY (SCALE 4-7)  12
TOTAL FM JUL 1    28    CLOUDY (SCALE 8-10)  2
DPTR FM NORMAL   -18

[CDD (BASE 65) ]
TOTAL THIS MO.   149
DPTR FM NORMAL    25    [PRESSURE DATA]
TOTAL FM JAN 1  1162    HIGHEST SLP M ON M
DPTR FM NORMAL    93    LOWEST  SLP 29.69 ON 25

[REMARKS]
