000
CXUS53 KTOP 280810
CF6MHK
PRELIMINARY LOCAL CLIMATOLOGICAL DATA (WS FORM: F-6)

                                          STATION:   MANHATTAN KS
                                          MONTH:     SEPTEMBER
                                          YEAR:      2022
                                          LATITUDE:   39  9 N
                                          LONGITUDE:  96 40 W

  TEMPERATURE IN F:       :PCPN:    SNOW:  WIND      :SUNSHINE: SKY     :PK WND
================================================================================
1   2   3   4   5  6A  6B    7    8   9   10  11  12  13   14  15   16   17  18
                                     12Z  AVG MX 2MIN
DY MAX MIN AVG DEP HDD CDD  WTR  SNW DPTH SPD SPD DIR MIN PSBL S-S WX    SPD DR
================================================================================

 1  95  59  77   3   0  12 0.00    M    M  3.5 13 170   M    M   0        21 170
 2  94  68  81   7   0  16 0.00    M    M  5.6 14 190   M    M   1        20 180
 3  89  59  74   1   0   9 0.00    M    M  5.2 14  30   M    M   0        21  30
 4  84  54  69  -4   0   4 0.00    M    M  3.9 16  60   M    M   1        25  60
 5  88  63  76   3   0  11 0.00    M    M  4.7 12 130   M    M   3 1      16  80
 6  93  61  77   5   0  12 0.00    M    M  3.6 12 220   M    M   0 18     20 170
 7  90  63  77   5   0  12 0.00    M    M  3.2 13  90   M    M   0        18 100
 8  92  57  75   3   0  10 0.00    M    M  4.8 14 170   M    M   0        20 170
 9  93  58  76   5   0  11 0.00    M    M  4.0 14  40   M    M   0        24  20
10  67  56  62  -9   3   0 0.59    M    M  6.0 16  40   M    M   6 13     22  50
11  79  46  63  -8   2   0 0.00    M    M  2.2 12 350   M    M   0        20 330
12  87  47  67  -3   0   2 0.00    M    M  4.0 14 260   M    M   0        20 230
13  92  53  73   3   0   8 0.00    M    M  5.2 14 210   M    M   0        22 200
14  93  63  78   8   0  13 0.00    M    M 10.3 23 170   M    M   0        34 170
15  90  63  77   8   0  12 0.00    M    M 10.9 21 160   M    M   0        30 180
16  86  70  78   9   0  13 0.00    M    M  8.6 18 160   M    M   4        24 170
17  96  70  83  15   0  18 0.41    M    M 13.5 45 220   M    M   2 13     66 220
18 100  67  84  16   0  19 0.05    M    M  8.2 32 220   M    M   1 3      41 210
19 101  65  83  15   0  18 0.00    M    M  6.4 18 210   M    M   0        29 180
20 101  75  88  21   0  23 0.00    M    M 10.0 23 230   M    M   0        31 230
21  80  57  69   2   0   4 0.29    M    M  9.7 26  40   M    M   3 1      41  50
22  63  56  60  -6   5   0 0.10    M    M  5.6 13  70   M    M   7 1      16  70
23  72  52  62  -4   3   0 0.26    M    M  4.3 13 280   M    M   7 12     19 170
24  90  48  69   3   0   4 0.00    M    M  3.0 12  30   M    M   2 12     18  20
25  80  50  65   0   0   0 0.00    M    M  4.5 15 360   M    M   0        26 340
26  80  41  61  -4   4   0 0.00    M    M  1.2 10  20   M    M   0        18  30
27  85  45  65   1   0   0 0.00    M    M  4.7 15  70   M    M   0        22  60
================================================================================
SM 2360 1566        17 231  1.70    M    156.8          M       37
================================================================================
AV 87.4 58.0                               5.8 FASTST   M    M   1    MAX(MPH)
                                 MISC ---->    45 220                 66 220
================================================================================
NOTES:
# LAST OF SEVERAL OCCURRENCES

COLUMN 17 PEAK WIND IN M.P.H.

PRELIMINARY LOCAL CLIMATOLOGICAL DATA (WS FORM: F-6) , PAGE 2

                                          STATION:   MANHATTAN KS
                                          MONTH:     SEPTEMBER
                                          YEAR:      2022
                                          LATITUDE:   39  9 N
                                          LONGITUDE:  96 40 W

[TEMPERATURE DATA]      [PRECIPITATION DATA]       SYMBOLS USED IN COLUMN 16

AVERAGE MONTHLY: 72.7   TOTAL FOR MONTH:   1.70    1 = FOG OR MIST
DPTR FM NORMAL:   3.3   DPTR FM NORMAL:   -0.78    2 = FOG REDUCING VISIBILITY
HIGHEST:   101 ON 20,19  GRTST 24HR  0.59 ON 10-10      TO 1/4 MILE OR LESS
LOWEST:     41 ON 26                               3 = THUNDER
                        SNOW, ICE PELLETS, HAIL    4 = ICE PELLETS
                        TOTAL MONTH:  M            5 = HAIL
                        GRTST 24HR    M  ON   M    6 = FREEZING RAIN OR DRIZZLE
                        GRTST DEPTH:  M  ON   M    7 = DUSTSTORM OR SANDSTORM:
                                                       VSBY 1/2 MILE OR LESS
                                                   8 = SMOKE OR HAZE
[NO. OF DAYS WITH]      [WEATHER - DAYS WITH]      9 = BLOWING SNOW
                                                   X = TORNADO
MAX 32 OR BELOW:   0    0.01 INCH OR MORE:   6
MAX 90 OR ABOVE:  14    0.10 INCH OR MORE:   5
MIN 32 OR BELOW:   0    0.50 INCH OR MORE:   1
MIN  0 OR BELOW:   0    1.00 INCH OR MORE:   0

[HDD (BASE 65) ]
TOTAL THIS MO.    17    CLEAR  (SCALE 0-3)  23
DPTR FM NORMAL   -29    PTCLDY (SCALE 4-7)   4
TOTAL FM JUL 1    17    CLOUDY (SCALE 8-10)  0
DPTR FM NORMAL   -31

[CDD (BASE 65) ]
TOTAL THIS MO.   231
DPTR FM NORMAL    66    [PRESSURE DATA]
TOTAL FM JAN 1  1714    HIGHEST SLP M ON M
DPTR FM NORMAL   265    LOWEST  SLP 29.72 ON 17

[REMARKS]
