000
CXUS56 KMFR 280930
CF6MHS
PRELIMINARY LOCAL CLIMATOLOGICAL DATA (WS FORM: F-6)

                                          STATION:   MT SHASTA CITY CA
                                          MONTH:     SEPTEMBER
                                          YEAR:      2022
                                          LATITUDE:   41 19 N
                                          LONGITUDE: 122 19 W

  TEMPERATURE IN F:       :PCPN:    SNOW:  WIND      :SUNSHINE: SKY     :PK WND
================================================================================
1   2   3   4   5  6A  6B    7    8   9   10  11  12  13   14  15   16   17  18
                                     12Z  AVG MX 2MIN
DY MAX MIN AVG DEP HDD CDD  WTR  SNW DPTH SPD SPD DIR MIN PSBL S-S WX    SPD DR
================================================================================

 1  97  49  73   8   0   8 0.00    M    M  0.3  3  70   M    M   0 8      10 130
 2   M  52   M   M   M   M 0.00    M    M  0.4  3  70   M    M   0        10 130
 3  92  52  72   7   0   7 0.00    M    M  1.2  8 290   M    M   0 8      16 290
 4  93  49  71   7   0   6 0.00    M    M  2.5 10 290   M    M   0 8      19 300
 5 101  52  77  13   0  12 0.00    M    M  0.5  6 310   M    M   0 8      14 300
 6 103  55  79  15   0  14 0.00    M    M  0.4  7  80   M    M   0 8      13  70
 7  93  57  75  11   0  10    T    M    M  0.6  8  80   M    M   1 8      17  50
 8  92  58  75  11   0  10 0.00    M    M  1.9  9 280   M    M   0        20 300
 9  93  51  72   9   0   7 0.00    M    M  1.5  7 290   M    M   0        14 290
10  91  52  72   9   0   7 0.00    M    M  1.1  8  90   M    M   0 8      15 130
11  77  53  65   2   0   0 0.00    M    M  0.4  5  90   M    M   1         9 150
12  86  55  71   8   0   6    T    M    M  0.2  5  80   M    M   4        13 140
13  80  48  64   2   1   0 0.00    M    M  0.8  6  90   M    M   0        15 160
14  76  46  61  -1   4   0 0.00    M    M  0.7  6 110   M    M   2        17 130
15  76  40  58  -4   7   0 0.00    M    M  0.0  6  60   M    M   0 8      14 140
16  77  43  60  -2   5   0 0.00    M    M  2.4  8 290   M    M   0        16 270
17  67  43  55  -6  10   0 0.16    M    M  0.4  8  70   M    M   6 1      15 150
18  59  46  53  -8  12   0 0.18    M    M  0.1  3  99   M    M  10 1       M   M
19  66  47  57  -4   8   0 0.65    M    M  0.0  5  90   M    M   7 1       9  40
20  67  44  56  -4   9   0    T    M    M  0.4  5  80   M    M   5 1      12 130
21  66  41  54  -6  11   0 0.10    M    M  0.6  6  60   M    M   5 1      13 330
22  73  38  56  -4   9   0 0.00    M    M  0.8  8 280   M    M   1        17 300
23  81  42  62   2   3   0 0.00    M    M  0.9  6 270   M    M   0        10 310
24  86  42  64   5   1   0 0.00    M    M  0.7  5 270   M    M   0         8 300
25  87  44  66   7   0   1 0.00    M    M  0.7  5 290   M    M   0         9 110
26  88  48  68  10   0   3 0.00    M    M  0.6  5  60   M    M   0        14 130
27   M   M   M   M   M   M    M    M    M    M  M   M   M    M   M         M   M
================================================================================
SM 2067 1247        80  91  1.09    M     20.1          M       42
================================================================================
AV 82.7 48.0                               0.8 FASTST   M    M   2    MAX(MPH)
                                 MISC ---->    10 290                 20 300
================================================================================
NOTES:
# LAST OF SEVERAL OCCURRENCES

COLUMN 17 PEAK WIND IN M.P.H.

PRELIMINARY LOCAL CLIMATOLOGICAL DATA (WS FORM: F-6) , PAGE 2

                                          STATION:   MT SHASTA CITY CA
                                          MONTH:     SEPTEMBER
                                          YEAR:      2022
                                          LATITUDE:   41 19 N
                                          LONGITUDE: 122 19 W

[TEMPERATURE DATA]      [PRECIPITATION DATA]       SYMBOLS USED IN COLUMN 16

AVERAGE MONTHLY: 65.3   TOTAL FOR MONTH:   1.09    1 = FOG OR MIST
DPTR FM NORMAL:   3.4   DPTR FM NORMAL:    0.66    2 = FOG REDUCING VISIBILITY
HIGHEST:   103 ON  6    GRTST 24HR  0.65 ON 19-19      TO 1/4 MILE OR LESS
LOWEST:     38 ON 22                               3 = THUNDER
                        SNOW, ICE PELLETS, HAIL    4 = ICE PELLETS
                        TOTAL MONTH:  M            5 = HAIL
                        GRTST 24HR    M  ON   M    6 = FREEZING RAIN OR DRIZZLE
                        GRTST DEPTH:  M  ON   M    7 = DUSTSTORM OR SANDSTORM:
                                                       VSBY 1/2 MILE OR LESS
                                                   8 = SMOKE OR HAZE
[NO. OF DAYS WITH]      [WEATHER - DAYS WITH]      9 = BLOWING SNOW
                                                   X = TORNADO
MAX 32 OR BELOW:   0    0.01 INCH OR MORE:   4
MAX 90 OR ABOVE:   9    0.10 INCH OR MORE:   4
MIN 32 OR BELOW:   0    0.50 INCH OR MORE:   1
MIN  0 OR BELOW:   0    1.00 INCH OR MORE:   0

[HDD (BASE 65) ]
TOTAL THIS MO.    80    CLEAR  (SCALE 0-3)  20
DPTR FM NORMAL   -33    PTCLDY (SCALE 4-7)   5
TOTAL FM JUL 1    90    CLOUDY (SCALE 8-10)  1
DPTR FM NORMAL   -76

[CDD (BASE 65) ]
TOTAL THIS MO.    91
DPTR FM NORMAL    59    [PRESSURE DATA]
TOTAL FM JAN 1   656    HIGHEST SLP M ON M
DPTR FM NORMAL   348    LOWEST  SLP 29.67 ON 17

[REMARKS]
