000
CXUS51 KGYX 280900
CF6MHT
PRELIMINARY LOCAL CLIMATOLOGICAL DATA (WS FORM: F-6)

                                          STATION:   MANCHESTER
                                          MONTH:     SEPTEMBER
                                          YEAR:      2022
                                          LATITUDE:   42 55 N
                                          LONGITUDE:  71 26 W

  TEMPERATURE IN F:       :PCPN:    SNOW:  WIND      :SUNSHINE: SKY     :PK WND
================================================================================
1   2   3   4   5  6A  6B    7    8   9   10  11  12  13   14  15   16   17  18
                                     12Z  AVG MX 2MIN
DY MAX MIN AVG DEP HDD CDD  WTR  SNW DPTH SPD SPD DIR MIN PSBL S-S WX    SPD DR
================================================================================

 1  78  57  68  -1   0   3 0.00  0.0    0  9.5 23 300   M    M   3        31 300
 2  78  48  63  -6   2   0 0.00  0.0    0  1.9 10 150   M    M   0        14 150
 3  84  52  68  -1   0   3 0.00  0.0    0  4.6 13 170   M    M   6        16 180
 4  90  58  74   5   0   9 0.00  0.0    0  3.1 10  80   M    M   6        16  90
 5  71  60  66  -2   0   1 1.41  0.0    0  5.3 12  60   M    M  10 1      20  40
 6  64  60  62  -6   3   0 0.79  0.0    0  4.0  9  60   M    M  10 1      17  50
 7  72  56  64  -4   1   0 0.00  0.0    0  3.1  9  20   M    M   8        13  40
 8  77  53  65  -2   0   0 0.01  0.0    0  2.8 10  80   M    M   5 12     14  20
 9  82  51  67   0   0   2 0.00  0.0    0  1.6  8 230   M    M   1        10 230
10  86  56  71   4   0   6    T  0.0    0  1.6  8 310   M    M   3        11 350
11  81  63  72   6   0   7    T    M    M  2.6  9 180   M    M   9        13 190
12  84  65  75   9   0  10    T  0.0    0  3.0  7 230   M    M   7        10 110
13  77  65  71   5   0   6 0.27  0.0    0  3.5 14 130   M    M   9 13     24 260
14  82  60  71   6   0   6 0.00  0.0    0  8.1 22 310   M    M   3 1      29 300
15  70  46  58  -7   7   0 0.00  0.0    0 12.5 26 300   M    M   2        36 300
16  73  43  58  -6   7   0 0.00  0.0    0  5.7 21 340   M    M   4        29 340
17  71  41  56  -8   9   0 0.00  0.0    0  4.3 13 200   M    M   4        18 170
18  84  58  71   7   0   6 0.05  0.0    0  5.5 17 280   M    M   6 18     26 280
19  67  57  62  -1   3   0 0.91  0.0    0  5.4 14 330   M    M  10 138    21  60
20  63  57  60  -3   5   0 0.02  0.0    0  2.9  9 330   M    M  10 1      12 340
21  68  56  62   0   3   0 0.00  0.0    0  5.2 15 310   M    M   7 1      21 180
22  68  53  61  -1   4   0 2.21  0.0    0  9.2 23 290   M    M   7 13     34 290
23  59  49  54  -8  11   0 0.00  0.0    0 19.6 37 320   M    M   4        48 330
24  69  46  58  -3   7   0 0.00  0.0    M 12.4 35 320   M    M   2        43 300
25  67  43  55  -6  10   0 0.02  0.0    0  4.2 12 180   M    M   7        20 280
26  75  56  66   6   0   1 0.33  0.0    0  7.3 18 200   M    M   6 18     25 180
27   M   M   M   M   M   M    M    M    M    M  M   M   M    M   M         M   M
================================================================================
SM 1940 1409        72  60  6.02  0.0    148.9          M      149
================================================================================
AV 74.6 54.2                               5.7 FASTST   M    M   6    MAX(MPH)
                                 MISC ---->    37 320                 48 330
================================================================================
NOTES:
# LAST OF SEVERAL OCCURRENCES

COLUMN 17 PEAK WIND IN M.P.H.

PRELIMINARY LOCAL CLIMATOLOGICAL DATA (WS FORM: F-6) , PAGE 2

                                          STATION:   MANCHESTER
                                          MONTH:     SEPTEMBER
                                          YEAR:      2022
                                          LATITUDE:   42 55 N
                                          LONGITUDE:  71 26 W

[TEMPERATURE DATA]      [PRECIPITATION DATA]       SYMBOLS USED IN COLUMN 16

AVERAGE MONTHLY: 64.4   TOTAL FOR MONTH:   6.02    1 = FOG OR MIST
DPTR FM NORMAL:  -0.6   DPTR FM NORMAL:    2.69    2 = FOG REDUCING VISIBILITY
HIGHEST:    90 ON  4    GRTST 24HR  2.21 ON 22-22      TO 1/4 MILE OR LESS
LOWEST:     41 ON 17                               3 = THUNDER
                        SNOW, ICE PELLETS, HAIL    4 = ICE PELLETS
                        TOTAL MONTH:   0.0 INCH    5 = HAIL
                        GRTST 24HR  0.0            6 = FREEZING RAIN OR DRIZZLE
                        GRTST DEPTH:  0            7 = DUSTSTORM OR SANDSTORM:
                                                       VSBY 1/2 MILE OR LESS
                                                   8 = SMOKE OR HAZE
[NO. OF DAYS WITH]      [WEATHER - DAYS WITH]      9 = BLOWING SNOW
                                                   X = TORNADO
MAX 32 OR BELOW:   0    0.01 INCH OR MORE:  10
MAX 90 OR ABOVE:   1    0.10 INCH OR MORE:   6
MIN 32 OR BELOW:   0    0.50 INCH OR MORE:   4
MIN  0 OR BELOW:   0    1.00 INCH OR MORE:   2

[HDD (BASE 65) ]
TOTAL THIS MO.    72    CLEAR  (SCALE 0-3)   6
DPTR FM NORMAL    -6    PTCLDY (SCALE 4-7)  14
TOTAL FM JUL 1    72    CLOUDY (SCALE 8-10)  6
DPTR FM NORMAL   -16

[CDD (BASE 65) ]
TOTAL THIS MO.    60
DPTR FM NORMAL   -16    [PRESSURE DATA]
TOTAL FM JAN 1  1010    HIGHEST SLP M ON M
DPTR FM NORMAL   245    LOWEST  SLP 29.49 ON 22

[REMARKS]
