000
CXUS52 KMFL 281030
CF6MIA
PRELIMINARY LOCAL CLIMATOLOGICAL DATA (WS FORM: F-6)

                                          STATION:   MIAMI
                                          MONTH:     SEPTEMBER
                                          YEAR:      2022
                                          LATITUDE:   25 49 N
                                          LONGITUDE:  80 17 W

  TEMPERATURE IN F:       :PCPN:    SNOW:  WIND      :SUNSHINE: SKY     :PK WND
================================================================================
1   2   3   4   5  6A  6B    7    8   9   10  11  12  13   14  15   16   17  18
                                     12Z  AVG MX 2MIN
DY MAX MIN AVG DEP HDD CDD  WTR  SNW DPTH SPD SPD DIR MIN PSBL S-S WX    SPD DR
================================================================================

 1  93  77  85   1   0  20 0.13  0.0    0  4.5 16 250   M    M   5 3      24 150
 2  93  78  86   2   0  21 0.03  0.0    0  5.7 16 130   M    M   5 3      22 270
 3  93  80  87   3   0  22 0.18  0.0    0  7.3 21 100   M    M   6 1      25  90
 4  93  81  87   3   0  22 0.00  0.0    0  7.8 15  90   M    M   4        23 100
 5  93  80  87   4   0  22    T  0.0    0  6.4 14 120   M    M   6 3      19 110
 6  93  79  86   3   0  21 0.03  0.0    0  4.3 14 120   M    M   6 3      20 140
 7  96  80  88   5   0  23 0.59  0.0    0  3.4 20  20   M    M   6 13     25  30
 8  93  74  84   1   0  19 0.54  0.0    0  3.1 25 200   M    M   7 13     32 210
 9  93  78  86   3   0  21 0.04  0.0    0  7.3 22 190   M    M   8 3      30 200
10  94  83  89   6   0  24 0.00  0.0    0  7.5 16 140   M    M   6        24 140
11  94  82  88   5   0  23 0.00  0.0    0  5.4 16 120   M    M   5 3      27 150
12  93  78  86   3   0  21 0.14  0.0    0  3.5 15 240   M    M   5 13     20 290
13  93  76  85   2   0  20 0.18  0.0    0  3.6 16  40   M    M   6 138    23 190
14  88  75  82  -1   0  17 2.61  0.0    0  3.4 20 240   M    M   9 13     25 240
15  90  75  83   0   0  18 0.45  0.0    0  4.2 23 210   M    M   8 13     32 210
16  90  75  83   0   0  18 0.84  0.0    0  4.0 23 100   M    M   9 13     27 100
17  92  75  84   1   0  19 0.35  0.0    0  6.3 25 130   M    M   9 138    32 140
18  88  75  82  -1   0  17 0.03  0.0    0  3.2 17  40   M    M   8 38     23  40
19  89  76  83   0   0  18    T  0.0    M  3.9 17 130   M    M   6 3      24 130
20  93  78  86   3   0  21 0.00  0.0    M  5.1 22 310   M    M   5 3      32 310
21  94  80  87   4   0  22 0.09  0.0    0  4.6 14  50   M    M   5 3      20  30
22  94  79  87   4   0  22    T  0.0    0  4.3 15  60   M    M   4 3      24  10
23  95  78  87   4   0  22 0.00  0.0    0  4.4 15 110   M    M   2        20 120
24  91  76  84   1   0  19 0.39  0.0    0  2.7 13  30   M    M   6 13     16  30
25  91  77  84   2   0  19 0.00  0.0    0  4.4 17 100   M    M   4        21 120
26  90  75  83   1   0  18 1.67  0.0    0  5.1 21 120   M    M   8 13     28 180
27  84  76  80  -2   0  15 3.54  0.0    0 13.9 30 110   M    M  10 13     41 130
================================================================================
SM 2483 2096         0 544 11.83  0.0    139.3          M      168
================================================================================
AV 92.0 77.6                               5.2 FASTST   M    M   6    MAX(MPH)
                                 MISC ---->    30 110                 41 130
================================================================================
NOTES:
# LAST OF SEVERAL OCCURRENCES

COLUMN 17 PEAK WIND IN M.P.H.

PRELIMINARY LOCAL CLIMATOLOGICAL DATA (WS FORM: F-6) , PAGE 2

                                          STATION:   MIAMI
                                          MONTH:     SEPTEMBER
                                          YEAR:      2022
                                          LATITUDE:   25 49 N
                                          LONGITUDE:  80 17 W

[TEMPERATURE DATA]      [PRECIPITATION DATA]       SYMBOLS USED IN COLUMN 16

AVERAGE MONTHLY: 84.8   TOTAL FOR MONTH:  11.83    1 = FOG OR MIST
DPTR FM NORMAL:   1.8   DPTR FM NORMAL:    2.54    2 = FOG REDUCING VISIBILITY
HIGHEST:    96 ON  7    GRTST 24HR  4.25 ON 26-27      TO 1/4 MILE OR LESS
LOWEST:     74 ON  8                               3 = THUNDER
                        SNOW, ICE PELLETS, HAIL    4 = ICE PELLETS
                        TOTAL MONTH:   0.0 INCH    5 = HAIL
                        GRTST 24HR  0.0            6 = FREEZING RAIN OR DRIZZLE
                        GRTST DEPTH:  0            7 = DUSTSTORM OR SANDSTORM:
                                                       VSBY 1/2 MILE OR LESS
                                                   8 = SMOKE OR HAZE
[NO. OF DAYS WITH]      [WEATHER - DAYS WITH]      9 = BLOWING SNOW
                                                   X = TORNADO
MAX 32 OR BELOW:   0    0.01 INCH OR MORE:  18
MAX 90 OR ABOVE:  23    0.10 INCH OR MORE:  13
MIN 32 OR BELOW:   0    0.50 INCH OR MORE:   6
MIN  0 OR BELOW:   0    1.00 INCH OR MORE:   3

[HDD (BASE 65) ]
TOTAL THIS MO.     0    CLEAR  (SCALE 0-3)   1
DPTR FM NORMAL     0    PTCLDY (SCALE 4-7)  22
TOTAL FM JUL 1     0    CLOUDY (SCALE 8-10)  4
DPTR FM NORMAL     0

[CDD (BASE 65) ]
TOTAL THIS MO.   544
DPTR FM NORMAL    58    [PRESSURE DATA]
TOTAL FM JAN 1  4046    HIGHEST SLP M ON M
DPTR FM NORMAL   425    LOWEST  SLP 29.72 ON 27

[REMARKS]
