000
CXUS53 KIND 260600
CF6MIE
PRELIMINARY LOCAL CLIMATOLOGICAL DATA (WS FORM: F-6)

                                          STATION:   MUNCIE IN
                                          MONTH:     SEPTEMBER
                                          YEAR:      2022
                                          LATITUDE:   40 13 N
                                          LONGITUDE:  85 23 W

  TEMPERATURE IN F:       :PCPN:    SNOW:  WIND      :SUNSHINE: SKY     :PK WND
================================================================================
1   2   3   4   5  6A  6B    7    8   9   10  11  12  13   14  15   16   17  18
                                     12Z  AVG MX 2MIN
DY MAX MIN AVG DEP HDD CDD  WTR  SNW DPTH SPD SPD DIR MIN PSBL S-S WX    SPD DR
================================================================================

 1  86  63  75   3   0  10 0.00    M    M  3.8 10 280   M    M   0        14 320
 2  85  63  74   3   0   9 0.00    M    M  4.6 14 130   M    M   0        21 190
 3  80  67  74   3   0   9 0.00    M    M  4.2 12 130   M    M   0        17 210
 4  82  67  75   4   0  10 0.11    M    M  5.7 13  90   M    M   7 1      18  90
 5  79  68  74   3   0   9 0.00    M    M  7.9 16  40   M    M  10 128    20  40
 6  80  62  71   1   0   6 0.00    M    M  6.3 16  50   M    M   8 18     19  50
 7  82  58  70   0   0   5 0.00    M    M  4.0 15 330   M    M   4 12     20 340
 8  81  53  67  -3   0   2 0.00    M    M  1.9  9 100   M    M   1 128    13  50
 9  85  55  70   0   0   5 0.00    M    M  4.8 15 150   M    M   1 18     22 140
10  87  63  75   6   0  10    T    M    M  4.4 14 160   M    M   4        22 160
11  75  63  69   0   0   4 1.03    M    M  6.1 16 300   M    M   8 13     22 310
12  67  58  63  -6   2   0 0.12    M    M  9.0 17 220   M    M   8 1      27 240
13  72  56  64  -4   1   0    T    M    M  6.4 13 270   M    M   9 1      20 270
14  81  55  68   0   0   3 0.00    M    M  1.5  8 260   M    M   1 12     12 310
15  83  54  69   1   0   4 0.00    M    M  1.1  7 330   M    M   1 128    11 320
16  83  56  70   3   0   5 0.00    M    M  3.9  9 140   M    M   0 1      14 130
17  86  65  76   9   0  11 0.00    M    M  7.3 16 220   M    M   2        24 230
18  85  66  76   9   0  11 0.00    M    M  7.6 15 210   M    M   1        22 260
19  86  63  75   9   0  10 0.07    M    M  6.6 25 220   M    M   5 3      41 210
20  87  55  71   5   0   6 0.00    M    M  4.7 14 190   M    M   0 128    22 190
21  94  72  83  17   0  18 0.00    M    M  8.0 16 350   M    M   1 3      25 260
22  72  48  60  -5   5   0 0.00    M    M 12.2 23 360   M    M   3        30  10
23  66  39  53 -12  12   0    T    M    M  2.6  8 150   M    M   1 18     11 130
24  76  55  66   2   0   1 0.03    M    M  6.9 17 190   M    M   6        24 190
25  70  58  64   0   1   0 0.06    M    M 10.5 21 280   M    M   6        29 270
================================================================================
SM 2010 1482        21 148  1.42    M    142.0          M       87
================================================================================
AV 80.4 59.3                               5.7 FASTST   M    M   3    MAX(MPH)
                                 MISC ---->    25 220                 41 210
================================================================================
NOTES:
# LAST OF SEVERAL OCCURRENCES

COLUMN 17 PEAK WIND IN M.P.H.

PRELIMINARY LOCAL CLIMATOLOGICAL DATA (WS FORM: F-6) , PAGE 2

                                          STATION:   MUNCIE IN
                                          MONTH:     SEPTEMBER
                                          YEAR:      2022
                                          LATITUDE:   40 13 N
                                          LONGITUDE:  85 23 W

[TEMPERATURE DATA]      [PRECIPITATION DATA]       SYMBOLS USED IN COLUMN 16

AVERAGE MONTHLY: 69.8   TOTAL FOR MONTH:   1.42    1 = FOG OR MIST
DPTR FM NORMAL:   1.7   DPTR FM NORMAL:   -1.19    2 = FOG REDUCING VISIBILITY
HIGHEST:    94 ON 21    GRTST 24HR  1.03 ON 11-11      TO 1/4 MILE OR LESS
LOWEST:     39 ON 23                               3 = THUNDER
                        SNOW, ICE PELLETS, HAIL    4 = ICE PELLETS
                        TOTAL MONTH:  M            5 = HAIL
                        GRTST 24HR    M  ON   M    6 = FREEZING RAIN OR DRIZZLE
                        GRTST DEPTH:  M  ON   M    7 = DUSTSTORM OR SANDSTORM:
                                                       VSBY 1/2 MILE OR LESS
                                                   8 = SMOKE OR HAZE
[NO. OF DAYS WITH]      [WEATHER - DAYS WITH]      9 = BLOWING SNOW
                                                   X = TORNADO
MAX 32 OR BELOW:   0    0.01 INCH OR MORE:   6
MAX 90 OR ABOVE:   1    0.10 INCH OR MORE:   3
MIN 32 OR BELOW:   0    0.50 INCH OR MORE:   1
MIN  0 OR BELOW:   0    1.00 INCH OR MORE:   1

[HDD (BASE 65) ]
TOTAL THIS MO.    21    CLEAR  (SCALE 0-3)  14
DPTR FM NORMAL   -22    PTCLDY (SCALE 4-7)   8
TOTAL FM JUL 1    21    CLOUDY (SCALE 8-10)  3
DPTR FM NORMAL   -27

[CDD (BASE 65) ]
TOTAL THIS MO.   148
DPTR FM NORMAL    27    [PRESSURE DATA]
TOTAL FM JAN 1  1224    HIGHEST SLP M ON M
DPTR FM NORMAL    94    LOWEST  SLP 29.67 ON 25

[REMARKS]
