000
CXUS53 KDMX 280810
CF6MIW
PRELIMINARY LOCAL CLIMATOLOGICAL DATA (WS FORM: F-6)

                                          STATION:   MARSHALLTOWN IA
                                          MONTH:     SEPTEMBER
                                          YEAR:      2022
                                          LATITUDE:   42  6 N
                                          LONGITUDE:  92 55 W

  TEMPERATURE IN F:       :PCPN:    SNOW:  WIND      :SUNSHINE: SKY     :PK WND
================================================================================
1   2   3   4   5  6A  6B    7    8   9   10  11  12  13   14  15   16   17  18
                                     12Z  AVG MX 2MIN
DY MAX MIN AVG DEP HDD CDD  WTR  SNW DPTH SPD SPD DIR MIN PSBL S-S WX    SPD DR
================================================================================

 1  85  65  75   8   0  10 0.08  0.0    0  9.2 17 200   M    M   2        24 200
 2  87  66  77  10   0  12 0.02  0.0    0  8.2 17 130   M    M   2        23 130
 3  76  61  69   2   0   4 0.00  0.0    0  8.3 16 340   M    M   7        21 330
 4  76  61  69   3   0   4 0.00  0.0    0  8.3 15  50   M    M   6        20  50
 5  75  60  68   2   0   3 0.00  0.0    0  6.3 14  70   M    M   7        18  80
 6  80  58  69   3   0   4 0.00  0.0    0  4.5 12 150   M    M   4 12     15 170
 7  83  56  70   4   0   5 0.00  0.0    0  1.7  9 340   M    M   2 1      12 340
 8  83  58  71   6   0   6 0.00  0.0    0  8.5 17 200   M    M   0 1      26 190
 9  85  60  73   8   0   8 0.00  0.0    0  9.6 18 340   M    M   2        24 200
10  62  53  58  -7   7   0 0.64  0.0    0  9.2 17 340   M    M   9 1      24 340
11  72  47  60  -4   5   0 0.00  0.0    0  8.7 20 320   M    M   1        27 310
12  74  48  61  -3   4   0 0.00  0.0    0  8.0 20 320   M    M   0        28 350
13  77  43  60  -4   5   0 0.00  0.0    0  3.4  8 110   M    M   0        11 140
14  84  50  67   3   0   2 0.00  0.0    0  7.4 12 130   M    M   0        16 140
15  84  59  72   9   0   7 0.00  0.0    0  9.2 21 200   M    M   0        26 200
16  83  57  70   7   0   5 0.00  0.0    0  8.7 16 200   M    M   0        23 220
17  74  62  68   5   0   3 0.36  0.0    0  9.7 25 210   M    M   5 13     36 210
18  82  62  72  10   0   7 0.04  0.0    0  5.5 17 170   M    M   4        24 160
19  83  53  68   6   0   3 0.00  0.0    0  9.1 17 150   M    M   1 1      25 150
20  95  72  84  22   0  19    T  0.0    0 11.1 20 250   M    M   0        26 240
21  75  50  63   2   2   0 0.00  0.0    0 11.8 22 350   M    M   1        30 340
22  68  42  55  -6  10   0 0.00  0.0    0  6.6 17  40   M    M   0        23  40
23  59  50  55  -5  10   0 0.06  0.0    0 10.5 24 160   M    M   6 1      33 150
24  82  52  67   7   0   2 0.00  0.0    0 11.3 26 290   M    M   5 1      38 300
25  75  47  61   1   4   0 0.00  0.0    0 14.7 30 320   M    M   0        43 320
26  69  42  56  -3   9   0 0.00  0.0    0 12.1 30 300   M    M   0        39 300
27  68  38  53  -6  12   0 0.00  0.0    0  8.7 22 340   M    M   1        27 340
================================================================================
SM 2096 1472        68 104  1.20  0.0    230.3          M       65
================================================================================
AV 77.6 54.5                               8.5 FASTST   M    M   2    MAX(MPH)
                                 MISC ---->  # 30 320                 43 320
================================================================================
NOTES:
# LAST OF SEVERAL OCCURRENCES

COLUMN 17 PEAK WIND IN M.P.H.

PRELIMINARY LOCAL CLIMATOLOGICAL DATA (WS FORM: F-6) , PAGE 2

                                          STATION:   MARSHALLTOWN IA
                                          MONTH:     SEPTEMBER
                                          YEAR:      2022
                                          LATITUDE:   42  6 N
                                          LONGITUDE:  92 55 W

[TEMPERATURE DATA]      [PRECIPITATION DATA]       SYMBOLS USED IN COLUMN 16

AVERAGE MONTHLY: 66.1   TOTAL FOR MONTH:   1.20    1 = FOG OR MIST
DPTR FM NORMAL:   2.7   DPTR FM NORMAL:   -1.71    2 = FOG REDUCING VISIBILITY
HIGHEST:    95 ON 20    GRTST 24HR  0.64 ON 10-10      TO 1/4 MILE OR LESS
LOWEST:     38 ON 27                               3 = THUNDER
                        SNOW, ICE PELLETS, HAIL    4 = ICE PELLETS
                        TOTAL MONTH:   0.0 INCH    5 = HAIL
                        GRTST 24HR  0.0            6 = FREEZING RAIN OR DRIZZLE
                        GRTST DEPTH:  0            7 = DUSTSTORM OR SANDSTORM:
                                                       VSBY 1/2 MILE OR LESS
                                                   8 = SMOKE OR HAZE
[NO. OF DAYS WITH]      [WEATHER - DAYS WITH]      9 = BLOWING SNOW
                                                   X = TORNADO
MAX 32 OR BELOW:   0    0.01 INCH OR MORE:   6
MAX 90 OR ABOVE:   1    0.10 INCH OR MORE:   2
MIN 32 OR BELOW:   0    0.50 INCH OR MORE:   1
MIN  0 OR BELOW:   0    1.00 INCH OR MORE:   0

[HDD (BASE 65) ]
TOTAL THIS MO.    68    CLEAR  (SCALE 0-3)  18
DPTR FM NORMAL   -44    PTCLDY (SCALE 4-7)   8
TOTAL FM JUL 1    68    CLOUDY (SCALE 8-10)  1
DPTR FM NORMAL   -68

[CDD (BASE 65) ]
TOTAL THIS MO.   104
DPTR FM NORMAL    37    [PRESSURE DATA]
TOTAL FM JAN 1   912    HIGHEST SLP M ON M
DPTR FM NORMAL   198    LOWEST  SLP 29.76 ON 20

[REMARKS]
