000
CXUS55 KBYZ 281000
CF6MLS
PRELIMINARY LOCAL CLIMATOLOGICAL DATA (WS FORM: F-6)

                                          STATION:   MILES CITY MT
                                          MONTH:     SEPTEMBER
                                          YEAR:      2022
                                          LATITUDE:   46 25 N
                                          LONGITUDE: 105 53 W

  TEMPERATURE IN F:       :PCPN:    SNOW:  WIND      :SUNSHINE: SKY     :PK WND
================================================================================
1   2   3   4   5  6A  6B    7    8   9   10  11  12  13   14  15   16   17  18
                                     12Z  AVG MX 2MIN
DY MAX MIN AVG DEP HDD CDD  WTR  SNW DPTH SPD SPD DIR MIN PSBL S-S WX    SPD DR
================================================================================

 1  99  62  81  14   0  16 0.00    M    M  7.3 16  40   M    M   0        21  30
 2  87  62  75   8   0  10 0.00    M    M  8.5 16  30   M    M   0        22  30
 3 101  66  84  18   0  19 0.00    M    M 11.6 23 140   M    M   0        30 140
 4  97  65  81  15   0  16 0.00    M    M  9.9 21 320   M    M   0 8      28 150
 5  97  56  77  11   0  12 0.00    M    M  5.8 16 290   M    M   0 8      21 290
 6  88  59  74   9   0   9 0.00    M    M 12.1 23  40   M    M   0 8      27  40
 7 105  60  83  18   0  18 0.00    M    M  7.2 29 290   M    M   0        38 290
 8  82  53  68   4   0   3 0.06    M    M  8.9 28  10   M    M   3 3      32 360
 9  65  44  55  -9  10   0 0.01    M    M  8.8 23 340   M    M   6        28 340
10  72  39  56  -8   9   0 0.00    M    M  6.2 15 220   M    M   0 1      19 200
11  84  45  65   2   0   0 0.00    M    M  7.4 14 140   M    M   0        17 150
12  91  47  69   6   0   4 0.00    M    M 11.3 25 330   M    M   0 8      33 280
13  83  52  68   6   0   3 0.00    M    M 12.6 20  80   M    M   0        25  90
14  70  53  62   0   3   0 0.03    M    M  9.2 18 310   M    M   2        24 320
15  73  45  59  -3   6   0 0.00    M    M  6.7 12  60   M    M   0        14  60
16  76  51  64   3   1   0 0.04    M    M  8.8 15  40   M    M   3 1      19  50
17  76  53  65   4   0   0 0.02    M    M  6.6 15 260   M    M   5 1      20 300
18  83  48  66   6   0   1    T    M    M  6.3 23 290   M    M   0        27 290
19  86  52  69   9   0   4    T    M    M  7.1 22 320   M    M   0        27 320
20  64  48  56  -3   9   0 0.00    M    M 12.9 21 340   M    M   4        27 340
21  66  41  54  -5  11   0 0.00    M    M  7.4 18 120   M    M   0 8      24 130
22  74  53  64   6   1   0 0.03    M    M 14.9 25 120   M    M   3        33 120
23  78  51  65   7   0   0    T    M    M 16.2 32 310   M    M   4        40 290
24  74  49  62   4   3   0    T    M    M 11.8 30 320   M    M   4        36 320
25  76  40  58   1   7   0 0.00    M    M  5.2  9 150   M    M   1        14 110
26  81  44  63   6   2   0 0.00    M    M  8.4 21 360   M    M   0        24 350
27  84  47  66  10   0   1 0.00    M    M  8.5 22 160   M    M   0        27 160
================================================================================
SM 2212 1385        62 116  0.19    M    247.6          M       35
================================================================================
AV 81.9 51.3                               9.2 FASTST   M    M   1    MAX(MPH)
                                 MISC ---->    32 310                 40 290
================================================================================
NOTES:
# LAST OF SEVERAL OCCURRENCES

COLUMN 17 PEAK WIND IN M.P.H.

PRELIMINARY LOCAL CLIMATOLOGICAL DATA (WS FORM: F-6) , PAGE 2

                                          STATION:   MILES CITY MT
                                          MONTH:     SEPTEMBER
                                          YEAR:      2022
                                          LATITUDE:   46 25 N
                                          LONGITUDE: 105 53 W

[TEMPERATURE DATA]      [PRECIPITATION DATA]       SYMBOLS USED IN COLUMN 16

AVERAGE MONTHLY: 66.6   TOTAL FOR MONTH:   0.19    1 = FOG OR MIST
DPTR FM NORMAL:   4.8   DPTR FM NORMAL:   -0.77    2 = FOG REDUCING VISIBILITY
HIGHEST:   105 ON  7    GRTST 24HR  0.07 ON  8- 9      TO 1/4 MILE OR LESS
LOWEST:     39 ON 10                               3 = THUNDER
                        SNOW, ICE PELLETS, HAIL    4 = ICE PELLETS
                        TOTAL MONTH:  M            5 = HAIL
                        GRTST 24HR    M  ON   M    6 = FREEZING RAIN OR DRIZZLE
                        GRTST DEPTH:  M  ON   M    7 = DUSTSTORM OR SANDSTORM:
                                                       VSBY 1/2 MILE OR LESS
                                                   8 = SMOKE OR HAZE
[NO. OF DAYS WITH]      [WEATHER - DAYS WITH]      9 = BLOWING SNOW
                                                   X = TORNADO
MAX 32 OR BELOW:   0    0.01 INCH OR MORE:   6
MAX 90 OR ABOVE:   6    0.10 INCH OR MORE:   0
MIN 32 OR BELOW:   0    0.50 INCH OR MORE:   0
MIN  0 OR BELOW:   0    1.00 INCH OR MORE:   0

[HDD (BASE 65) ]
TOTAL THIS MO.    62    CLEAR  (SCALE 0-3)  21
DPTR FM NORMAL   -84    PTCLDY (SCALE 4-7)   6
TOTAL FM JUL 1    65    CLOUDY (SCALE 8-10)  0
DPTR FM NORMAL  -115

[CDD (BASE 65) ]
TOTAL THIS MO.   116
DPTR FM NORMAL    53    [PRESSURE DATA]
TOTAL FM JAN 1   930    HIGHEST SLP M ON M
DPTR FM NORMAL   204    LOWEST  SLP 29.65 ON 14

[REMARKS]
