000
CXUS55 KBOU 250900
CF6MNH
PRELIMINARY LOCAL CLIMATOLOGICAL DATA (WS FORM: F-6)

                                          STATION:   ELBERT 6W CO
                                          MONTH:     SEPTEMBER
                                          YEAR:      2022
                                          LATITUDE:   39 13 N
                                          LONGITUDE: 104 38 W

  TEMPERATURE IN F:       :PCPN:    SNOW:  WIND      :SUNSHINE: SKY     :PK WND
================================================================================
1   2   3   4   5  6A  6B    7    8   9   10  11  12  13   14  15   16   17  18
                                     12Z  AVG MX 2MIN
DY MAX MIN AVG DEP HDD CDD  WTR  SNW DPTH SPD SPD DIR MIN PSBL S-S WX    SPD DR
================================================================================

 1  81  52  67   M   0   2 0.00    M    M  7.2 14 360   M    M   0        22 360
 2  82  52  67   M   0   2 0.33    M    M  8.9 13  30   M    M   2 3      35 190
 3  77  52  65   M   0   0 0.00    M    M 12.2 22 190   M    M   1        37 190
 4  82  52  67   M   0   2 0.00    M    M  7.4 15 170   M    M   0        21 170
 5  86  55  71   M   0   6 0.00    M    M  8.6 18 160   M    M   0        20 150
 6  88  55  72   M   0   7 0.00    M    M  9.1 15 150   M    M   0        22 150
 7  86  57  72   M   0   7 0.00    M    M 13.2 17 170   M    M   0        25 150
 8  90  59  75   M   0  10 0.00    M    M  8.8 15 140   M    M   1        24 180
 9  64  45  55   M  10   0 0.00    M    M  8.2 16  10   M    M   4        23  10
10  46  41  44   M  21   0 0.08    M    M  6.8 10 280   M    M   9 1      16 170
11  72  36  54   M  11   0 0.00    M    M  5.6 10 190   M    M   1 1       M   M
12  79  45  62   M   3   0 0.00    M    M  5.2  9 360   M    M   0        17 360
13  79  45  62   M   3   0 0.00    M    M 10.9 20 150   M    M   0        25 150
14  72  50  61   M   4   0 0.17    M    M  7.3 16 300   M    M   6 3      24   0
15  68  45  57   M   8   0 0.21    M    M  5.4 10 310   M    M   3 3      20  40
16  73  43  58   M   7   0 0.01    M    M  7.7 16 300   M    M   3        31 300
17  73  43  58   M   7   0 0.00    M    M 10.1 21 160   M    M   1        35 160
18  79  41  60   M   5   0 0.00    M    M  7.3 14 150   M    M   0        27 130
19  79  50  65   M   0   0 0.00    M    M  8.4 13 150   M    M   3        22 150
20  81  50  66   M   0   1 0.00    M    M  7.2 16 120   M    M   1        20 140
21  59  45  52   M  13   0 0.06    M    M  6.6 12 360   M    M   7 12     16 360
22  55  43  49   M  16   0 0.04    M    M 12.4 17 210   M    M   7 1      23 190
23  73  45  59   M   6   0 0.00    M    M  8.2 16 280   M    M   0        23 280
24  73  43  58   M   7   0 0.00    M    M  7.2 13  20   M    M   0        17  30
================================================================================
SM 1797 1144       121  37  0.90    M    200.1          M       49
================================================================================
AV 74.9 47.7                               8.3 FASTST   M    M   2    MAX(MPH)
                                 MISC ---->    22 190                 37 190
================================================================================
NOTES:
# LAST OF SEVERAL OCCURRENCES

COLUMN 17 PEAK WIND IN M.P.H.

PRELIMINARY LOCAL CLIMATOLOGICAL DATA (WS FORM: F-6) , PAGE 2

                                          STATION:   ELBERT 6W CO
                                          MONTH:     SEPTEMBER
                                          YEAR:      2022
                                          LATITUDE:   39 13 N
                                          LONGITUDE: 104 38 W

[TEMPERATURE DATA]      [PRECIPITATION DATA]       SYMBOLS USED IN COLUMN 16

AVERAGE MONTHLY: 61.3   TOTAL FOR MONTH:   0.90    1 = FOG OR MIST
DPTR FM NORMAL:   0.0   DPTR FM NORMAL:    0.90    2 = FOG REDUCING VISIBILITY
HIGHEST:    90 ON  8    GRTST 24HR  0.33 ON  2- 2      TO 1/4 MILE OR LESS
LOWEST:     36 ON 11                               3 = THUNDER
                        SNOW, ICE PELLETS, HAIL    4 = ICE PELLETS
                        TOTAL MONTH:  M            5 = HAIL
                        GRTST 24HR    M  ON   M    6 = FREEZING RAIN OR DRIZZLE
                        GRTST DEPTH:  M  ON   M    7 = DUSTSTORM OR SANDSTORM:
                                                       VSBY 1/2 MILE OR LESS
                                                   8 = SMOKE OR HAZE
[NO. OF DAYS WITH]      [WEATHER - DAYS WITH]      9 = BLOWING SNOW
                                                   X = TORNADO
MAX 32 OR BELOW:   0    0.01 INCH OR MORE:   7
MAX 90 OR ABOVE:   1    0.10 INCH OR MORE:   3
MIN 32 OR BELOW:   0    0.50 INCH OR MORE:   0
MIN  0 OR BELOW:   0    1.00 INCH OR MORE:   0

[HDD (BASE 65) ]
TOTAL THIS MO.   121    CLEAR  (SCALE 0-3)  17
DPTR FM NORMAL     M    PTCLDY (SCALE 4-7)   6
TOTAL FM JUL 1   171    CLOUDY (SCALE 8-10)  1
DPTR FM NORMAL     M

[CDD (BASE 65) ]
TOTAL THIS MO.    37
DPTR FM NORMAL     M    [PRESSURE DATA]
TOTAL FM JAN 1   250    HIGHEST SLP M ON M
DPTR FM NORMAL     M    LOWEST  SLP M ON M

[REMARKS]
