000
CXUS56 KSTO 251300
CF6MOD
PRELIMINARY LOCAL CLIMATOLOGICAL DATA (WS FORM: F-6)

                                          STATION:   MODESTO CA
                                          MONTH:     SEPTEMBER
                                          YEAR:      2022
                                          LATITUDE:   37 37 N
                                          LONGITUDE: 120 57 W

  TEMPERATURE IN F:       :PCPN:    SNOW:  WIND      :SUNSHINE: SKY     :PK WND
================================================================================
1   2   3   4   5  6A  6B    7    8   9   10  11  12  13   14  15   16   17  18
                                     12Z  AVG MX 2MIN
DY MAX MIN AVG DEP HDD CDD  WTR  SNW DPTH SPD SPD DIR MIN PSBL S-S WX    SPD DR
================================================================================

 1 101  64  83   7   0  18 0.00    M    M  7.6 14 340   M    M   0        17 340
 2 102  69  86  10   0  21 0.00    M    M  9.0 16 340   M    M   0        19 360
 3 101  68  85   9   0  20 0.00    M    M  9.2 15 310   M    M   0        20 320
 4 102  69  86  10   0  21 0.00    M    M  5.0 13 340   M    M   0        17 310
 5 107  72  90  14   0  25 0.00    M    M  5.8 16 330   M    M   0        20 310
 6 112  71  92  16   0  27 0.00    M    M  3.9 13 330   M    M   0        15 300
 7 107  73  90  14   0  25 0.00  0.0    M  7.5 21 310   M    M   0 8      25 320
 8 108  79  94  19   0  29 0.00  0.0    M  9.7 17 300   M    M   0 8      20 310
 9 103  74  89  14   0  24 0.00    M    M  5.1 14 320   M    M   0 8      17 330
10  87  72  80   5   0  15 0.00    M    M  8.2 22 300   M    M   0        27 290
11  93  71  82   7   0  17 0.00    M    M  6.6 16 330   M    M   0        21 320
12  93  69  81   6   0  16 0.00    M    M  6.7 20 300   M    M   0        24 310
13  82  62  72  -3   0   7 0.00    M    M 11.1 22 320   M    M   2        26 330
14  79  59  69  -5   0   4 0.00    M    M  8.4 20 310   M    M   0        25 310
15  78  59  69  -5   0   4 0.00    M    M  8.3 17 300   M    M   0        21 290
16  83  55  69  -5   0   4 0.00    M    M  6.0 12 310   M    M   0 1      17 320
17  82  54  68  -6   0   3 0.00    M    M  8.2 25 310   M    M   0 8      30 310
18  75  59  67  -7   0   2 0.06    M    M  8.1 21 120   M    M   7 1      28 120
19  75  61  68  -5   0   3 0.02    M    M  6.4 17 110   M    M   7        21 120
20  79  58  69  -4   0   4 0.00    M    M  6.3 16 300   M    M   4        24 310
21  79  56  68  -5   0   3 0.00    M    M  8.0 15 310   M    M   2        22 330
22  82  58  70  -3   0   5 0.00    M    M  9.5 20 320   M    M   0        25 310
23  89  55  72   0   0   7 0.00    M    M  4.6 12 310   M    M   0        17 330
24  94  56  75   3   0  10 0.00    M    M  5.4 13 330   M    M   0        16 360
================================================================================
SM 2193 1543         0 314  0.08  0.0    174.6          M       22
================================================================================
AV 91.4 64.3                               7.3 FASTST   M    M   1    MAX(MPH)
                                 MISC ---->    25 310                 30 310
================================================================================
NOTES:
# LAST OF SEVERAL OCCURRENCES

COLUMN 17 PEAK WIND IN M.P.H.

PRELIMINARY LOCAL CLIMATOLOGICAL DATA (WS FORM: F-6) , PAGE 2

                                          STATION:   MODESTO CA
                                          MONTH:     SEPTEMBER
                                          YEAR:      2022
                                          LATITUDE:   37 37 N
                                          LONGITUDE: 120 57 W

[TEMPERATURE DATA]      [PRECIPITATION DATA]       SYMBOLS USED IN COLUMN 16

AVERAGE MONTHLY: 77.8   TOTAL FOR MONTH:   0.08    1 = FOG OR MIST
DPTR FM NORMAL:   3.3   DPTR FM NORMAL:    0.05    2 = FOG REDUCING VISIBILITY
HIGHEST:   112 ON  6    GRTST 24HR  0.06 ON 18-18      TO 1/4 MILE OR LESS
LOWEST:     54 ON 17                               3 = THUNDER
                        SNOW, ICE PELLETS, HAIL    4 = ICE PELLETS
                        TOTAL MONTH:   0.0 INCH    5 = HAIL
                        GRTST 24HR  0.0            6 = FREEZING RAIN OR DRIZZLE
                        GRTST DEPTH:  M  ON   M    7 = DUSTSTORM OR SANDSTORM:
                                                       VSBY 1/2 MILE OR LESS
                                                   8 = SMOKE OR HAZE
[NO. OF DAYS WITH]      [WEATHER - DAYS WITH]      9 = BLOWING SNOW
                                                   X = TORNADO
MAX 32 OR BELOW:   0    0.01 INCH OR MORE:   2
MAX 90 OR ABOVE:  12    0.10 INCH OR MORE:   0
MIN 32 OR BELOW:   0    0.50 INCH OR MORE:   0
MIN  0 OR BELOW:   0    1.00 INCH OR MORE:   0

[HDD (BASE 65) ]
TOTAL THIS MO.     0    CLEAR  (SCALE 0-3)  21
DPTR FM NORMAL     0    PTCLDY (SCALE 4-7)   3
TOTAL FM JUL 1     0    CLOUDY (SCALE 8-10)  0
DPTR FM NORMAL     0

[CDD (BASE 65) ]
TOTAL THIS MO.   314
DPTR FM NORMAL    84    [PRESSURE DATA]
TOTAL FM JAN 1  1741    HIGHEST SLP M ON M
DPTR FM NORMAL   234    LOWEST  SLP 29.44 ON  9

[REMARKS]
