000
CXUS51 KBTV 280700
CF6MPV
PRELIMINARY LOCAL CLIMATOLOGICAL DATA (WS FORM: F-6)

                                          STATION:   MONTPELIER VT
                                          MONTH:     SEPTEMBER
                                          YEAR:      2022
                                          LATITUDE:   44 12 N
                                          LONGITUDE:  72 34 W

  TEMPERATURE IN F:       :PCPN:    SNOW:  WIND      :SUNSHINE: SKY     :PK WND
================================================================================
1   2   3   4   5  6A  6B    7    8   9   10  11  12  13   14  15   16   17  18
                                     12Z  AVG MX 2MIN
DY MAX MIN AVG DEP HDD CDD  WTR  SNW DPTH SPD SPD DIR MIN PSBL S-S WX    SPD DR
================================================================================

 1  65  48  57  -5   8   0    T    M    M  7.4 17 330   M    M   7 1      24 310
 2  76  42  59  -3   6   0 0.00    M    M  2.7 13 160   M    M   1 128    16 160
 3  83  49  66   4   0   1 0.00    M    M  3.4 12 170   M    M   1 128    15 150
 4  80  59  70   8   0   5 0.00    M    M  3.8 14 310   M    M   5        18 320
 5  66  58  62   1   3   0 0.25    M    M  2.7  9 160   M    M  10 1      11 160
 6  64  60  62   1   3   0 0.58    M    M  1.8  7 120   M    M  10 1       9 110
 7  76  56  66   5   0   1 0.00    M    M  1.3  7  40   M    M   6 128     9 120
 8  78  56  67   7   0   2 0.00    M    M  1.0  8  40   M    M   5 128    10  30
 9  80  54  67   7   0   2 0.00    M    M  0.8  7 310   M    M   4 128     9 340
10  83  55  69   9   0   4 0.00    M    M  0.4  7 330   M    M   4 12     10 360
11  80  57  69  10   0   4 0.00    M    M  1.3  9 190   M    M   4 128    12 180
12  80  60  70  11   0   5 0.00    M    M  1.4  7 130   M    M   7        10 150
13  73  61  67   8   0   2 0.89    M    M  3.7 17 160   M    M  10 12     20 290
14  74  55  65   7   0   0 0.05    M    M  8.5 20 300   M    M   8 1      25 300
15  59  47  53  -5  12   0 0.00    M    M  9.1 20 300   M    M   3        28 310
16  63  42  53  -5  12   0 0.00    M    M  6.8 18 320   M    M   5        26 310
17  69  40  55  -2  10   0 0.00    M    M  1.0  7  60   M    M   3 128    11  70
18  75  49  62   5   3   0 0.38    M    M  3.3 14 330   M    M   6 18     19 310
19  66  57  62   6   3   0 1.37    M    M  4.5 14 160   M    M  10 1238   19 170
20  68  51  60   4   5   0 0.39    M    M  3.2 12 300   M    M   9 128    14 300
21  69  53  61   5   4   0 0.00    M    M  3.2 14 160   M    M   7        17 160
22  67  46  57   2   8   0 0.70    M    M  8.6 18 310   M    M   8 1      29 300
23  49  42  46  -9  19   0 0.04    M    M 13.2 23 310   M    M   8 18     37 340
24  62  43  53  -1  12   0 0.00    M    M 10.1 23 310   M    M   1        32 310
25  59  42  51  -3  14   0 0.15    M    M  2.1 10 170   M    M   7 12     14 190
26  64  52  58   5   7   0 0.16    M    M    M 12 210   M    M   4 1      16 220
27  60  44  52  -1  13   0 0.03    M    M    M  M   M   M    M   4         M   M
================================================================================
SM 1888 1378       142  26  4.99    M    105.3          M      157
================================================================================
AV 69.9 51.0                               4.2 FASTST   M    M   6    MAX(MPH)
                                 MISC ---->  # 23 310                 37 340
================================================================================
NOTES:
# LAST OF SEVERAL OCCURRENCES

COLUMN 17 PEAK WIND IN M.P.H.

PRELIMINARY LOCAL CLIMATOLOGICAL DATA (WS FORM: F-6) , PAGE 2

                                          STATION:   MONTPELIER VT
                                          MONTH:     SEPTEMBER
                                          YEAR:      2022
                                          LATITUDE:   44 12 N
                                          LONGITUDE:  72 34 W

[TEMPERATURE DATA]      [PRECIPITATION DATA]       SYMBOLS USED IN COLUMN 16

AVERAGE MONTHLY: 60.5   TOTAL FOR MONTH:   4.99    1 = FOG OR MIST
DPTR FM NORMAL:   2.4   DPTR FM NORMAL:    2.02    2 = FOG REDUCING VISIBILITY
HIGHEST:    83 ON 10, 3  GRTST 24HR  1.37 ON 18-19      TO 1/4 MILE OR LESS
LOWEST:     40 ON 17                               3 = THUNDER
                        SNOW, ICE PELLETS, HAIL    4 = ICE PELLETS
                        TOTAL MONTH:  M            5 = HAIL
                        GRTST 24HR    M  ON   M    6 = FREEZING RAIN OR DRIZZLE
                        GRTST DEPTH:  M  ON   M    7 = DUSTSTORM OR SANDSTORM:
                                                       VSBY 1/2 MILE OR LESS
                                                   8 = SMOKE OR HAZE
[NO. OF DAYS WITH]      [WEATHER - DAYS WITH]      9 = BLOWING SNOW
                                                   X = TORNADO
MAX 32 OR BELOW:   0    0.01 INCH OR MORE:  12
MAX 90 OR ABOVE:   0    0.10 INCH OR MORE:   9
MIN 32 OR BELOW:   0    0.50 INCH OR MORE:   4
MIN  0 OR BELOW:   0    1.00 INCH OR MORE:   1

[HDD (BASE 65) ]
TOTAL THIS MO.   142    CLEAR  (SCALE 0-3)   5
DPTR FM NORMAL   -65    PTCLDY (SCALE 4-7)  16
TOTAL FM JUL 1   162    CLOUDY (SCALE 8-10)  6
DPTR FM NORMAL  -157

[CDD (BASE 65) ]
TOTAL THIS MO.    26
DPTR FM NORMAL    10    [PRESSURE DATA]
TOTAL FM JAN 1   429    HIGHEST SLP M ON M
DPTR FM NORMAL   206    LOWEST  SLP 29.54 ON 22

[REMARKS]
