000
CXUS53 KMPX 280910
CF6MPX
PRELIMINARY LOCAL CLIMATOLOGICAL DATA (WS FORM: F-6)

                                          STATION:   CHANHASSEN MN
                                          MONTH:     SEPTEMBER
                                          YEAR:      2022
                                          LATITUDE:   44 50 N
                                          LONGITUDE:  93 34 W

  TEMPERATURE IN F:       :PCPN:    SNOW:  WIND      :SUNSHINE: SKY     :PK WND
================================================================================
1   2   3   4   5  6A  6B    7    8   9   10  11  12  13   14  15   16   17  18
                                     12Z  AVG MX 2MIN
DY MAX MIN AVG DEP HDD CDD  WTR  SNW DPTH SPD SPD DIR MIN PSBL S-S WX    SPD DR
================================================================================

 1  87  61  74   8   0   9 0.00  0.0    0    M  M   M   M    M   M         M   M
 2  84  66  75   9   0  10 0.00  0.0    0    M  M   M   M    M   M         M   M
 3  74  58  66   0   0   1 0.00  0.0    0    M  M   M   M    M   M         M   M
 4  75  49  62  -4   3   0 0.00  0.0    0    M  M   M   M    M   M         M   M
 5  75  51  63  -2   2   0 0.00  0.0    0    M  M   M   M    M   M         M   M
 6  81  59  70   5   0   5 0.00  0.0    0    M  M   M   M    M   M         M   M
 7  85  63  74   9   0   9 0.00  0.0    0    M  M   M   M    M   M         M   M
 8  84  65  75  11   0  10 0.00  0.0    0    M  M   M   M    M   M         M   M
 9  72  57  65   1   0   0 0.09  0.0    0    M  M   M   M    M   M         M   M
10  70  50  60  -4   5   0    T  0.0    0    M  M   M   M    M   M         M   M
11  72  47  60  -3   5   0 0.00  0.0    0    M  M   M   M    M   M         M   M
12  74  46  60  -3   5   0 0.00  0.0    0    M  M   M   M    M   M         M   M
13  78  45  62   0   3   0 0.00  0.0    0    M  M   M   M    M   M         M   M
14  78  49  64   2   1   0 0.00  0.0    0    M  M   M   M    M   M         M   M
15  85  64  75  13   0  10    T  0.0    0    M  M   M   M    M   M         M   M
16  75  63  69   8   0   4 0.07  0.0    0    M  M   M   M    M   M         M   M
17  80  64  72  11   0   7 0.21  0.0    0    M  M   M   M    M   M         M   M
18  69  52  61   1   4   0 0.00  0.0    0    M  M   M   M    M   M         M   M
19  79  49  64   4   1   0 0.00  0.0    0    M  M   M   M    M   M         M   M
20  90  61  76  16   0  11 0.00  0.0    0    M  M   M   M    M   M         M   M
21  67  51  59   0   6   0 0.00  0.0    0    M  M   M   M    M   M         M   M
22  63  46  55  -4  10   0 0.00  0.0    0    M  M   M   M    M   M         M   M
23  54  49  52  -6  13   0 0.15  0.0    0    M  M   M   M    M   M         M   M
24  68  52  60   2   5   0 0.01  0.0    0    M  M   M   M    M   M         M   M
25  67  51  59   2   6   0    T  0.0    0    M  M   M   M    M   M         M   M
26  62  43  53  -4  12   0 0.00  0.0    0    M  M   M   M    M   M         M   M
27  59  37  48  -8  17   0 0.01  0.0    0    M  M   M   M    M   M         M   M
================================================================================
SM 2007 1448        98  76  0.54  0.0        M          M        M
================================================================================
AV 74.3 53.6                                 M FASTST   M    M   M    MAX(MPH)
                                 MISC ---->     M   M                  M   M
================================================================================
NOTES:
# LAST OF SEVERAL OCCURRENCES

COLUMN 17 PEAK WIND IN M.P.H.

PRELIMINARY LOCAL CLIMATOLOGICAL DATA (WS FORM: F-6) , PAGE 2

                                          STATION:   CHANHASSEN MN
                                          MONTH:     SEPTEMBER
                                          YEAR:      2022
                                          LATITUDE:   44 50 N
                                          LONGITUDE:  93 34 W

[TEMPERATURE DATA]      [PRECIPITATION DATA]       SYMBOLS USED IN COLUMN 16

AVERAGE MONTHLY: 64.0   TOTAL FOR MONTH:   0.54    1 = FOG OR MIST
DPTR FM NORMAL:   2.2   DPTR FM NORMAL:   -2.45    2 = FOG REDUCING VISIBILITY
HIGHEST:    90 ON 20    GRTST 24HR  0.21 ON 17-17      TO 1/4 MILE OR LESS
LOWEST:     37 ON 27                               3 = THUNDER
                        SNOW, ICE PELLETS, HAIL    4 = ICE PELLETS
                        TOTAL MONTH:   0.0 INCH    5 = HAIL
                        GRTST 24HR  0.0            6 = FREEZING RAIN OR DRIZZLE
                        GRTST DEPTH:  0            7 = DUSTSTORM OR SANDSTORM:
                                                       VSBY 1/2 MILE OR LESS
                                                   8 = SMOKE OR HAZE
[NO. OF DAYS WITH]      [WEATHER - DAYS WITH]      9 = BLOWING SNOW
                                                   X = TORNADO
MAX 32 OR BELOW:   0    0.01 INCH OR MORE:   6
MAX 90 OR ABOVE:   1    0.10 INCH OR MORE:   2
MIN 32 OR BELOW:   0    0.50 INCH OR MORE:   0
MIN  0 OR BELOW:   0    1.00 INCH OR MORE:   0

[HDD (BASE 65) ]
TOTAL THIS MO.    98    CLEAR  (SCALE 0-3)   0
DPTR FM NORMAL   -37    PTCLDY (SCALE 4-7)   0
TOTAL FM JUL 1    98    CLOUDY (SCALE 8-10) 27
DPTR FM NORMAL   -63

[CDD (BASE 65) ]
TOTAL THIS MO.    76
DPTR FM NORMAL    24    [PRESSURE DATA]
TOTAL FM JAN 1   712    HIGHEST SLP M ON M
DPTR FM NORMAL   135    LOWEST  SLP M ON M

[REMARKS]
