000
CXUS52 KMHX 280600
CF6MRH
PRELIMINARY LOCAL CLIMATOLOGICAL DATA (WS FORM: F-6)

                                          STATION:   BEAUFORT/SMITH FIELD NC
                                          MONTH:     SEPTEMBER
                                          YEAR:      2022
                                          LATITUDE:   34 43 N
                                          LONGITUDE:  76 39 W

  TEMPERATURE IN F:       :PCPN:    SNOW:  WIND      :SUNSHINE: SKY     :PK WND
================================================================================
1   2   3   4   5  6A  6B    7    8   9   10  11  12  13   14  15   16   17  18
                                     12Z  AVG MX 2MIN
DY MAX MIN AVG DEP HDD CDD  WTR  SNW DPTH SPD SPD DIR MIN PSBL S-S WX    SPD DR
================================================================================

 1  88  71  80   2   0  15 0.00  0.0    0  3.1 13 340   M    M   0        15 350
 2  88  69  79   1   0  14 0.00  0.0    0  4.6 14 110   M    M   2 3      18 110
 3  86  73  80   2   0  15 0.01  0.0    0  5.6 14 120   M    M   5        18 110
 4  86  72  79   1   0  14 0.00  0.0    M  5.3 13 120   M    M   2        16 130
 5  86  71  79   1   0  14 0.03  0.0    M  5.3 13 170   M    M   2        17 160
 6  86  75  81   3   0  16 0.29  0.0    M 10.4 22 300   M    M   4 13     27 300
 7  86  71  79   2   0  14 0.21  0.0    0  5.9 21 330   M    M   4 13     27 340
 8  83  70  77   0   0  12 0.00  0.0    0 10.4 18  20   M    M   4        23  20
 9  82  66  74  -3   0   9 0.00  0.0    0  9.2 17  50   M    M   5        25  50
10  79  73  76  -1   0  11 4.26  0.0    0  7.1 17 110   M    M   8 1      25 100
11  86  77  82   5   0  17 0.00  0.0    0  7.1 13 220   M    M   2        18 150
12  85  79  82   6   0  17 0.00  0.0    0 10.7 17 210   M    M   1        20 210
13  86  76  81   5   0  16 0.00  0.0    0  9.2 16 220   M    M   1 8      19 220
14  84  70  77   1   0  12 0.00  0.0    0  5.3 12 340   M    M   1        15 340
15  82  68  75  -1   0  10 0.00  0.0    0  8.3 17  30   M    M   1        26  30
16  81  64  73  -3   0   8 0.00  0.0    0  7.9 17  20   M    M   0        23  20
17  83  59  71  -4   0   6 0.00  0.0    0  6.4 13  20   M    M   1        18  60
18  85  70  78   3   0  13 0.00  0.0    0  5.3 12 120   M    M   1        14 100
19  86  69  78   3   0  13 0.00  0.0    0  4.7 15 180   M    M   0        19 170
20  88  68  78   4   0  13 0.00  0.0    0  3.5 10 330   M    M   1        13 170
21  85  71  78   4   0  13 0.00  0.0    0  5.2 12 110   M    M   0        15 120
22  84  68  76   2   0  11 0.14  0.0    0 10.1 25 280   M    M   2 13     32 360
23  73  56  65  -9   0   0 0.00  0.0    0 12.3 24 350   M    M   0        35 360
24  76  50  63 -10   2   0 0.00  0.0    0  5.1 14 220   M    M   0        16 230
25  81  67  74   1   0   9 0.00  0.0    0 15.0 25 220   M    M   1        33 210
26  82  74  78   5   0  13 0.01  0.0    0 11.5 24 230   M    M   3        32 220
27   M   M   M   M   M   M    M    M    M    M  M   M   M    M   M         M   M
================================================================================
SM 2177 1797         2 305  4.95  0.0    194.5          M       51
================================================================================
AV 83.7 69.1                               7.5 FASTST   M    M   2    MAX(MPH)
                                 MISC ---->  # 25 280                 35 360
================================================================================
NOTES:
# LAST OF SEVERAL OCCURRENCES

COLUMN 17 PEAK WIND IN M.P.H.

PRELIMINARY LOCAL CLIMATOLOGICAL DATA (WS FORM: F-6) , PAGE 2

                                          STATION:   BEAUFORT/SMITH FIELD NC
                                          MONTH:     SEPTEMBER
                                          YEAR:      2022
                                          LATITUDE:   34 43 N
                                          LONGITUDE:  76 39 W

[TEMPERATURE DATA]      [PRECIPITATION DATA]       SYMBOLS USED IN COLUMN 16

AVERAGE MONTHLY: 76.4   TOTAL FOR MONTH:   4.95    1 = FOG OR MIST
DPTR FM NORMAL:   0.7   DPTR FM NORMAL:   -2.83    2 = FOG REDUCING VISIBILITY
HIGHEST:    88 ON 20, 2  GRTST 24HR  4.26 ON 10-10      TO 1/4 MILE OR LESS
LOWEST:     50 ON 24                               3 = THUNDER
                        SNOW, ICE PELLETS, HAIL    4 = ICE PELLETS
                        TOTAL MONTH:   0.0 INCH    5 = HAIL
                        GRTST 24HR  0.0            6 = FREEZING RAIN OR DRIZZLE
                        GRTST DEPTH:  0            7 = DUSTSTORM OR SANDSTORM:
                                                       VSBY 1/2 MILE OR LESS
                                                   8 = SMOKE OR HAZE
[NO. OF DAYS WITH]      [WEATHER - DAYS WITH]      9 = BLOWING SNOW
                                                   X = TORNADO
MAX 32 OR BELOW:   0    0.01 INCH OR MORE:   7
MAX 90 OR ABOVE:   0    0.10 INCH OR MORE:   4
MIN 32 OR BELOW:   0    0.50 INCH OR MORE:   1
MIN  0 OR BELOW:   0    1.00 INCH OR MORE:   1

[HDD (BASE 65) ]
TOTAL THIS MO.     2    CLEAR  (SCALE 0-3)  20
DPTR FM NORMAL     2    PTCLDY (SCALE 4-7)   5
TOTAL FM JUL 1     2    CLOUDY (SCALE 8-10)  1
DPTR FM NORMAL     2

[CDD (BASE 65) ]
TOTAL THIS MO.   305
DPTR FM NORMAL    12    [PRESSURE DATA]
TOTAL FM JAN 1  2071    HIGHEST SLP M ON M
DPTR FM NORMAL   242    LOWEST  SLP 29.63 ON 22

[REMARKS]
