000
CXUS54 KHUN 280810
CF6MSL
PRELIMINARY LOCAL CLIMATOLOGICAL DATA (WS FORM: F-6)

                                          STATION:   MUSCLE SHOALS
                                          MONTH:     SEPTEMBER
                                          YEAR:      2022
                                          LATITUDE:   34 45 N
                                          LONGITUDE:  87 37 W

  TEMPERATURE IN F:       :PCPN:    SNOW:  WIND      :SUNSHINE: SKY     :PK WND
================================================================================
1   2   3   4   5  6A  6B    7    8   9   10  11  12  13   14  15   16   17  18
                                     12Z  AVG MX 2MIN
DY MAX MIN AVG DEP HDD CDD  WTR  SNW DPTH SPD SPD DIR MIN PSBL S-S WX    SPD DR
================================================================================

 1  93  59  76  -2   0  11 0.00  0.0    0  1.3  9  20   M    M   0 1      15 330
 2  92  62  77  -1   0  12 0.00  0.0    0  3.1 14  90   M    M   2 3      22  90
 3  85  71  78   0   0  13 0.04  0.0    0  3.7 12 110   M    M   4 3      17 120
 4  84  72  78   0   0  13 1.16  0.0    0  5.6 17 240   M    M   M 3      20 240
 5  85  70  78   0   0  13 0.14  0.0    0    M 22 300   M    M   M 3      28 310
 6  90  69  80   2   0  15 0.54  0.0    0  2.1 40 300   M    M   M 123    52 280
 7  86  70  78   1   0  13 0.00  0.0    0  4.9 13  20   M    M   4 1      22  20
 8  85  67  76  -1   0  11 0.00  0.0    0  6.9 14  60   M    M   0        22  80
 9  87  67  77   0   0  12 0.02  0.0    0  5.6 16 120   M    M   3        22 130
10  78  70  74  -2   0   9 0.10  0.0    0  5.2 10 110   M    M   8 1      16 140
11  85  69  77   1   0  12 0.48  0.0    0  5.9 20 280   M    M   6 18     30 270
12  80  57  69  -7   0   4 0.00  0.0    0  4.0 13 340   M    M   1        17 320
13  86  53  70  -6   0   5 0.00  0.0    0  2.2 13 300   M    M   0 1      17 300
14  85  56  71  -4   0   6 0.00  0.0    0  3.9 13  70   M    M   1 12     17  60
15  86  58  72  -3   0   7 0.00  0.0    0  2.1  9  70   M    M   1 1      13  90
16  86  62  74  -1   0   9 0.00  0.0    0  3.9 10 110   M    M   3        15 160
17  85  62  74   0   0   9 0.00  0.0    0  3.1 10 140   M    M   6        16 140
18  89  61  75   1   0  10 0.00  0.0    0  1.3  8 340   M    M   1 1      12  50
19  92  62  77   3   0  12 0.00  0.0    0  1.4  9 280   M    M   0 1      13 300
20  98  67  83   9   0  18 0.00  0.0    0  2.4 12 280   M    M   0 1      17 310
21  97  67  82   9   0  17 0.00  0.0    0  0.5  8  30   M    M   0 128    13 340
22  90  64  77   4   0  12 0.00  0.0    0  5.9 14  20   M    M   1 18     24  10
23  80  57  69  -3   0   4 0.00  0.0    0  4.6 13  80   M    M   0        17  60
24  90  55  73   1   0   8 0.48  0.0    0  4.2 21 320   M    M   1 13     31 320
25  85  67  76   4   0  11 0.66  0.0    0  5.5 15 160   M    M   4 13     20 150
26  81  55  68  -4   0   3 0.00  0.0    0  4.6 16 310   M    M   0 1      23 350
27  78  47  63  -8   2   0 0.00  0.0    0  3.4 15 340   M    M   0        24  20
================================================================================
SM 2338 1696         2 269  3.62  0.0     97.3          M       46
================================================================================
AV 86.6 62.8                               3.7 FASTST   M    M   2    MAX(MPH)
                                 MISC ---->    40 300                 52 280
================================================================================
NOTES:
# LAST OF SEVERAL OCCURRENCES

COLUMN 17 PEAK WIND IN M.P.H.

PRELIMINARY LOCAL CLIMATOLOGICAL DATA (WS FORM: F-6) , PAGE 2

                                          STATION:   MUSCLE SHOALS
                                          MONTH:     SEPTEMBER
                                          YEAR:      2022
                                          LATITUDE:   34 45 N
                                          LONGITUDE:  87 37 W

[TEMPERATURE DATA]      [PRECIPITATION DATA]       SYMBOLS USED IN COLUMN 16

AVERAGE MONTHLY: 74.7   TOTAL FOR MONTH:   3.62    1 = FOG OR MIST
DPTR FM NORMAL:  -0.4   DPTR FM NORMAL:    0.44    2 = FOG REDUCING VISIBILITY
HIGHEST:    98 ON 20    GRTST 24HR  1.16 ON  4- 4      TO 1/4 MILE OR LESS
LOWEST:     47 ON 27                               3 = THUNDER
                        SNOW, ICE PELLETS, HAIL    4 = ICE PELLETS
                        TOTAL MONTH:   0.0 INCH    5 = HAIL
                        GRTST 24HR  0.0            6 = FREEZING RAIN OR DRIZZLE
                        GRTST DEPTH:  0            7 = DUSTSTORM OR SANDSTORM:
                                                       VSBY 1/2 MILE OR LESS
                                                   8 = SMOKE OR HAZE
[NO. OF DAYS WITH]      [WEATHER - DAYS WITH]      9 = BLOWING SNOW
                                                   X = TORNADO
MAX 32 OR BELOW:   0    0.01 INCH OR MORE:   9
MAX 90 OR ABOVE:   8    0.10 INCH OR MORE:   7
MIN 32 OR BELOW:   0    0.50 INCH OR MORE:   3
MIN  0 OR BELOW:   0    1.00 INCH OR MORE:   1

[HDD (BASE 65) ]
TOTAL THIS MO.     2    CLEAR  (SCALE 0-3)  18
DPTR FM NORMAL     0    PTCLDY (SCALE 4-7)   6
TOTAL FM JUL 1     2    CLOUDY (SCALE 8-10)  3
DPTR FM NORMAL     0

[CDD (BASE 65) ]
TOTAL THIS MO.   269
DPTR FM NORMAL   -10    [PRESSURE DATA]
TOTAL FM JAN 1  2152    HIGHEST SLP M ON M
DPTR FM NORMAL   171    LOWEST  SLP 29.77 ON  8

[REMARKS]
