000
CXUS53 KMKX 260810
CF6MSN
PRELIMINARY LOCAL CLIMATOLOGICAL DATA (WS FORM: F-6)

                                          STATION:   MADISON WI
                                          MONTH:     SEPTEMBER
                                          YEAR:      2022
                                          LATITUDE:   43  7 N
                                          LONGITUDE:  89 20 W

  TEMPERATURE IN F:       :PCPN:    SNOW:  WIND      :SUNSHINE: SKY     :PK WND
================================================================================
1   2   3   4   5  6A  6B    7    8   9   10  11  12  13   14  15   16   17  18
                                     12Z  AVG MX 2MIN
DY MAX MIN AVG DEP HDD CDD  WTR  SNW DPTH SPD SPD DIR MIN PSBL S-S WX    SPD DR
================================================================================

 1  85  61  73   6   0   8 0.00  0.0    0  5.2 17 200   M    M   4        26 220
 2  84  71  78  11   0  13 0.00  0.0    0  9.0 18 170   M    M   5        27 180
 3  74  59  67   1   0   2 0.27  0.0    0  6.6 16  30   M    M   8 13     22  20
 4  71  56  64  -2   1   0 0.00  0.0    0  7.8 14  30   M    M   9        20  30
 5  72  54  63  -3   2   0 0.00  0.0    0  4.5 12  50   M    M   7        14  60
 6  78  53  66   0   0   1 0.00  0.0    0  1.8 12  10   M    M   3 1      15 350
 7  83  53  68   3   0   3 0.00  0.0    0  1.8  8 350   M    M   3 1      13 310
 8  82  60  71   6   0   6 0.00  0.0    0  5.7 16 170   M    M   2 1      22 170
 9  82  61  72   8   0   7 0.00  0.0    0  8.4 21 170   M    M   1        27 170
10  75  58  67   3   0   2 0.22  0.0    0  6.8 15  40   M    M   8 1      20 340
11  58  55  57  -7   8   0 2.18  0.0    0 10.9 17  10   M    M  10 1      25  10
12  61  53  57  -7   8   0 0.78  0.0    0 10.3 21 350   M    M  10 1      35 330
13  76  55  66   3   0   1 0.00  0.0    0  3.3  9 320   M    M   2 1      14 310
14  73  50  62  -1   3   0 0.00  0.0    0  4.0 13 110   M    M   4 12     15 120
15  80  53  67   5   0   2 0.00  0.0    0  5.8 15 170   M    M   4 1      20 170
16  81  60  71   9   0   6 0.00  0.0    0  7.7 18 180   M    M   5        26 180
17  79  66  73  11   0   8    T  0.0    0  7.5 18 170   M    M   7        25 200
18  81  65  73  12   0   8 0.00  0.0    0  4.3 13 200   M    M   5        18 200
19  80  58  69   8   0   4 0.00  0.0    0  2.9 15 160   M    M   1 1      20 160
20  81  64  73  13   0   8 0.20  0.0    0  7.9 20 140   M    M   4 38     25 140
21  77  56  67   7   0   2 0.00  0.0    0  6.5 15 310   M    M   4        23 320
22  64  45  55  -5  10   0 0.00  0.0    0  6.1 20 360   M    M   2        26  20
23  62  42  52  -7  13   0    T  0.0    0  8.0 17 170   M    M   6        23 170
24  60  51  56  -3   9   0 0.30  0.0    0  6.2 17 180   M    M  10 1      23 180
25  68  54  61   3   4   0 0.08  0.0    0  7.6 28 350   M    M   8 1      45 360
================================================================================
SM 1867 1413        58  81  4.03  0.0    156.6          M      132
================================================================================
AV 74.7 56.5                               6.3 FASTST   M    M   5    MAX(MPH)
                                 MISC ---->    28 350                 45 360
================================================================================
NOTES:
# LAST OF SEVERAL OCCURRENCES

COLUMN 17 PEAK WIND IN M.P.H.

PRELIMINARY LOCAL CLIMATOLOGICAL DATA (WS FORM: F-6) , PAGE 2

                                          STATION:   MADISON WI
                                          MONTH:     SEPTEMBER
                                          YEAR:      2022
                                          LATITUDE:   43  7 N
                                          LONGITUDE:  89 20 W

[TEMPERATURE DATA]      [PRECIPITATION DATA]       SYMBOLS USED IN COLUMN 16

AVERAGE MONTHLY: 65.6   TOTAL FOR MONTH:   4.03    1 = FOG OR MIST
DPTR FM NORMAL:   2.6   DPTR FM NORMAL:    1.12    2 = FOG REDUCING VISIBILITY
HIGHEST:    85 ON  1    GRTST 24HR  2.64 ON 11-12      TO 1/4 MILE OR LESS
LOWEST:     42 ON 23                               3 = THUNDER
                        SNOW, ICE PELLETS, HAIL    4 = ICE PELLETS
                        TOTAL MONTH:   0.0 INCH    5 = HAIL
                        GRTST 24HR  0.0            6 = FREEZING RAIN OR DRIZZLE
                        GRTST DEPTH:  0            7 = DUSTSTORM OR SANDSTORM:
                                                       VSBY 1/2 MILE OR LESS
                                                   8 = SMOKE OR HAZE
[NO. OF DAYS WITH]      [WEATHER - DAYS WITH]      9 = BLOWING SNOW
                                                   X = TORNADO
MAX 32 OR BELOW:   0    0.01 INCH OR MORE:   7
MAX 90 OR ABOVE:   0    0.10 INCH OR MORE:   6
MIN 32 OR BELOW:   0    0.50 INCH OR MORE:   2
MIN  0 OR BELOW:   0    1.00 INCH OR MORE:   1

[HDD (BASE 65) ]
TOTAL THIS MO.    58    CLEAR  (SCALE 0-3)   6
DPTR FM NORMAL   -50    PTCLDY (SCALE 4-7)  15
TOTAL FM JUL 1    63    CLOUDY (SCALE 8-10)  4
DPTR FM NORMAL   -74

[CDD (BASE 65) ]
TOTAL THIS MO.    81
DPTR FM NORMAL    25    [PRESSURE DATA]
TOTAL FM JAN 1   784    HIGHEST SLP M ON M
DPTR FM NORMAL   165    LOWEST  SLP 29.70 ON 25

[REMARKS]
