000
CXUS55 KMSO 260900
CF6MSO
PRELIMINARY LOCAL CLIMATOLOGICAL DATA (WS FORM: F-6)

                                          STATION:   MISSOULA MT
                                          MONTH:     SEPTEMBER
                                          YEAR:      2022
                                          LATITUDE:   46 55 N
                                          LONGITUDE: 114  5 W

  TEMPERATURE IN F:       :PCPN:    SNOW:  WIND      :SUNSHINE: SKY     :PK WND
================================================================================
1   2   3   4   5  6A  6B    7    8   9   10  11  12  13   14  15   16   17  18
                                     12Z  AVG MX 2MIN
DY MAX MIN AVG DEP HDD CDD  WTR  SNW DPTH SPD SPD DIR MIN PSBL S-S WX    SPD DR
================================================================================

 1  94  58  76  13   0  11 0.00  0.0    0  6.8 24 280   M    M   0        31 250
 2  97  53  75  13   0  10 0.00  0.0    0  1.5  7 100   M    M   0        11  90
 3  87  50  69   7   0   4    T  0.0    0  4.0 31 300   M    M   1 38     42 290
 4  93  50  72  10   0   7 0.00  0.0    0  4.5 24 270   M    M   1 8      31 280
 5  90  48  69   8   0   4 0.00  0.0    0  4.9 20 300   M    M   0 8      29 280
 6  93  46  70   9   0   5 0.00  0.0    0  2.5 12 350   M    M   0 8      16 350
 7  95  51  73  12   0   8    T  0.0    0  5.7 39 280   M    M   1 8      52 260
 8  77  53  65   5   0   0 0.00  0.0    0  8.9 21 300   M    M   1 8      28 290
 9  71  43  57  -3   8   0 0.00  0.0    0  6.5 20 120   M    M   2        28 110
10  80  39  60   0   5   0 0.00  0.0    0  3.4  9 350   M    M   0 8      14 350
11  79  38  59   0   6   0 0.00  0.0    0  1.2  8 130   M    M   2 8      10 120
12  79  46  63   4   2   0 0.00  0.0    0  2.8 12 270   M    M   5 8      15 270
13  64  49  57  -2   8   0 0.05  0.0    0  3.1 17 150   M    M   6 18     24 160
14  72  47  60   2   5   0 0.00  0.0    0  3.0 13 160   M    M   4 128    18 170
15  75  46  61   3   4   0 0.00  0.0    0  3.5 15 260   M    M   4 18     21 250
16  72  48  60   2   5   0 0.19  0.0    0  3.0 18 240   M    M   2 3      24 240
17  77  40  59   2   6   0 0.00  0.0    0  2.9 14  10   M    M   1        19  10
18  76  41  59   2   6   0    T  0.0    0  4.1 36 160   M    M   1        44 160
19  79  44  62   6   3   0 0.00  0.0    0  2.8 12 120   M    M   3        13 120
20  67  44  56   0   9   0 0.00  0.0    0 11.5 25 120   M    M   1        34 120
21  77  51  64   8   1   0    T  0.0    0 12.5 24 120   M    M   2        33 120
22  60  47  54  -1  11   0 1.11  0.0    0  6.4 28 160   M    M  10 1      35 150
23  69  39  54  -1  11   0 0.00  0.0    0  4.6 15 310   M    M   3 12     21 300
24  77  43  60   6   5   0 0.00  0.0    0  2.4  9 300   M    M   1        13 330
25  79  43  61   7   4   0 0.00  0.0    0  1.2  9 330   M    M   0        13 350
================================================================================
SM 1979 1157        99  49  1.35  0.0    113.7          M       51
================================================================================
AV 79.2 46.3                               4.5 FASTST   M    M   2    MAX(MPH)
                                 MISC ---->    39 280                 52 260
================================================================================
NOTES:
# LAST OF SEVERAL OCCURRENCES

COLUMN 17 PEAK WIND IN M.P.H.

PRELIMINARY LOCAL CLIMATOLOGICAL DATA (WS FORM: F-6) , PAGE 2

                                          STATION:   MISSOULA MT
                                          MONTH:     SEPTEMBER
                                          YEAR:      2022
                                          LATITUDE:   46 55 N
                                          LONGITUDE: 114  5 W

[TEMPERATURE DATA]      [PRECIPITATION DATA]       SYMBOLS USED IN COLUMN 16

AVERAGE MONTHLY: 62.7   TOTAL FOR MONTH:   1.35    1 = FOG OR MIST
DPTR FM NORMAL:   4.2   DPTR FM NORMAL:    0.54    2 = FOG REDUCING VISIBILITY
HIGHEST:    97 ON  2    GRTST 24HR  1.11 ON 22-22      TO 1/4 MILE OR LESS
LOWEST:     38 ON 11                               3 = THUNDER
                        SNOW, ICE PELLETS, HAIL    4 = ICE PELLETS
                        TOTAL MONTH:   0.0 INCH    5 = HAIL
                        GRTST 24HR  0.0            6 = FREEZING RAIN OR DRIZZLE
                        GRTST DEPTH:  0            7 = DUSTSTORM OR SANDSTORM:
                                                       VSBY 1/2 MILE OR LESS
                                                   8 = SMOKE OR HAZE
[NO. OF DAYS WITH]      [WEATHER - DAYS WITH]      9 = BLOWING SNOW
                                                   X = TORNADO
MAX 32 OR BELOW:   0    0.01 INCH OR MORE:   3
MAX 90 OR ABOVE:   6    0.10 INCH OR MORE:   2
MIN 32 OR BELOW:   0    0.50 INCH OR MORE:   1
MIN  0 OR BELOW:   0    1.00 INCH OR MORE:   1

[HDD (BASE 65) ]
TOTAL THIS MO.    99    CLEAR  (SCALE 0-3)  19
DPTR FM NORMAL   -78    PTCLDY (SCALE 4-7)   5
TOTAL FM JUL 1   102    CLOUDY (SCALE 8-10)  1
DPTR FM NORMAL  -161

[CDD (BASE 65) ]
TOTAL THIS MO.    49
DPTR FM NORMAL    38    [PRESSURE DATA]
TOTAL FM JAN 1   609    HIGHEST SLP M ON M
DPTR FM NORMAL   306    LOWEST  SLP 29.67 ON 18

[REMARKS]
