000
CXUS51 KBTV 280700
CF6MSS
PRELIMINARY LOCAL CLIMATOLOGICAL DATA (WS FORM: F-6)

                                          STATION:   MASSENA NY
                                          MONTH:     SEPTEMBER
                                          YEAR:      2022
                                          LATITUDE:   44 55 N
                                          LONGITUDE:  74 51 W

  TEMPERATURE IN F:       :PCPN:    SNOW:  WIND      :SUNSHINE: SKY     :PK WND
================================================================================
1   2   3   4   5  6A  6B    7    8   9   10  11  12  13   14  15   16   17  18
                                     12Z  AVG MX 2MIN
DY MAX MIN AVG DEP HDD CDD  WTR  SNW DPTH SPD SPD DIR MIN PSBL S-S WX    SPD DR
================================================================================

 1  64  46  55 -10  10   0 0.01    M    M  7.5 18 270   M    M   6 1      25 270
 2  79  44  62  -2   3   0 0.00    M    M  3.9 15 210   M    M   1 1      18 210
 3  83  52  68   4   0   3 0.00    M    M  4.7 13 210   M    M   1 1      17 210
 4  70  56  63  -1   2   0 0.05    M    M  6.4 14  30   M    M   9 1      18  40
 5  64  54  59  -4   6   0 0.00    M    M  9.7 16  60   M    M   9        20  60
 6  69  57  63   0   2   0 0.00    M    M 10.3 18  50   M    M  10        23  50
 7  77  54  66   3   0   1 0.00    M    M  3.5 10  80   M    M   4 12     29  90
 8  80  50  65   3   0   0 0.00    M    M  1.2  8 250   M    M   2 12     12 280
 9  80  51  66   4   0   1 0.00    M    M  2.3 10 220   M    M   1 12     13 240
10  84  52  68   6   0   3 0.00    M    M  3.1 13 210   M    M   1 1      16 210
11  79  53  66   5   0   1    T    M    M  3.5 14 210   M    M   3 12     16 230
12  79  57  68   7   0   3 0.00    M    M  1.7 10  60   M    M   8 1      14  60
13  70  59  65   4   0   0 0.53    M    M  4.2 15 270   M    M   9 1      20 270
14  74  48  61   1   4   0 0.02    M    M 10.1 20 300   M    M   8        26 300
15  62  44  53  -7  12   0 0.00    M    M  6.0 15 260   M    M   1        20 280
16  66  43  55  -5  10   0    T    M    M  2.8 12 330   M    M   4        16 320
17  70  40  55  -4  10   0 0.00    M    M  1.2  7  90   M    M   0 1       9 100
18  70  50  60   1   5   0 0.37    M    M  7.9 15  50   M    M   6 1      20 220
19  57  53  55  -3  10   0 0.78    M    M  6.4 17 310   M    M  10 13     22 310
20  60  53  57  -1   8   0 0.17    M    M  3.0  9  30   M    M  10 18     11  20
21  76  53  65   7   0   0 0.16    M    M  5.4 20 230   M    M   7 123    25 220
22  69  48  59   2   6   0 0.21    M    M 11.7 21 330   M    M   7 138    29 320
23  56  36  46 -11  19   0 0.00    M    M  9.6 20 280   M    M   5        27 290
24  66  36  51  -5  14   0 0.00    M    M  6.8 16 260   M    M   0 1      21 230
25  62  50  56   0   9   0 0.05    M    M  2.1  8 150   M    M   8 1      10 110
26  66  50  58   3   7   0 0.25    M    M  6.0 21 210   M    M   8 128    26 250
27  64  52  58   3   7   0 0.16    M    M  7.4 17 210   M    M   9 1      26 210
================================================================================
SM 1896 1341       144  12  2.76    M    148.4          M      147
================================================================================
AV 70.2 49.7                               5.5 FASTST   M    M   5    MAX(MPH)
                                 MISC ---->  # 21 330               # 29  90
================================================================================
NOTES:
# LAST OF SEVERAL OCCURRENCES

COLUMN 17 PEAK WIND IN M.P.H.

PRELIMINARY LOCAL CLIMATOLOGICAL DATA (WS FORM: F-6) , PAGE 2

                                          STATION:   MASSENA NY
                                          MONTH:     SEPTEMBER
                                          YEAR:      2022
                                          LATITUDE:   44 55 N
                                          LONGITUDE:  74 51 W

[TEMPERATURE DATA]      [PRECIPITATION DATA]       SYMBOLS USED IN COLUMN 16

AVERAGE MONTHLY: 59.9   TOTAL FOR MONTH:   2.76    1 = FOG OR MIST
DPTR FM NORMAL:  -0.2   DPTR FM NORMAL:   -0.39    2 = FOG REDUCING VISIBILITY
HIGHEST:    84 ON 10    GRTST 24HR  0.87 ON 19-20      TO 1/4 MILE OR LESS
LOWEST:     36 ON 24,23                             3 = THUNDER
                        SNOW, ICE PELLETS, HAIL    4 = ICE PELLETS
                        TOTAL MONTH:  M            5 = HAIL
                        GRTST 24HR    M  ON   M    6 = FREEZING RAIN OR DRIZZLE
                        GRTST DEPTH:  M  ON   M    7 = DUSTSTORM OR SANDSTORM:
                                                       VSBY 1/2 MILE OR LESS
                                                   8 = SMOKE OR HAZE
[NO. OF DAYS WITH]      [WEATHER - DAYS WITH]      9 = BLOWING SNOW
                                                   X = TORNADO
MAX 32 OR BELOW:   0    0.01 INCH OR MORE:  12
MAX 90 OR ABOVE:   0    0.10 INCH OR MORE:   8
MIN 32 OR BELOW:   0    0.50 INCH OR MORE:   2
MIN  0 OR BELOW:   0    1.00 INCH OR MORE:   0

[HDD (BASE 65) ]
TOTAL THIS MO.   144    CLEAR  (SCALE 0-3)   8
DPTR FM NORMAL   -22    PTCLDY (SCALE 4-7)  10
TOTAL FM JUL 1   168    CLOUDY (SCALE 8-10)  9
DPTR FM NORMAL   -53

[CDD (BASE 65) ]
TOTAL THIS MO.    12
DPTR FM NORMAL   -20    [PRESSURE DATA]
TOTAL FM JAN 1   375    HIGHEST SLP M ON M
DPTR FM NORMAL   -27    LOWEST  SLP 29.52 ON 25

[REMARKS]
