000
CXUS55 KGJT 280910
CF6MTJ
PRELIMINARY LOCAL CLIMATOLOGICAL DATA (WS FORM: F-6)

                                          STATION:   MONTROSE CO
                                          MONTH:     SEPTEMBER
                                          YEAR:      2022
                                          LATITUDE:   38 30 N
                                          LONGITUDE: 107 53 W

  TEMPERATURE IN F:       :PCPN:    SNOW:  WIND      :SUNSHINE: SKY     :PK WND
================================================================================
1   2   3   4   5  6A  6B    7    8   9   10  11  12  13   14  15   16   17  18
                                     12Z  AVG MX 2MIN
DY MAX MIN AVG DEP HDD CDD  WTR  SNW DPTH SPD SPD DIR MIN PSBL S-S WX    SPD DR
================================================================================

 1  92  55  74   6   0   9 0.00    M    M  7.5 14 130   M    M   0        19 270
 2  94  55  75   7   0  10 0.00    M    M  7.4 15 150   M    M   0        20 310
 3  94  57  76   8   0  11 0.00    M    M  7.0 15 140   M    M   0        19 310
 4  92  57  75   8   0  10 0.00    M    M  6.9 15 290   M    M   0        19 300
 5  95  56  76   9   0  11 0.00    M    M  7.2 16 300   M    M   0        21 290
 6  96  55  76   9   0  11 0.00    M    M  8.4 16 290   M    M   0        20 290
 7  95  58  77  11   0  12 0.00    M    M  5.7 14 120   M    M   0        16 130
 8  93  56  75   9   0  10 0.00    M    M  5.5 14 300   M    M   0        17 290
 9  90  58  74   8   0   9 0.00    M    M  8.1 15 340   M    M   0        20 350
10  82  54  68   3   0   3 0.00    M    M  6.8 17 310   M    M   0        23 310
11  84  45  65   0   0   0 0.00    M    M  3.0 15 140   M    M   0        18 130
12  86  48  67   2   0   2 0.00    M    M  6.7 14 130   M    M   0        19 340
13  76  55  66   2   0   1 0.25    M    M  3.9 21 290   M    M   2 38     26 270
14  69  54  62  -2   3   0 0.13    M    M  3.4 22 220   M    M   7 3      33 210
15  74  51  63  -1   2   0 0.01    M    M  3.3 23 240   M    M   4 13     34 240
16  74  54  64   1   1   0 0.00    M    M  7.3 25 310   M    M   1        30 300
17  82  50  66   3   0   1 0.00    M    M  7.0 23 220   M    M   1        42 220
18  85  54  70   7   0   5 0.00    M    M  9.7 24 240   M    M   0 8      39 250
19  85  53  69   7   0   4 0.00    M    M  7.6 16 140   M    M   2        18 140
20  76  51  64   2   1   0 0.05    M    M  5.2 20 120   M    M   3        26 110
21  63  50  57  -4   8   0 0.32    M    M  3.5 12 140   M    M   5 1      14 130
22  71  55  63   2   2   0 0.11    M    M  5.4 18 360   M    M   6 138    26 230
23  74  49  62   1   3   0 0.00    M    M  5.8 12 130   M    M   1        15 350
24  76  43  60   0   5   0 0.00    M    M  6.4 12 140   M    M   0        15 320
25  78  42  60   0   5   0 0.00    M    M  6.7 13 130   M    M   0        16 150
26  81  45  63   4   2   0 0.00    M    M  7.3 13 140   M    M   0        17 330
27  79  49  64   5   1   0    T    M    M  6.5 21 210   M    M   2        31 230
================================================================================
SM 2236 1409        33 109  0.87    M    169.2          M       34
================================================================================
AV 82.8 52.2                               6.3 FASTST   M    M   1    MAX(MPH)
                                 MISC ---->    25 310                 42 220
================================================================================
NOTES:
# LAST OF SEVERAL OCCURRENCES

COLUMN 17 PEAK WIND IN M.P.H.

PRELIMINARY LOCAL CLIMATOLOGICAL DATA (WS FORM: F-6) , PAGE 2

                                          STATION:   MONTROSE CO
                                          MONTH:     SEPTEMBER
                                          YEAR:      2022
                                          LATITUDE:   38 30 N
                                          LONGITUDE: 107 53 W

[TEMPERATURE DATA]      [PRECIPITATION DATA]       SYMBOLS USED IN COLUMN 16

AVERAGE MONTHLY: 67.5   TOTAL FOR MONTH:   0.87    1 = FOG OR MIST
DPTR FM NORMAL:   3.6   DPTR FM NORMAL:   -0.18    2 = FOG REDUCING VISIBILITY
HIGHEST:    96 ON  6    GRTST 24HR  0.43 ON 21-22      TO 1/4 MILE OR LESS
LOWEST:     42 ON 25                               3 = THUNDER
                        SNOW, ICE PELLETS, HAIL    4 = ICE PELLETS
                        TOTAL MONTH:  M            5 = HAIL
                        GRTST 24HR    M  ON   M    6 = FREEZING RAIN OR DRIZZLE
                        GRTST DEPTH:  M  ON   M    7 = DUSTSTORM OR SANDSTORM:
                                                       VSBY 1/2 MILE OR LESS
                                                   8 = SMOKE OR HAZE
[NO. OF DAYS WITH]      [WEATHER - DAYS WITH]      9 = BLOWING SNOW
                                                   X = TORNADO
MAX 32 OR BELOW:   0    0.01 INCH OR MORE:   6
MAX 90 OR ABOVE:   9    0.10 INCH OR MORE:   4
MIN 32 OR BELOW:   0    0.50 INCH OR MORE:   0
MIN  0 OR BELOW:   0    1.00 INCH OR MORE:   0

[HDD (BASE 65) ]
TOTAL THIS MO.    33    CLEAR  (SCALE 0-3)  22
DPTR FM NORMAL   -48    PTCLDY (SCALE 4-7)   5
TOTAL FM JUL 1    34    CLOUDY (SCALE 8-10)  0
DPTR FM NORMAL   -51

[CDD (BASE 65) ]
TOTAL THIS MO.   109
DPTR FM NORMAL    61    [PRESSURE DATA]
TOTAL FM JAN 1   869    HIGHEST SLP M ON M
DPTR FM NORMAL   172    LOWEST  SLP 29.57 ON  9

[REMARKS]
