000
CXUS54 KFWD 280731
CF6MWL
PRELIMINARY LOCAL CLIMATOLOGICAL DATA (WS FORM: F-6)

                                          STATION:   MINERAL WELLS
                                          MONTH:     SEPTEMBER
                                          YEAR:      2022
                                          LATITUDE:   32 46 N
                                          LONGITUDE:  98  4 W

  TEMPERATURE IN F:       :PCPN:    SNOW:  WIND      :SUNSHINE: SKY     :PK WND
================================================================================
1   2   3   4   5  6A  6B    7    8   9   10  11  12  13   14  15   16   17  18
                                     12Z  AVG MX 2MIN
DY MAX MIN AVG DEP HDD CDD  WTR  SNW DPTH SPD SPD DIR MIN PSBL S-S WX    SPD DR
================================================================================

 1  82  73  78  -3   0  13 0.26    M    M  4.6 16 140   M    M   5 123    22 150
 2  85  72  79  -1   0  14 0.03    M    M  6.4 20 150   M    M   3 13     26 160
 3  97  70  84   4   0  19 0.00    M    M  4.6 16  70   M    M   1 1      21  70
 4  97  67  82   2   0  17 1.50    M    M  4.9 32  90   M    M   2 123    42  90
 5  93  67  80   0   0  15 0.85    M    M  5.3 22 180   M    M   3 13     31 180
 6  96  66  81   2   0  16 0.00    M    M  2.8 12  70   M    M   1        17 100
 7  95  69  82   3   0  17 0.00    M    M  4.3 15  60   M    M   0        21  50
 8  93  66  80   1   0  15 0.00    M    M  5.4 14 100   M    M   1        18 120
 9  90  68  79   1   0  14 0.00    M    M  7.4 14 130   M    M   2        20 140
10  91  64  78   0   0  13 0.00    M    M  4.4 14  60   M    M   0        18  80
11  84  65  75  -3   0  10 0.00    M    M  9.2 18 360   M    M   2        26 350
12  88  61  75  -3   0  10 0.00    M    M  4.6 10  80   M    M   2        15  80
13  92  64  78   1   0  13 0.00    M    M  9.3 17 140   M    M   1        23 150
14  91  67  79   2   0  14 0.00    M    M  9.6 16 130   M    M   0        22 130
15  89  62  76  -1   0  11 0.00    M    M  8.1 17 120   M    M   0        24 140
16  93  66  80   4   0  15 0.00    M    M  9.9 18 130   M    M   0        27 130
17  95  73  84   8   0  19 0.00    M    M 10.2 18 130   M    M   1        26 130
18  97  72  85   9   0  20 0.00    M    M  9.1 18 130   M    M   0        25 120
19  96  70  83   8   0  18 0.00    M    M  8.4 18 140   M    M   0        27 140
20  97  70  84   9   0  19 0.00    M    M  8.4 16 130   M    M   0        24 120
21  97  70  84   9   0  19 0.00    M    M  7.5 16 120   M    M   0        21 130
22  99  66  83   9   0  18 0.00    M    M  3.9 13 300   M    M   1        18 300
23  99  63  81   7   0  16 0.00    M    M  6.8 20 190   M    M   0        29 170
24  98  68  83   9   0  18 0.00    M    M  7.9 17 150   M    M   0        26 140
25 100  69  85  11   0  20    T    M    M  5.6 16  30   M    M   2 3      23  20
26  88  60  74   1   0   9 0.00    M    M  6.2 16  90   M    M   0        26  80
27  91  53  72  -1   0   7 0.00    M    M  5.8 15 120   M    M   0        22 140
================================================================================
SM 2513 1801         0 409  2.64    M    180.6          M       27
================================================================================
AV 93.1 66.7                               6.7 FASTST   M    M   1    MAX(MPH)
                                 MISC ---->    32  90                 42  90
================================================================================
NOTES:
# LAST OF SEVERAL OCCURRENCES

COLUMN 17 PEAK WIND IN M.P.H.

PRELIMINARY LOCAL CLIMATOLOGICAL DATA (WS FORM: F-6) , PAGE 2

                                          STATION:   MINERAL WELLS
                                          MONTH:     SEPTEMBER
                                          YEAR:      2022
                                          LATITUDE:   32 46 N
                                          LONGITUDE:  98  4 W

[TEMPERATURE DATA]      [PRECIPITATION DATA]       SYMBOLS USED IN COLUMN 16

AVERAGE MONTHLY: 79.9   TOTAL FOR MONTH:   2.64    1 = FOG OR MIST
DPTR FM NORMAL:   3.0   DPTR FM NORMAL:    0.18    2 = FOG REDUCING VISIBILITY
HIGHEST:   100 ON 25    GRTST 24HR  1.50 ON  4- 4      TO 1/4 MILE OR LESS
LOWEST:     53 ON 27                               3 = THUNDER
                        SNOW, ICE PELLETS, HAIL    4 = ICE PELLETS
                        TOTAL MONTH:  M            5 = HAIL
                        GRTST 24HR    M  ON   M    6 = FREEZING RAIN OR DRIZZLE
                        GRTST DEPTH:  M  ON   M    7 = DUSTSTORM OR SANDSTORM:
                                                       VSBY 1/2 MILE OR LESS
                                                   8 = SMOKE OR HAZE
[NO. OF DAYS WITH]      [WEATHER - DAYS WITH]      9 = BLOWING SNOW
                                                   X = TORNADO
MAX 32 OR BELOW:   0    0.01 INCH OR MORE:   4
MAX 90 OR ABOVE:  21    0.10 INCH OR MORE:   3
MIN 32 OR BELOW:   0    0.50 INCH OR MORE:   2
MIN  0 OR BELOW:   0    1.00 INCH OR MORE:   1

[HDD (BASE 65) ]
TOTAL THIS MO.     0    CLEAR  (SCALE 0-3)  26
DPTR FM NORMAL     0    PTCLDY (SCALE 4-7)   1
TOTAL FM JUL 1     0    CLOUDY (SCALE 8-10)  0
DPTR FM NORMAL     0

[CDD (BASE 65) ]
TOTAL THIS MO.   409
DPTR FM NORMAL    84    [PRESSURE DATA]
TOTAL FM JAN 1  3077    HIGHEST SLP M ON M
DPTR FM NORMAL   755    LOWEST  SLP 29.71 ON  9

[REMARKS]
