000
CXUS56 KSGX 271045
CF6MYF
PRELIMINARY LOCAL CLIMATOLOGICAL DATA (WS FORM: F-6)

                                          STATION:   SAN DIEGO/MONTGOMERY FLD CA
                                          MONTH:     SEPTEMBER
                                          YEAR:      2022
                                          LATITUDE:   32 49 N
                                          LONGITUDE: 117  9 W

  TEMPERATURE IN F:       :PCPN:    SNOW:  WIND      :SUNSHINE: SKY     :PK WND
================================================================================
1   2   3   4   5  6A  6B    7    8   9   10  11  12  13   14  15   16   17  18
                                     12Z  AVG MX 2MIN
DY MAX MIN AVG DEP HDD CDD  WTR  SNW DPTH SPD SPD DIR MIN PSBL S-S WX    SPD DR
================================================================================

 1  90  69  80   6   0  15 0.00    M    M  5.5 14 200   M    M   0 8      18 180
 2  91  71  81   7   0  16 0.00    M    M  4.6 12 240   M    M   0        16 220
 3  99  76  88  14   0  23 0.00    M    M  5.8 14 300   M    M   0        19 230
 4  90  76  83   9   0  18 0.02    M    M  7.9 18 200   M    M   1 3      23 200
 5  91  72  82   8   0  17 0.00    M    M  5.1 13 220   M    M   0        15 220
 6  90  70  80   6   0  15 0.00    M    M  4.0 12 240   M    M   0        14 240
 7  96  72  84  10   0  19 0.00    M    M  4.1 13 200   M    M   0        18 190
 8  96  74  85  11   0  20    T    M    M  5.2 18 320   M    M   0        22 330
 9  89  69  79   6   0  14 0.39    M    M  6.9 17  40   M    M   7 1      22  40
10  80  70  75   2   0  10    T    M    M  5.4 12 210   M    M   6        14 180
11  87  73  80   7   0  15 0.00    M    M  5.3 15 250   M    M   5        19 230
12  83  71  77   4   0  12    T    M    M  5.3 15 280   M    M   2        18 280
13  81  67  74   1   0   9 0.00    M    M  5.6 15 250   M    M   2 1      20 250
14  75  67  71  -2   0   6 0.00    M    M  5.2 12 270   M    M   7        15 240
15  76  64  70  -3   0   5 0.00    M    M  4.8 13 250   M    M   3        16 240
16  76  61  69  -4   0   4 0.00    M    M  5.5 14 230   M    M   2        19 240
17  74  62  68  -4   0   3 0.00    M    M  5.5 14 250   M    M   7        18 260
18  74  62  68  -4   0   3 0.00    M    M  5.2 14 250   M    M   5        20 220
19  77  62  70  -2   0   5 0.00    M    M  5.6 15 290   M    M   2        24 290
20  80  61  71  -1   0   6 0.00    M    M  7.8 17 290   M    M   2        22 300
21  78  65  72   0   0   7 0.00    M    M  8.7 18 300   M    M   3        22 290
22  82  58  70  -2   0   5 0.00    M    M  5.7 13 280   M    M   0        16 280
23  87  66  77   5   0  12 0.00    M    M  4.9 10 280   M    M   0        15 300
24  87  67  77   6   0  12 0.00    M    M  6.1 15 310   M    M   0        19 300
25  85  68  77   6   0  12 0.00    M    M  7.7 16 310   M    M   0        21 320
26  85  67  76   5   0  11 0.00    M    M  6.5 14 290   M    M   0 1      20 270
================================================================================
SM 2199 1760         0 294  0.41    M    149.9          M       54
================================================================================
AV 84.6 67.7                               5.8 FASTST   M    M   2    MAX(MPH)
                                 MISC ---->  # 18 200                 24 290
================================================================================
NOTES:
# LAST OF SEVERAL OCCURRENCES

COLUMN 17 PEAK WIND IN M.P.H.

PRELIMINARY LOCAL CLIMATOLOGICAL DATA (WS FORM: F-6) , PAGE 2

                                          STATION:   SAN DIEGO/MONTGOMERY FLD CA
                                          MONTH:     SEPTEMBER
                                          YEAR:      2022
                                          LATITUDE:   32 49 N
                                          LONGITUDE: 117  9 W

[TEMPERATURE DATA]      [PRECIPITATION DATA]       SYMBOLS USED IN COLUMN 16

AVERAGE MONTHLY: 76.1   TOTAL FOR MONTH:   0.41    1 = FOG OR MIST
DPTR FM NORMAL:   3.3   DPTR FM NORMAL:    0.27    2 = FOG REDUCING VISIBILITY
HIGHEST:    99 ON  3    GRTST 24HR  0.39 ON  9- 9      TO 1/4 MILE OR LESS
LOWEST:     58 ON 22                               3 = THUNDER
                        SNOW, ICE PELLETS, HAIL    4 = ICE PELLETS
                        TOTAL MONTH:  M            5 = HAIL
                        GRTST 24HR    M  ON   M    6 = FREEZING RAIN OR DRIZZLE
                        GRTST DEPTH:  M  ON   M    7 = DUSTSTORM OR SANDSTORM:
                                                       VSBY 1/2 MILE OR LESS
                                                   8 = SMOKE OR HAZE
[NO. OF DAYS WITH]      [WEATHER - DAYS WITH]      9 = BLOWING SNOW
                                                   X = TORNADO
MAX 32 OR BELOW:   0    0.01 INCH OR MORE:   2
MAX 90 OR ABOVE:   8    0.10 INCH OR MORE:   1
MIN 32 OR BELOW:   0    0.50 INCH OR MORE:   0
MIN  0 OR BELOW:   0    1.00 INCH OR MORE:   0

[HDD (BASE 65) ]
TOTAL THIS MO.     0    CLEAR  (SCALE 0-3)  19
DPTR FM NORMAL     0    PTCLDY (SCALE 4-7)   7
TOTAL FM JUL 1     0    CLOUDY (SCALE 8-10)  0
DPTR FM NORMAL    -1

[CDD (BASE 65) ]
TOTAL THIS MO.   294
DPTR FM NORMAL    91    [PRESSURE DATA]
TOTAL FM JAN 1  1166    HIGHEST SLP M ON M
DPTR FM NORMAL   317    LOWEST  SLP 29.48 ON  9

[REMARKS]
