000
CXUS55 KBOI 281002
CF6MYL
PRELIMINARY LOCAL CLIMATOLOGICAL DATA (WS FORM: F-6)

                                          STATION:   MCCALL ID
                                          MONTH:     SEPTEMBER
                                          YEAR:      2022
                                          LATITUDE:   44 52 N
                                          LONGITUDE: 116  6 W

  TEMPERATURE IN F:       :PCPN:    SNOW:  WIND      :SUNSHINE: SKY     :PK WND
================================================================================
1   2   3   4   5  6A  6B    7    8   9   10  11  12  13   14  15   16   17  18
                                     12Z  AVG MX 2MIN
DY MAX MIN AVG DEP HDD CDD  WTR  SNW DPTH SPD SPD DIR MIN PSBL S-S WX    SPD DR
================================================================================

 1  89  54  72  13   0   7 0.00    M    M  3.4 12 260   M    M   1        16 340
 2  91  45  68   9   0   3 0.00    M    M  2.4 12 180   M    M   0        15 180
 3  87  48  68  10   0   3 0.00    M    M  3.0 15 360   M    M   0        22  10
 4  88  46  67   9   0   2 0.00    M    M  3.3 17 190   M    M   2 8      22 200
 5  87  44  66   8   0   1 0.00    M    M  4.0 13 180   M    M   0 8      20 350
 6  95  46  71  13   0   6 0.00    M    M  4.0 20 190   M    M   0 8      24 190
 7  92  52  72  15   0   7 0.04    M    M  5.4 29 190   M    M   1 3      45 200
 8  75  52  64   7   1   0    T    M    M  6.9 18 260   M    M   5 8      26 300
 9  73  34  54  -3  11   0 0.00    M    M  6.5 15 360   M    M   5 8      22  20
10  77  36  57   1   8   0 0.00    M    M  2.5 10 280   M    M   3 8      15 330
11  81  37  59   3   6   0 0.00    M    M  1.6 10 320   M    M   0        14 300
12  79  41  60   4   5   0    T    M    M  2.6 12 360   M    M   1 8      16  10
13  65  50  58   3   7   0 0.13    M    M  4.1 25 320   M    M   7 38     36 320
14  71  41  56   1   9   0 0.04    M    M  2.1  8  10   M    M   4 128    12 280
15  71  47  59   4   6   0    T    M    M  3.8 17 150   M    M   3 38     24 140
16  69  40  55   1  10   0 0.00    M    M  2.8 12 260   M    M   4 128    18 190
17  72  37  55   1  10   0 0.04    M    M  3.2 21 210   M    M   2 3      28 220
18  72  41  57   3   8   0 0.04    M    M  4.5 15  40   M    M   3 3      21  50
19  75  41  58   5   7   0 0.00    M    M  3.5 15  10   M    M   1        18  10
20  78  41  60   7   5   0 0.00    M    M  4.1 14 320   M    M   0        21 270
21  70  42  56   4   9   0 0.01    M    M  4.7 18 230   M    M   2 3      26 230
22  59  42  51  -1  14   0    T    M    M  6.3 15 170   M    M   7        20 190
23  70  34  52   0  13   0 0.00    M    M  1.5 10 320   M    M   1 8      14 180
24  77  35  56   5   9   0 0.00    M    M  2.1 10 280   M    M   0        14 290
25  82  39  61  10   4   0 0.00    M    M  2.2 12 260   M    M   0        16 260
26  82  38  60  10   5   0 0.00    M    M  2.7 10 300   M    M   0        16 170
27  85  39  62  12   3   0 0.00    M    M  2.1 13 190   M    M   0        17 180
================================================================================
SM 2112 1142       150  29  0.30    M     95.3          M       52
================================================================================
AV 78.2 42.3                               3.5 FASTST   M    M   2    MAX(MPH)
                                 MISC ---->    29 190                 45 200
================================================================================
NOTES:
# LAST OF SEVERAL OCCURRENCES

COLUMN 17 PEAK WIND IN M.P.H.

PRELIMINARY LOCAL CLIMATOLOGICAL DATA (WS FORM: F-6) , PAGE 2

                                          STATION:   MCCALL ID
                                          MONTH:     SEPTEMBER
                                          YEAR:      2022
                                          LATITUDE:   44 52 N
                                          LONGITUDE: 116  6 W

[TEMPERATURE DATA]      [PRECIPITATION DATA]       SYMBOLS USED IN COLUMN 16

AVERAGE MONTHLY: 60.3   TOTAL FOR MONTH:   0.30    1 = FOG OR MIST
DPTR FM NORMAL:   5.4   DPTR FM NORMAL:   -0.54    2 = FOG REDUCING VISIBILITY
HIGHEST:    95 ON  6    GRTST 24HR  0.13 ON 12-13      TO 1/4 MILE OR LESS
LOWEST:     34 ON 23, 9                             3 = THUNDER
                        SNOW, ICE PELLETS, HAIL    4 = ICE PELLETS
                        TOTAL MONTH:  M            5 = HAIL
                        GRTST 24HR    M  ON   M    6 = FREEZING RAIN OR DRIZZLE
                        GRTST DEPTH:  M  ON   M    7 = DUSTSTORM OR SANDSTORM:
                                                       VSBY 1/2 MILE OR LESS
                                                   8 = SMOKE OR HAZE
[NO. OF DAYS WITH]      [WEATHER - DAYS WITH]      9 = BLOWING SNOW
                                                   X = TORNADO
MAX 32 OR BELOW:   0    0.01 INCH OR MORE:   6
MAX 90 OR ABOVE:   3    0.10 INCH OR MORE:   1
MIN 32 OR BELOW:   0    0.50 INCH OR MORE:   0
MIN  0 OR BELOW:   0    1.00 INCH OR MORE:   0

[HDD (BASE 65) ]
TOTAL THIS MO.   150    CLEAR  (SCALE 0-3)  20
DPTR FM NORMAL  -132    PTCLDY (SCALE 4-7)   7
TOTAL FM JUL 1   167    CLOUDY (SCALE 8-10)  0
DPTR FM NORMAL  -305

[CDD (BASE 65) ]
TOTAL THIS MO.    29
DPTR FM NORMAL    27    [PRESSURE DATA]
TOTAL FM JAN 1   342    HIGHEST SLP M ON M
DPTR FM NORMAL   234    LOWEST  SLP 29.67 ON 18

[REMARKS]
