000
CXUS54 KFWD 260730
CF6NFW
PRELIMINARY LOCAL CLIMATOLOGICAL DATA (WS FORM: F-6)

                                          STATION:   FORT WORTH NAS JRB
                                          MONTH:     SEPTEMBER
                                          YEAR:      2022
                                          LATITUDE:   32 46 N
                                          LONGITUDE:  97-26 E

  TEMPERATURE IN F:       :PCPN:    SNOW:  WIND      :SUNSHINE: SKY     :PK WND
================================================================================
1   2   3   4   5  6A  6B    7    8   9   10  11  12  13   14  15   16   17  18
                                     12Z  AVG MX 2MIN
DY MAX MIN AVG DEP HDD CDD  WTR  SNW DPTH SPD SPD DIR MIN PSBL S-S WX    SPD DR
================================================================================

 1  86  73  80   M   0  15 0.78    M    M  5.3 25 290   M    M   6 123    30 280
 2  85  73  79   M   0  14 0.08    M    M  7.3 20 210   M    M   6 13     23 210
 3  95  73  84   M   0  19 0.00    M    M  7.1 20 130   M    M   2        24 120
 4  94  72  83   M   0  18 0.31    M    M  8.0 37  40   M    M   2 3      50  40
 5   M   M   M   M   M   M    M    M    M  7.7 18 190   M    M   2        25 210
 6  95  72  84   M   0  19 0.00    M    M  6.0 20 180   M    M   4        21 120
 7  94  74  84   M   0  19 0.00    M    M  7.0 14 360   M    M   1        19  30
 8  90  74  82   M   0  17 0.00    M    M  7.7 14 280   M    M   3        25 200
 9  89  70  80   M   0  15 0.00    M    M  6.3 12 110   M    M   1        23 100
10  89  67  78   M   0  13 0.00    M    M  7.0 14 280   M    M   1        22 110
11  82  68  75   M   0  10 0.00    M    M 11.0 21 350   M    M   2        29 350
12  86  68  77   M   0  12 0.00    M    M  6.6 13 280   M    M   3        14 270
13  91  70  81   M   0  16 0.00    M    M  9.1 20 110   M    M   2        27 150
14  90  68  79   M   0  14 0.00    M    M  8.6 20 120   M    M   2        23 110
15  88  68  78   M   0  13 0.00    M    M  7.9 20 120   M    M   1        26 210
16  92  70  81   M   0  16 0.00    M    M 11.5 21 150   M    M   1        25 140
17  93  75  84   M   0  19 0.00    M    M 13.8 18 170   M    M   3        36 200
18  94  77  86   M   0  21 0.00    M    M 12.2 20 180   M    M   1        25 210
19  96  77  87   M   0  22    M    M    M  9.0 18 120   M    M   1        25 130
20  95  77  86   M   0  21 0.00    M    M  8.0 20 130   M    M   1        24 110
21  96  77  87   M   0  22 0.00    M    M  6.0 20 190   M    M   1        23 120
22  97  74  86   M   0  21 0.00    M    M  5.1 14 290   M    M   1        18 290
23  97  73  85   M   0  20 0.00    M    M  8.2 21 160   M    M   2        24 140
24  96  78  87   M   0  22 0.00    M    M  9.2 20 180   M    M   1        25 170
25  98  79  89   M   0  24    T    M    M  7.0 23  50   M    M   4 8      33  60
================================================================================
SM 2208 1747         0 422  1.17    M    202.6          M       54
================================================================================
AV 92.0 72.8                               8.1 FASTST   M    M   2    MAX(MPH)
                                 MISC ---->    37  40                 50  40
================================================================================
NOTES:
# LAST OF SEVERAL OCCURRENCES

COLUMN 17 PEAK WIND IN M.P.H.

PRELIMINARY LOCAL CLIMATOLOGICAL DATA (WS FORM: F-6) , PAGE 2

                                          STATION:   FORT WORTH NAS JRB
                                          MONTH:     SEPTEMBER
                                          YEAR:      2022
                                          LATITUDE:   32 46 N
                                          LONGITUDE:  97-26 E

[TEMPERATURE DATA]      [PRECIPITATION DATA]       SYMBOLS USED IN COLUMN 16

AVERAGE MONTHLY: 82.4   TOTAL FOR MONTH:   1.17    1 = FOG OR MIST
DPTR FM NORMAL:   0.0   DPTR FM NORMAL:    1.17    2 = FOG REDUCING VISIBILITY
HIGHEST:    98 ON 25    GRTST 24HR  0.81 ON  1- 2      TO 1/4 MILE OR LESS
LOWEST:     67 ON 10                               3 = THUNDER
                        SNOW, ICE PELLETS, HAIL    4 = ICE PELLETS
                        TOTAL MONTH:  M            5 = HAIL
                        GRTST 24HR    M  ON   M    6 = FREEZING RAIN OR DRIZZLE
                        GRTST DEPTH:  M  ON   M    7 = DUSTSTORM OR SANDSTORM:
                                                       VSBY 1/2 MILE OR LESS
                                                   8 = SMOKE OR HAZE
[NO. OF DAYS WITH]      [WEATHER - DAYS WITH]      9 = BLOWING SNOW
                                                   X = TORNADO
MAX 32 OR BELOW:   0    0.01 INCH OR MORE:   3
MAX 90 OR ABOVE:  17    0.10 INCH OR MORE:   2
MIN 32 OR BELOW:   0    0.50 INCH OR MORE:   1
MIN  0 OR BELOW:   0    1.00 INCH OR MORE:   0

[HDD (BASE 65) ]
TOTAL THIS MO.     0    CLEAR  (SCALE 0-3)  21
DPTR FM NORMAL     M    PTCLDY (SCALE 4-7)   4
TOTAL FM JUL 1     0    CLOUDY (SCALE 8-10)  0
DPTR FM NORMAL     M

[CDD (BASE 65) ]
TOTAL THIS MO.   422
DPTR FM NORMAL     M    [PRESSURE DATA]
TOTAL FM JAN 1  3208    HIGHEST SLP M ON M
DPTR FM NORMAL     M    LOWEST  SLP 29.72 ON  9

[REMARKS]
