000
CXUS53 KOAX 250930
CF6OAX
PRELIMINARY LOCAL CLIMATOLOGICAL DATA (WS FORM: F-6)

                                          STATION:   VALLEY NWS NE
                                          MONTH:     SEPTEMBER
                                          YEAR:      2022
                                          LATITUDE:   41 19 N
                                          LONGITUDE:  96 22 W

  TEMPERATURE IN F:       :PCPN:    SNOW:  WIND      :SUNSHINE: SKY     :PK WND
================================================================================
1   2   3   4   5  6A  6B    7    8   9   10  11  12  13   14  15   16   17  18
                                     12Z  AVG MX 2MIN
DY MAX MIN AVG DEP HDD CDD  WTR  SNW DPTH SPD SPD DIR MIN PSBL S-S WX    SPD DR
================================================================================

 1  87  68  78   6   0  13 0.00  0.0    0    M  M   M   M    M   M        18   M
 2  94  68  81  10   0  16 0.00  0.0    0    M  M   M   M    M   M        22   M
 3  82  58  70  -1   0   5 0.00  0.0    0    M  M   M   M    M   M        23   M
 4  82  53  68  -3   0   3 0.00  0.0    0    M  M   M   M    M   M        20   M
 5  82  64  73   2   0   8 0.00  0.0    0    M  M   M   M    M   M        18   M
 6  91  65  78   8   0  13 0.00  0.0    0    M  M   M   M    M   M        24   M
 7  87  67  77   7   0  12 0.00  0.0    0    M  M   M   M    M   M        16   M
 8  92  64  78   8   0  13 0.00  0.0    0    M  M   M   M    M   M        28   M
 9  80  61  71   2   0   6 0.00  0.0    0    M  M   M   M    M   M        26   M
10  69  51  60  -9   5   0 0.95  0.0    0    M  M   M   M    M   M 3      26   M
11  77  47  62  -7   3   0 0.00  0.0    0    M  M   M   M    M   M        16   M
12  83  49  66  -2   0   1 0.00  0.0    0    M  M   M   M    M   M        10   M
13  87  56  72   4   0   7 0.00  0.0    0    M  M   M   M    M   M        21   M
14  90  64  77   9   0  12 0.00  0.0    0    M  M   M   M    M   M        31   M
15  88  67  78  10   0  13 0.00  0.0    0    M  M   M   M    M   M        29   M
16  87  65  76   9   0  11    T  0.0    0    M  M   M   M    M   M        21   M
17  83  66  75   8   0  10 0.46  0.0    0    M  M   M   M    M   M 3      29   M
18  84  65  75   9   0  10    T  0.0    0    M  M   M   M    M   M        16   M
19  92  62  77  11   0  12 0.00  0.0    0    M  M   M   M    M   M        25   M
20  99  74  87  21   0  22 0.00  0.0    0    M  M   M   M    M   M        25   M
21  75  55  65   0   0   0 0.01  0.0    0    M  M   M   M    M   M        30   M
22  63  51  57  -8   8   0    T  0.0    0    M  M   M   M    M   M        15   M
23  62  52  57  -7   8   0 0.24  0.0    0    M  M   M   M    M   M        29   M
24  87  52  70   6   0   5 0.00  0.0    0    M  M   M   M    M   M 1      29   M
================================================================================
SM 2003 1444        24 192  1.66  0.0        M          M        M
================================================================================
AV 83.5 60.2                                 M FASTST   M    M   M    MAX(MPH)
                                 MISC ---->     M   M                 31 9999
================================================================================
NOTES:
# LAST OF SEVERAL OCCURRENCES

COLUMN 17 PEAK WIND IN M.P.H.

PRELIMINARY LOCAL CLIMATOLOGICAL DATA (WS FORM: F-6) , PAGE 2

                                          STATION:   VALLEY NWS NE
                                          MONTH:     SEPTEMBER
                                          YEAR:      2022
                                          LATITUDE:   41 19 N
                                          LONGITUDE:  96 22 W

[TEMPERATURE DATA]      [PRECIPITATION DATA]       SYMBOLS USED IN COLUMN 16

AVERAGE MONTHLY: 71.8   TOTAL FOR MONTH:   1.66    1 = FOG OR MIST
DPTR FM NORMAL:   3.7   DPTR FM NORMAL:   -0.78    2 = FOG REDUCING VISIBILITY
HIGHEST:    99 ON 20    GRTST 24HR  0.95 ON 10-10      TO 1/4 MILE OR LESS
LOWEST:     47 ON 11                               3 = THUNDER
                        SNOW, ICE PELLETS, HAIL    4 = ICE PELLETS
                        TOTAL MONTH:   0.0 INCH    5 = HAIL
                        GRTST 24HR  0.0            6 = FREEZING RAIN OR DRIZZLE
                        GRTST DEPTH:  0            7 = DUSTSTORM OR SANDSTORM:
                                                       VSBY 1/2 MILE OR LESS
                                                   8 = SMOKE OR HAZE
[NO. OF DAYS WITH]      [WEATHER - DAYS WITH]      9 = BLOWING SNOW
                                                   X = TORNADO
MAX 32 OR BELOW:   0    0.01 INCH OR MORE:   4
MAX 90 OR ABOVE:   6    0.10 INCH OR MORE:   3
MIN 32 OR BELOW:   0    0.50 INCH OR MORE:   1
MIN  0 OR BELOW:   0    1.00 INCH OR MORE:   0

[HDD (BASE 65) ]
TOTAL THIS MO.    24    CLEAR  (SCALE 0-3)   0
DPTR FM NORMAL   -24    PTCLDY (SCALE 4-7)   0
TOTAL FM JUL 1    24    CLOUDY (SCALE 8-10) 24
DPTR FM NORMAL   -29

[CDD (BASE 65) ]
TOTAL THIS MO.   192
DPTR FM NORMAL    70    [PRESSURE DATA]
TOTAL FM JAN 1  1488    HIGHEST SLP M ON M
DPTR FM NORMAL   319    LOWEST  SLP M ON M

[REMARKS]
