000
CXUS51 KAKQ 280710
CF6OFP
PRELIMINARY LOCAL CLIMATOLOGICAL DATA (WS FORM: F-6)

                                          STATION:   RICHMOND/HANOVER
                                          MONTH:     SEPTEMBER
                                          YEAR:      2022
                                          LATITUDE:   37 42 N
                                          LONGITUDE:  77 26 W

  TEMPERATURE IN F:       :PCPN:    SNOW:  WIND      :SUNSHINE: SKY     :PK WND
================================================================================
1   2   3   4   5  6A  6B    7    8   9   10  11  12  13   14  15   16   17  18
                                     12Z  AVG MX 2MIN
DY MAX MIN AVG DEP HDD CDD  WTR  SNW DPTH SPD SPD DIR MIN PSBL S-S WX    SPD DR
================================================================================

 1  88  62  75   1   0  10 0.00    M    M  2.8 10 300   M    M   0 1       M   M
 2  91  62  77   3   0  12 0.00    M    M  2.4  8 100   M    M   2         M   M
 3  92  67  80   6   0  15 0.00    M    M  2.3  8 170   M    M   4 1       M   M
 4  91  68  80   6   0  15 0.00    M    M  3.3  8 120   M    M   3         M   M
 5  88  70  79   6   0  14 0.00    M    M  4.0  7 140   M    M   4         M   M
 6  90  72  81   8   0  16 0.28    M    M  5.0 16 290   M    M   6 1      21 290
 7  85  70  78   5   0  13 0.97    M    M  2.5 10  20   M    M   8 12     20  20
 8  80  63  72  -1   0   7 0.00    M    M  2.4  7  99   M    M   7         M   M
 9  84  60  72   0   0   7 0.00    M    M  2.5  9  80   M    M   0 1       M   M
10  83  60  72   0   0   7 0.00    M    M  2.2  7  99   M    M   6         M   M
11  86  71  79   7   0  14 0.61    M    M  3.5 10 260   M    M   9 13     18 240
12  90  70  80   9   0  15 0.48    M    M  3.5  9 250   M    M   7 12     20 230
13  83  63  73   2   0   8 0.17    M    M  4.3 13 290   M    M   4 12     18 280
14  81  56  69  -2   0   4 0.00    M    M  2.0  9 310   M    M   1 1       M   M
15  83  58  71   1   0   6 0.00    M    M  2.1  8 360   M    M   1 1       M   M
16  82  57  70   0   0   5 0.00    M    M  1.0  5  30   M    M   0 1       M   M
17  83  56  70   0   0   5 0.00    M    M  1.4  6  99   M    M   0         M   M
18  86  58  72   2   0   7 0.00    M    M  3.0  9 230   M    M   0 12      M   M
19  89  62  76   7   0  11 0.00    M    M  5.0 13 220   M    M   1        22 230
20  88  64  76   7   0  11 0.00    M    M  2.7 10 320   M    M   1 1       M   M
21  88  61  75   7   0  10 0.00    M    M  1.2  7 220   M    M   0 1       M   M
22  90  60  75   7   0  10 0.13    M    M  7.1 15 280   M    M   2 1      21 360
23  71  50  61  -7   4   0 0.00    M    M  6.6 12 290   M    M   0        25 320
24  75  49  62  -5   3   0    T    M    M  3.1  9 230   M    M   1         M   M
25  84  57  71   4   0   6 0.11    M    M  7.7 16 250   M    M   3 1      37 280
26  81  58  70   4   0   5 0.00    M    M  6.9 15 280   M    M   2        23 290
27  75  53  64  -2   1   0 0.00    M    M  3.3 12 270   M    M   1        17 270
================================================================================
SM 2287 1657         8 233  2.75    M     93.8          M       73
================================================================================
AV 84.7 61.4                               3.5 FASTST   M    M   3    MAX(MPH)
                                 MISC ---->  # 16 290                 37 280
================================================================================
NOTES:
# LAST OF SEVERAL OCCURRENCES

COLUMN 17 PEAK WIND IN M.P.H.

PRELIMINARY LOCAL CLIMATOLOGICAL DATA (WS FORM: F-6) , PAGE 2

                                          STATION:   RICHMOND/HANOVER
                                          MONTH:     SEPTEMBER
                                          YEAR:      2022
                                          LATITUDE:   37 42 N
                                          LONGITUDE:  77 26 W

[TEMPERATURE DATA]      [PRECIPITATION DATA]       SYMBOLS USED IN COLUMN 16

AVERAGE MONTHLY: 73.0   TOTAL FOR MONTH:   2.75    1 = FOG OR MIST
DPTR FM NORMAL:   2.5   DPTR FM NORMAL:   -0.87    2 = FOG REDUCING VISIBILITY
HIGHEST:    92 ON  3    GRTST 24HR  0.97 ON  7- 7      TO 1/4 MILE OR LESS
LOWEST:     49 ON 24                               3 = THUNDER
                        SNOW, ICE PELLETS, HAIL    4 = ICE PELLETS
                        TOTAL MONTH:  M            5 = HAIL
                        GRTST 24HR    M  ON   M    6 = FREEZING RAIN OR DRIZZLE
                        GRTST DEPTH:  M  ON   M    7 = DUSTSTORM OR SANDSTORM:
                                                       VSBY 1/2 MILE OR LESS
                                                   8 = SMOKE OR HAZE
[NO. OF DAYS WITH]      [WEATHER - DAYS WITH]      9 = BLOWING SNOW
                                                   X = TORNADO
MAX 32 OR BELOW:   0    0.01 INCH OR MORE:   7
MAX 90 OR ABOVE:   6    0.10 INCH OR MORE:   7
MIN 32 OR BELOW:   0    0.50 INCH OR MORE:   2
MIN  0 OR BELOW:   0    1.00 INCH OR MORE:   0

[HDD (BASE 65) ]
TOTAL THIS MO.     8    CLEAR  (SCALE 0-3)  17
DPTR FM NORMAL   -11    PTCLDY (SCALE 4-7)   9
TOTAL FM JUL 1     8    CLOUDY (SCALE 8-10)  1
DPTR FM NORMAL   -11

[CDD (BASE 65) ]
TOTAL THIS MO.   233
DPTR FM NORMAL    61    [PRESSURE DATA]
TOTAL FM JAN 1  1656    HIGHEST SLP M ON M
DPTR FM NORMAL   282    LOWEST  SLP M ON M

[REMARKS]
