000
CXUS56 KSGX 271045
CF6OKB
PRELIMINARY LOCAL CLIMATOLOGICAL DATA (WS FORM: F-6)

                                          STATION:   OCEANSIDE AIRPORT CA
                                          MONTH:     SEPTEMBER
                                          YEAR:      2022
                                          LATITUDE:   33 13 N
                                          LONGITUDE: 117 21 W

  TEMPERATURE IN F:       :PCPN:    SNOW:  WIND      :SUNSHINE: SKY     :PK WND
================================================================================
1   2   3   4   5  6A  6B    7    8   9   10  11  12  13   14  15   16   17  18
                                     12Z  AVG MX 2MIN
DY MAX MIN AVG DEP HDD CDD  WTR  SNW DPTH SPD SPD DIR MIN PSBL S-S WX    SPD DR
================================================================================

 1  90  61  76   6   0  11 0.00    M    M  3.6 13 200   M    M   0 8      17 210
 2  88  67  78   8   0  13 0.00    M    M  4.4 14 260   M    M   0 18     16 260
 3  93  70  82  12   0  17 0.00    M    M  4.9 13 240   M    M   0 18     16 260
 4  96  73  85  15   0  20    T    M    M  6.3 21 190   M    M   0        27 210
 5  88  69  79   9   0  14 0.00    M    M  4.8 13 250   M    M   0 1      17 260
 6  88  67  78   8   0  13 0.00    M    M  4.6 12 250   M    M   0 1      15 210
 7  90  68  79  10   0  14 0.00    M    M  5.8 12 240   M    M   2 1       M   M
 8   M   M   M   M   M   M 0.00    M    M    M  M   M   M    M   M         M   M
 9  91  71  81  12   0  16 0.39    M    M  7.5 28  70   M    M  10 1      36  80
10  79  71  75   6   0  10    T    M    M  3.1 10 230   M    M   5 1      14 230
11  86  72  79  10   0  14 0.00    M    M  5.1 17 260   M    M   3        21 260
12  80  70  75   6   0  10 0.01    M    M  4.8 16 290   M    M   2 1      20 300
13  81  70  76   7   0  11 0.00    M    M  5.4 14 250   M    M   4 1      19 240
14  77  60  69   0   0   4 0.00    M    M  4.9 13 250   M    M   6 8      17 240
15  78  60  69   0   0   4 0.00    M    M  3.7 14 250   M    M   4        19 240
16  77  59  68  -1   0   3 0.00    M    M  4.1 13 250   M    M   4 1      17 260
17  77  66  72   4   0   7 0.00    M    M  5.6 13 270   M    M   7        17 250
18  76  58  67  -1   0   2 0.00    M    M  5.1 15 250   M    M   5        20 250
19  78  56  67  -1   0   2 0.00    M    M  4.9 17 250   M    M   2        23 290
20  79  55  67  -1   0   2 0.00    M    M  6.3 20 260   M    M   0 1      27 280
21  80  56  68   0   0   3 0.00    M    M  7.3 22 290   M    M   0 1      28 280
22  80  52  66  -2   0   1 0.00    M    M  4.0 15 250   M    M   0        19 250
23  82  58  70   2   0   5 0.00    M    M  4.3 14 250   M    M   0 8      18 240
24  83  60  72   4   0   7 0.00    M    M  5.3 16 260   M    M   0        19 250
25  81  59  70   3   0   5 0.00    M    M  4.9 14 260   M    M   0 1      21 290
26  80  59  70   3   0   5 0.00    M    M  4.1 17 260   M    M   0 1      22 260
================================================================================
SM 2078 1587         0 213  0.40    M    124.8          M       54
================================================================================
AV 83.1 63.5                               5.0 FASTST   M    M   2    MAX(MPH)
                                 MISC ---->    28  70                 36  80
================================================================================
NOTES:
# LAST OF SEVERAL OCCURRENCES

COLUMN 17 PEAK WIND IN M.P.H.

PRELIMINARY LOCAL CLIMATOLOGICAL DATA (WS FORM: F-6) , PAGE 2

                                          STATION:   OCEANSIDE AIRPORT CA
                                          MONTH:     SEPTEMBER
                                          YEAR:      2022
                                          LATITUDE:   33 13 N
                                          LONGITUDE: 117 21 W

[TEMPERATURE DATA]      [PRECIPITATION DATA]       SYMBOLS USED IN COLUMN 16

AVERAGE MONTHLY: 73.3   TOTAL FOR MONTH:   0.40    1 = FOG OR MIST
DPTR FM NORMAL:   4.5   DPTR FM NORMAL:    0.30    2 = FOG REDUCING VISIBILITY
HIGHEST:    96 ON  4    GRTST 24HR  0.39 ON  9-10      TO 1/4 MILE OR LESS
LOWEST:     52 ON 22                               3 = THUNDER
                        SNOW, ICE PELLETS, HAIL    4 = ICE PELLETS
                        TOTAL MONTH:  M            5 = HAIL
                        GRTST 24HR    M  ON   M    6 = FREEZING RAIN OR DRIZZLE
                        GRTST DEPTH:  M  ON   M    7 = DUSTSTORM OR SANDSTORM:
                                                       VSBY 1/2 MILE OR LESS
                                                   8 = SMOKE OR HAZE
[NO. OF DAYS WITH]      [WEATHER - DAYS WITH]      9 = BLOWING SNOW
                                                   X = TORNADO
MAX 32 OR BELOW:   0    0.01 INCH OR MORE:   2
MAX 90 OR ABOVE:   5    0.10 INCH OR MORE:   1
MIN 32 OR BELOW:   0    0.50 INCH OR MORE:   0
MIN  0 OR BELOW:   0    1.00 INCH OR MORE:   0

[HDD (BASE 65) ]
TOTAL THIS MO.     0    CLEAR  (SCALE 0-3)  16
DPTR FM NORMAL    -1    PTCLDY (SCALE 4-7)   8
TOTAL FM JUL 1     0    CLOUDY (SCALE 8-10)  2
DPTR FM NORMAL    -4

[CDD (BASE 65) ]
TOTAL THIS MO.   213
DPTR FM NORMAL   107    [PRESSURE DATA]
TOTAL FM JAN 1   733    HIGHEST SLP M ON M
DPTR FM NORMAL   276    LOWEST  SLP 29.50 ON  9

[REMARKS]
