000
CXUS54 KOUN 280810
CF6OKC
PRELIMINARY LOCAL CLIMATOLOGICAL DATA (WS FORM: F-6)

                                          STATION:   OKLAHOMA CITY
                                          MONTH:     SEPTEMBER
                                          YEAR:      2022
                                          LATITUDE:   35 24 N
                                          LONGITUDE:  97 36 W

  TEMPERATURE IN F:       :PCPN:    SNOW:  WIND      :SUNSHINE: SKY     :PK WND
================================================================================
1   2   3   4   5  6A  6B    7    8   9   10  11  12  13   14  15   16   17  18
                                     12Z  AVG MX 2MIN
DY MAX MIN AVG DEP HDD CDD  WTR  SNW DPTH SPD SPD DIR MIN PSBL S-S WX    SPD DR
================================================================================

 1  78  70  74  -3   0   9 1.46  0.0    0  6.4 14  70   M    M   8 13     17 250
 2  92  70  81   4   0  16 0.00  0.0    0  6.7 14 230   M    M   6 1      17 220
 3  94  69  82   5   0  17 0.00  0.0    0  4.1 13  80   M    M   5 1      17  80
 4  88  69  79   3   0  14 0.13  0.0    0  6.6 23 340   M    M   4 13     29 330
 5  89  62  76   0   0  11 0.00  0.0    0  4.5 12  60   M    M   2        19  40
 6  91  67  79   3   0  14 0.00  0.0    0  4.6 13  60   M    M   1        17  40
 7  91  68  80   4   0  15 0.00  0.0    0  8.7 17  50   M    M   1        22  40
 8  86  65  76   1   0  11 0.00  0.0    0  4.9 14 150   M    M   1        18 170
 9  87  62  75   0   0  10 0.00  0.0    0  7.1 15 190   M    M   1        18 190
10  88  59  74  -1   0   9 0.10  0.0    0 10.1 31 350   M    M   4 1      37 350
11  77  58  68  -6   0   3 0.11  0.0    0 11.7 25 350   M    M   5 1      33  10
12  84  51  68  -6   0   3 0.00  0.0    0  4.7 12 200   M    M   1        14 190
13  89  57  73  -1   0   8 0.00  0.0    0 10.3 18 180   M    M   1        26 190
14  88  63  76   3   0  11 0.00  0.0    0 12.2 21 150   M    M   4        25 150
15  87  61  74   1   0   9 0.00  0.0    0 11.2 20 160   M    M   4        24 150
16  90  65  78   5   0  13 0.00  0.0    0 13.7 24 170   M    M   2        31 160
17  94  67  81   9   0  16 0.00  0.0    0 13.8 25 210   M    M   2        34 210
18  94  71  83  11   0  18 0.00  0.0    0 12.3 22 200   M    M   2        30 200
19  95  66  81   9   0  16 0.00  0.0    0  9.2 18 150   M    M   2        29 200
20  96  67  82  11   0  17 0.00  0.0    0  9.0 20 190   M    M   2        27 180
21  97  69  83  12   0  18 0.00  0.0    0  8.6 20 200   M    M   4        25 270
22  82  62  72   2   0   7 0.00  0.0    M 11.4 18 350   M    M   3        22 340
23  93  55  74   4   0   9 0.00  0.0    M  9.8 21 210   M    M   2        29 200
24  87  64  76   6   0  11    T  0.0    M  5.7 12 260   M    M   6        15 180
25  87  65  76   7   0  11 0.00  0.0    M 11.9 24  10   M    M   1        32  50
26  85  52  69   0   0   4 0.00  0.0    M  5.0 12  30   M    M   1 8      17  40
27  91  55  73   4   0   8 0.00  0.0    M  9.4 23 230   M    M   0        31 220
================================================================================
SM 2400 1709         0 308  1.80  0.0    233.6          M       75
================================================================================
AV 88.9 63.3                               8.7 FASTST   M    M   3    MAX(MPH)
                                 MISC ---->    31 350                 37 350
================================================================================
NOTES:
# LAST OF SEVERAL OCCURRENCES

COLUMN 17 PEAK WIND IN M.P.H.

PRELIMINARY LOCAL CLIMATOLOGICAL DATA (WS FORM: F-6) , PAGE 2

                                          STATION:   OKLAHOMA CITY
                                          MONTH:     SEPTEMBER
                                          YEAR:      2022
                                          LATITUDE:   35 24 N
                                          LONGITUDE:  97 36 W

[TEMPERATURE DATA]      [PRECIPITATION DATA]       SYMBOLS USED IN COLUMN 16

AVERAGE MONTHLY: 76.1   TOTAL FOR MONTH:   1.80    1 = FOG OR MIST
DPTR FM NORMAL:   2.9   DPTR FM NORMAL:   -1.59    2 = FOG REDUCING VISIBILITY
HIGHEST:    97 ON 21    GRTST 24HR  1.46 ON  1- 1      TO 1/4 MILE OR LESS
LOWEST:     51 ON 12                               3 = THUNDER
                        SNOW, ICE PELLETS, HAIL    4 = ICE PELLETS
                        TOTAL MONTH:   0.0 INCH    5 = HAIL
                        GRTST 24HR  0.0            6 = FREEZING RAIN OR DRIZZLE
                        GRTST DEPTH:  0            7 = DUSTSTORM OR SANDSTORM:
                                                       VSBY 1/2 MILE OR LESS
                                                   8 = SMOKE OR HAZE
[NO. OF DAYS WITH]      [WEATHER - DAYS WITH]      9 = BLOWING SNOW
                                                   X = TORNADO
MAX 32 OR BELOW:   0    0.01 INCH OR MORE:   4
MAX 90 OR ABOVE:  12    0.10 INCH OR MORE:   4
MIN 32 OR BELOW:   0    0.50 INCH OR MORE:   1
MIN  0 OR BELOW:   0    1.00 INCH OR MORE:   1

[HDD (BASE 65) ]
TOTAL THIS MO.     0    CLEAR  (SCALE 0-3)  17
DPTR FM NORMAL   -13    PTCLDY (SCALE 4-7)   9
TOTAL FM JUL 1     0    CLOUDY (SCALE 8-10)  1
DPTR FM NORMAL   -13

[CDD (BASE 65) ]
TOTAL THIS MO.   308
DPTR FM NORMAL    73    [PRESSURE DATA]
TOTAL FM JAN 1  2272    HIGHEST SLP M ON M
DPTR FM NORMAL   482    LOWEST  SLP 29.75 ON  9

[REMARKS]
