000
CXUS55 KTWC 280855
CF6OLS
PRELIMINARY LOCAL CLIMATOLOGICAL DATA (WS FORM: F-6)

                                          STATION:   NOGALES AZ AIRPORT
                                          MONTH:     SEPTEMBER
                                          YEAR:      2022
                                          LATITUDE:   31 25 N
                                          LONGITUDE: 110 51 W

  TEMPERATURE IN F:       :PCPN:    SNOW:  WIND      :SUNSHINE: SKY     :PK WND
================================================================================
1   2   3   4   5  6A  6B    7    8   9   10  11  12  13   14  15   16   17  18
                                     12Z  AVG MX 2MIN
DY MAX MIN AVG DEP HDD CDD  WTR  SNW DPTH SPD SPD DIR MIN PSBL S-S WX    SPD DR
================================================================================

 1  88  66  77  -1   0  12 0.00    M    M  6.9 17 130   M    M   0        26 110
 2  90  66  78   0   0  13 0.00    M    M  4.6 14 160   M    M   1        20 100
 3  89  67  78   0   0  13    T    M    M  6.0 30 110   M    M   1 3      47 120
 4  90  68  79   1   0  14 0.00    M    M  8.7 22 110   M    M   0        33 120
 5  93  65  79   1   0  14 0.00    M    M  7.7 23 110   M    M   0        34 120
 6  94  65  80   2   0  15 0.00    M    M 10.6 22 120   M    M   0        33  80
 7  91  59  75  -3   0  10 0.00    M    M  6.2 22 120   M    M   0        32 120
 8  85  69  77   0   0  12 0.00    M    M  6.3 20 110   M    M   0        27 110
 9  86  64  75  -2   0  10    T    M    M  6.7 18 190   M    M   5        26 180
10  90  60  75  -2   0  10 0.00    M    M  4.7 15 200   M    M   1        23 200
11  95  61  78   1   0  13    T    M    M  1.9 14 220   M    M   1 3      18 200
12  91  63  77   0   0  12 0.01    M    M  6.9 20 170   M    M   M 3      32 170
13  89  62  76   0   0  11 0.00    M    M  5.8 16 230   M    M   2        25 210
14  88  58  73  -3   0   8 0.00    M    M  4.7 13 190   M    M   1        22 230
15  92  55  74  -2   0   9 0.00    M    M  4.8 15 220   M    M   M        25 250
16  94  55  75  -1   0  10 0.00    M    M  6.6 22 200   M    M   M        30 210
17  94  54  74  -1   0   9 0.00    M    M  5.3 17 220   M    M   0        27 210
18  96  56  76   1   0  11 0.00    M    M  3.7 14 220   M    M   M        21 220
19  97  59  78   3   0  13 0.07    M    M  3.9 25 100   M    M   2 3      37 110
20  93  66  80   6   0  15 0.69    M    M  4.1 17 160   M    M   4 138    29 190
21  93  67  80   6   0  15 0.00    M    M  3.5 23 170   M    M   4 3      33 170
22  93  61  77   3   0  12 0.46    M    M  3.4 22 140   M    M   1 13     39 140
23  93  59  76   2   0  11    T    M    M  3.9 17 300   M    M   0        28 300
24  92  60  76   3   0  11 0.00    M    M  3.6 13 330   M    M   0 3      18 310
25  95  59  77   4   0  12 0.00    M    M  2.1  7  30   M    M   2        11  90
26  94  64  79   6   0  14 0.02    M    M  5.7 23 200   M    M   2 3      34 210
27  92  62  77   5   0  12    T    M    M  4.6 14 200   M    M   2 3      19 220
================================================================================
SM 2477 1670         0 321  1.25    M    142.9          M       29
================================================================================
AV 91.7 61.9                               5.3 FASTST   M    M   1    MAX(MPH)
                                 MISC ---->    30 110                 47 120
================================================================================
NOTES:
# LAST OF SEVERAL OCCURRENCES

COLUMN 17 PEAK WIND IN M.P.H.

PRELIMINARY LOCAL CLIMATOLOGICAL DATA (WS FORM: F-6) , PAGE 2

                                          STATION:   NOGALES AZ AIRPORT
                                          MONTH:     SEPTEMBER
                                          YEAR:      2022
                                          LATITUDE:   31 25 N
                                          LONGITUDE: 110 51 W

[TEMPERATURE DATA]      [PRECIPITATION DATA]       SYMBOLS USED IN COLUMN 16

AVERAGE MONTHLY: 76.8   TOTAL FOR MONTH:   1.25    1 = FOG OR MIST
DPTR FM NORMAL:   1.0   DPTR FM NORMAL:   -0.18    2 = FOG REDUCING VISIBILITY
HIGHEST:    97 ON 19    GRTST 24HR  0.69 ON 20-20      TO 1/4 MILE OR LESS
LOWEST:     54 ON 17                               3 = THUNDER
                        SNOW, ICE PELLETS, HAIL    4 = ICE PELLETS
                        TOTAL MONTH:  M            5 = HAIL
                        GRTST 24HR    M  ON   M    6 = FREEZING RAIN OR DRIZZLE
                        GRTST DEPTH:  M  ON   M    7 = DUSTSTORM OR SANDSTORM:
                                                       VSBY 1/2 MILE OR LESS
                                                   8 = SMOKE OR HAZE
[NO. OF DAYS WITH]      [WEATHER - DAYS WITH]      9 = BLOWING SNOW
                                                   X = TORNADO
MAX 32 OR BELOW:   0    0.01 INCH OR MORE:   5
MAX 90 OR ABOVE:  21    0.10 INCH OR MORE:   2
MIN 32 OR BELOW:   0    0.50 INCH OR MORE:   1
MIN  0 OR BELOW:   0    1.00 INCH OR MORE:   0

[HDD (BASE 65) ]
TOTAL THIS MO.     0    CLEAR  (SCALE 0-3)  20
DPTR FM NORMAL     0    PTCLDY (SCALE 4-7)   3
TOTAL FM JUL 1     0    CLOUDY (SCALE 8-10)  4
DPTR FM NORMAL     0

[CDD (BASE 65) ]
TOTAL THIS MO.   321
DPTR FM NORMAL    28    [PRESSURE DATA]
TOTAL FM JAN 1  2030    HIGHEST SLP M ON M
DPTR FM NORMAL   177    LOWEST  SLP 29.67 ON  9

[REMARKS]
