000
CXAK56 PAFG 251031
CF6OME
PRELIMINARY LOCAL CLIMATOLOGICAL DATA (WS FORM: F-6)

                                          STATION:   NOME AK
                                          MONTH:     SEPTEMBER
                                          YEAR:      2022
                                          LATITUDE:   64 30 N
                                          LONGITUDE: 165 26 W

  TEMPERATURE IN F:       :PCPN:    SNOW:  WIND      :SUNSHINE: SKY     :PK WND
================================================================================
1   2   3   4   5  6A  6B    7    8   9   10  11  12  13   14  15   16   17  18
                                     12Z  AVG MX 2MIN
DY MAX MIN AVG DEP HDD CDD  WTR  SNW DPTH SPD SPD DIR MIN PSBL S-S WX    SPD DR
================================================================================

 1  55  50  53   5  12   0 0.19    M    M  4.2 10  80   M    M  10 1      14  70
 2  59  48  54   6  11   0 0.22    M    M  3.2 17 360   M    M   8 18     22 360
 3  51  38  45  -3  20   0 0.00    M    M  9.7 24 260   M    M   2        27 260
 4  53  38  46  -2  19   0 0.00    M    M  5.9 14 280   M    M   8 1      16 280
 5  50  47  49   2  16   0 0.04    M    M  8.4 14 160   M    M  10 1      23 170
 6  51  45  48   1  17   0 0.58    M    M  6.8 14 160   M    M  10 1      17 160
 7  52  42  47   0  18   0 0.00    M    M  6.6 14 140   M    M   5        18 150
 8  59  46  53   7  12   0 0.00    M    M 14.6 26  20   M    M   6        32  20
 9  55  44  50   4  15   0    T    M    M 11.5 23 270   M    M   8        27 260
10  50  44  47   1  18   0 0.00    M    M 11.0 17 100   M    M   9        21 100
11  52  46  49   4  16   0 0.40    M    M 17.7 25  80   M    M  10 1      33  70
12  56  49  53   8  12   0 1.08    M    M 10.5 18 100   M    M  10 18     23 120
13  56  50  53   9  12   0    T    M    M  6.7 15 140   M    M   9 8      18 130
14  52  45  49   5  16   0 0.07    M    M  7.1 17  70   M    M  10 1      23  70
15  55  45  50   6  15   0 0.42    M    M  9.7 22  90   M    M   8 1      27  80
16  52  47  50   7  15   0 0.30    M    M 26.2 45 140   M    M  10 18     59 130
17  50  47  49   6  16   0 0.44    M    M 34.5 45 210   M    M   9 1      59 200
18  48  45  47   5  18   0 0.07    M    M 24.7 38 220   M    M  10 1      44 220
19  46  39  43   1  22   0 0.04    M    M 12.6 21 210   M    M  10 1      24 230
20  47  35  41   0  24   0    T    M    M  8.2 15 220   M    M   7        19 260
21  46  41  44   3  21   0 0.29    M    M 21.4 31 140   M    M  10 1      39 150
22  47  44  46   6  19   0 0.32    M    M 12.5 25 130   M    M  10 1      32 120
23  50  40  45   5  20   0 0.10    M    M  6.7 15 100   M    M   8 1      18 100
24  47  39  43   3  22   0 0.26    M    M  6.9 14  30   M    M   8 1      17  30
================================================================================
SM 1239 1054       406   0  4.82    M    287.3          M      205
================================================================================
AV 51.6 43.9                              12.0 FASTST   M    M   9    MAX(MPH)
                                 MISC ---->  # 45 140               # 59 130
================================================================================
NOTES:
# LAST OF SEVERAL OCCURRENCES

COLUMN 17 PEAK WIND IN M.P.H.

PRELIMINARY LOCAL CLIMATOLOGICAL DATA (WS FORM: F-6) , PAGE 2

                                          STATION:   NOME AK
                                          MONTH:     SEPTEMBER
                                          YEAR:      2022
                                          LATITUDE:   64 30 N
                                          LONGITUDE: 165 26 W

[TEMPERATURE DATA]      [PRECIPITATION DATA]       SYMBOLS USED IN COLUMN 16

AVERAGE MONTHLY: 47.8   TOTAL FOR MONTH:   4.82    1 = FOG OR MIST
DPTR FM NORMAL:   3.4   DPTR FM NORMAL:    3.02    2 = FOG REDUCING VISIBILITY
HIGHEST:    59 ON  8, 2  GRTST 24HR  1.18 ON 11-12      TO 1/4 MILE OR LESS
LOWEST:     35 ON 20                               3 = THUNDER
                        SNOW, ICE PELLETS, HAIL    4 = ICE PELLETS
                        TOTAL MONTH:  M            5 = HAIL
                        GRTST 24HR    M  ON   M    6 = FREEZING RAIN OR DRIZZLE
                        GRTST DEPTH:  M  ON   M    7 = DUSTSTORM OR SANDSTORM:
                                                       VSBY 1/2 MILE OR LESS
                                                   8 = SMOKE OR HAZE
[NO. OF DAYS WITH]      [WEATHER - DAYS WITH]      9 = BLOWING SNOW
                                                   X = TORNADO
MAX 32 OR BELOW:   0    0.01 INCH OR MORE:  16
MAX 90 OR ABOVE:   0    0.10 INCH OR MORE:  12
MIN 32 OR BELOW:   0    0.50 INCH OR MORE:   2
MIN  0 OR BELOW:   0    1.00 INCH OR MORE:   1

[HDD (BASE 65) ]
TOTAL THIS MO.   406    CLEAR  (SCALE 0-3)   1
DPTR FM NORMAL   -91    PTCLDY (SCALE 4-7)   6
TOTAL FM JUL 1  1255    CLOUDY (SCALE 8-10) 17
DPTR FM NORMAL  -106

[CDD (BASE 65) ]
TOTAL THIS MO.     0
DPTR FM NORMAL     0    [PRESSURE DATA]
TOTAL FM JAN 1     0    HIGHEST SLP M ON M
DPTR FM NORMAL    -3    LOWEST  SLP 28.72 ON 16

[REMARKS]
