000
CXUS53 KGRB 280724
CF6OSH
PRELIMINARY LOCAL CLIMATOLOGICAL DATA (WS FORM: F-6)

                                          STATION:   OSHKOSH WI
                                          MONTH:     SEPTEMBER
                                          YEAR:      2022
                                          LATITUDE:   44  0 N
                                          LONGITUDE:  88 34 W

  TEMPERATURE IN F:       :PCPN:    SNOW:  WIND      :SUNSHINE: SKY     :PK WND
================================================================================
1   2   3   4   5  6A  6B    7    8   9   10  11  12  13   14  15   16   17  18
                                     12Z  AVG MX 2MIN
DY MAX MIN AVG DEP HDD CDD  WTR  SNW DPTH SPD SPD DIR MIN PSBL S-S WX    SPD DR
================================================================================

 1  86  57  72   6   0   7 0.00  0.0    0  7.1 16 190   M    M   0        24 200
 2  82  67  75   9   0  10 0.03  0.0    0  9.6 18 190   M    M   2 3      25 170
 3  72  59  66   0   0   1 0.05  0.0    0 11.1 20  40   M    M   7 13     27  50
 4  74  53  64  -2   1   0 0.00  0.0    0  8.9 18  30   M    M   5        24  30
 5  72  54  63  -2   2   0 0.00  0.0    0  5.9 14  30   M    M   5 8      20  50
 6  75  56  66   1   0   1 0.00  0.0    0  3.4 10  30   M    M   7        15  70
 7  83  55  69   4   0   4 0.00  0.0    0  3.6 12 330   M    M   1 1      16 290
 8  84  57  71   7   0   6 0.00  0.0    0  6.6 17 200   M    M   2 12     30 200
 9  83  60  72   8   0   7 0.00  0.0    0  9.7 21 190   M    M   0        28 190
10  69  57  63  -1   2   0 0.57  0.0    0  7.3 15  10   M    M   8 1      19  10
11  60  54  57  -7   8   0 2.04  0.0    0 13.6 23 330   M    M  10 1      33 330
12  62  54  58  -5   7   0 0.50  0.0    0 13.7 26 350   M    M  10 1      37 350
13  77  55  66   3   0   1    T  0.0    0  5.7  9 290   M    M   3        14 330
14  70  53  62   0   3   0 0.00  0.0    0  7.8 13 110   M    M   2        19 100
15  78  52  65   3   0   0 0.00  0.0    0  8.0 17 180   M    M   1        23 180
16  81  62  72  10   0   7 0.00  0.0    0  8.8 21 180   M    M   0        29 180
17  82  61  72  11   0   7 0.00  0.0    0 10.0 18 200   M    M   1        27 200
18  76  62  69   8   0   4    T  0.0    0  6.2 12 250   M    M   4 1      22 240
19  79  56  68   8   0   3 0.00  0.0    0  3.3  8 200   M    M   0        13 330
20  79  57  68   8   0   3 1.42  0.0    0  7.8 29 330   M    M   3 13     41 340
21  71  54  63   3   2   0 0.00  0.0    0 11.0 24 340   M    M   2 138    32 340
22  62  45  54  -5  11   0    M    M    M  7.7 22  10   M    M   1        29  20
23  62  38  50  -9  15   0 0.00  0.0    0  6.2 17 190   M    M   3        23 190
24  58  50  54  -5  11   0 0.06  0.0    0  4.3 12 190   M    M   9 1      18 180
25  65  50  58   0   7   0 0.28    M    M 10.6 36 320   M    M   8 13     53 310
26  59  47  53  -5  12   0 0.02  0.0    0 12.8 23 310   M    M   6        33 290
27  54  40  47 -10  18   0 0.01  0.0    0 11.2 20  10   M    M   6 8      26 330
================================================================================
SM 1955 1465        99  61  4.98  0.0    221.9          M      106
================================================================================
AV 72.4 54.3                               8.2 FASTST   M    M   4    MAX(MPH)
                                 MISC ---->    36 320                 53 310
================================================================================
NOTES:
# LAST OF SEVERAL OCCURRENCES

COLUMN 17 PEAK WIND IN M.P.H.

PRELIMINARY LOCAL CLIMATOLOGICAL DATA (WS FORM: F-6) , PAGE 2

                                          STATION:   OSHKOSH WI
                                          MONTH:     SEPTEMBER
                                          YEAR:      2022
                                          LATITUDE:   44  0 N
                                          LONGITUDE:  88 34 W

[TEMPERATURE DATA]      [PRECIPITATION DATA]       SYMBOLS USED IN COLUMN 16

AVERAGE MONTHLY: 63.3   TOTAL FOR MONTH:   4.98    1 = FOG OR MIST
DPTR FM NORMAL:   1.1   DPTR FM NORMAL:    2.26    2 = FOG REDUCING VISIBILITY
HIGHEST:    86 ON  1    GRTST 24HR  2.19 ON 10-11      TO 1/4 MILE OR LESS
LOWEST:     38 ON 23                               3 = THUNDER
                        SNOW, ICE PELLETS, HAIL    4 = ICE PELLETS
                        TOTAL MONTH:   0.0 INCH    5 = HAIL
                        GRTST 24HR  0.0            6 = FREEZING RAIN OR DRIZZLE
                        GRTST DEPTH:  0            7 = DUSTSTORM OR SANDSTORM:
                                                       VSBY 1/2 MILE OR LESS
                                                   8 = SMOKE OR HAZE
[NO. OF DAYS WITH]      [WEATHER - DAYS WITH]      9 = BLOWING SNOW
                                                   X = TORNADO
MAX 32 OR BELOW:   0    0.01 INCH OR MORE:  10
MAX 90 OR ABOVE:   0    0.10 INCH OR MORE:   5
MIN 32 OR BELOW:   0    0.50 INCH OR MORE:   4
MIN  0 OR BELOW:   0    1.00 INCH OR MORE:   2

[HDD (BASE 65) ]
TOTAL THIS MO.    99    CLEAR  (SCALE 0-3)  14
DPTR FM NORMAL   -26    PTCLDY (SCALE 4-7)  10
TOTAL FM JUL 1   102    CLOUDY (SCALE 8-10)  3
DPTR FM NORMAL   -54

[CDD (BASE 65) ]
TOTAL THIS MO.    61
DPTR FM NORMAL    11    [PRESSURE DATA]
TOTAL FM JAN 1   644    HIGHEST SLP M ON M
DPTR FM NORMAL    83    LOWEST  SLP 29.66 ON 21

[REMARKS]
