000
CXUS51 KILN 281142
CF6OSU
PRELIMINARY LOCAL CLIMATOLOGICAL DATA (WS FORM: F-6)

                                          STATION:   OHIO STATE UNIV.
                                          MONTH:     SEPTEMBER
                                          YEAR:      2022
                                          LATITUDE:   40  4 N
                                          LONGITUDE:  83  4 W

  TEMPERATURE IN F:       :PCPN:    SNOW:  WIND      :SUNSHINE: SKY     :PK WND
================================================================================
1   2   3   4   5  6A  6B    7    8   9   10  11  12  13   14  15   16   17  18
                                     12Z  AVG MX 2MIN
DY MAX MIN AVG DEP HDD CDD  WTR  SNW DPTH SPD SPD DIR MIN PSBL S-S WX    SPD DR
================================================================================

 1  88  61  75   5   0  10 0.00    M    M  3.0 12 310   M    M   2        16 290
 2  88  65  77   7   0  12 0.00    M    M  5.4 14 180   M    M   0        18 160
 3  77  68  73   3   0   8 0.04    M    M  3.6 12 160   M    M   5 1      15 160
 4  81  70  76   6   0  11 0.78    M    M  4.9 10 170   M    M   9 138    14  80
 5  82  68  75   6   0  10 1.27    M    M  4.7 15 200   M    M   8 13     20 190
 6  79  64  72   3   0   7 0.01    M    M  6.8 15 360   M    M   8        18 360
 7  80  60  70   1   0   5 0.00    M    M  7.0 17 330   M    M   1 1      23 330
 8  83  58  71   3   0   6 0.00    M    M  2.9 10  50   M    M   4        13  50
 9  85  60  73   5   0   8 0.00    M    M  4.2 12 130   M    M   1 1      16 130
10  81  66  74   6   0   9 0.00    M    M  8.2 15 130   M    M   1        20 140
11  79  67  73   5   0   8 0.19    M    M  5.9 17 240   M    M   8 18     21 230
12  74  62  68   1   0   3    T    M    M  8.4 18 230   M    M   7        24 280
13  71  57  64  -3   1   0    T    M    M  8.4 17 280   M    M   6        22 240
14  79  56  68   2   0   3 0.00    M    M  1.8 12 320   M    M   5 18     14 280
15  83  54  69   3   0   4 0.00    M    M  0.9  8  30   M    M   1 128    11 360
16  84  56  70   4   0   5 0.00    M    M  2.2  9 110   M    M   0 128    14 170
17  85  60  73   8   0   8 0.00    M    M  5.4 15 220   M    M   2 128    18 220
18  86  61  74   9   0   9 0.00    M    M  6.4 17 200   M    M   3        23 210
19  83  67  75  10   0  10 0.05    M    M  5.8 14 200   M    M   5 8      18 190
20  86  56  71   7   0   6 0.00    M    M  3.4 12 180   M    M   0 1      12 180
21  89  66  78  14   0  13 0.76    M    M  7.1 18 280   M    M   3 13     25 270
22  74  50  62  -2   3   0 0.00    M    M 12.8 24 330   M    M   4        33 320
23  67  43  55  -8  10   0 0.00    M    M  3.9  9 350   M    M   0        15 310
24  72  56  64   1   1   0 0.01    M    M  7.0 16 170   M    M   7        19 190
25  72  59  66   4   0   1 0.20    M    M 12.1 24 280   M    M   6 13     30 290
26  70  48  59  -3   6   0    T    M    M 10.8 25 280   M    M   4        33 240
27  63  44  54  -8  11   0 0.04    M    M  8.6 21 300   M    M   4        30 310
================================================================================
SM 2141 1602        32 156  3.35    M    161.6          M      104
================================================================================
AV 79.3 59.3                               6.0 FASTST   M    M   4    MAX(MPH)
                                 MISC ---->    25 280               # 33 320
================================================================================
NOTES:
# LAST OF SEVERAL OCCURRENCES

COLUMN 17 PEAK WIND IN M.P.H.

PRELIMINARY LOCAL CLIMATOLOGICAL DATA (WS FORM: F-6) , PAGE 2

                                          STATION:   OHIO STATE UNIV.
                                          MONTH:     SEPTEMBER
                                          YEAR:      2022
                                          LATITUDE:   40  4 N
                                          LONGITUDE:  83  4 W

[TEMPERATURE DATA]      [PRECIPITATION DATA]       SYMBOLS USED IN COLUMN 16

AVERAGE MONTHLY: 69.3   TOTAL FOR MONTH:   3.35    1 = FOG OR MIST
DPTR FM NORMAL:   3.0   DPTR FM NORMAL:    0.62    2 = FOG REDUCING VISIBILITY
HIGHEST:    89 ON 21    GRTST 24HR  1.31 ON  4- 5      TO 1/4 MILE OR LESS
LOWEST:     43 ON 23                               3 = THUNDER
                        SNOW, ICE PELLETS, HAIL    4 = ICE PELLETS
                        TOTAL MONTH:  M            5 = HAIL
                        GRTST 24HR    M  ON   M    6 = FREEZING RAIN OR DRIZZLE
                        GRTST DEPTH:  M  ON   M    7 = DUSTSTORM OR SANDSTORM:
                                                       VSBY 1/2 MILE OR LESS
                                                   8 = SMOKE OR HAZE
[NO. OF DAYS WITH]      [WEATHER - DAYS WITH]      9 = BLOWING SNOW
                                                   X = TORNADO
MAX 32 OR BELOW:   0    0.01 INCH OR MORE:  10
MAX 90 OR ABOVE:   0    0.10 INCH OR MORE:   5
MIN 32 OR BELOW:   0    0.50 INCH OR MORE:   3
MIN  0 OR BELOW:   0    1.00 INCH OR MORE:   1

[HDD (BASE 65) ]
TOTAL THIS MO.    32    CLEAR  (SCALE 0-3)  11
DPTR FM NORMAL   -30    PTCLDY (SCALE 4-7)  14
TOTAL FM JUL 1    32    CLOUDY (SCALE 8-10)  2
DPTR FM NORMAL   -37

[CDD (BASE 65) ]
TOTAL THIS MO.   156
DPTR FM NORMAL    60    [PRESSURE DATA]
TOTAL FM JAN 1  1219    HIGHEST SLP M ON M
DPTR FM NORMAL   319    LOWEST  SLP 29.66 ON 25

[REMARKS]
