000
CXUS53 KARX 280900
CF6OVS
PRELIMINARY LOCAL CLIMATOLOGICAL DATA (WS FORM: F-6)

                                          STATION:   BOSCOBEL_(ASOS) WI
                                          MONTH:     SEPTEMBER
                                          YEAR:      2022
                                          LATITUDE:   43  9 N
                                          LONGITUDE:  90 41 W

  TEMPERATURE IN F:       :PCPN:    SNOW:  WIND      :SUNSHINE: SKY     :PK WND
================================================================================
1   2   3   4   5  6A  6B    7    8   9   10  11  12  13   14  15   16   17  18
                                     12Z  AVG MX 2MIN
DY MAX MIN AVG DEP HDD CDD  WTR  SNW DPTH SPD SPD DIR MIN PSBL S-S WX    SPD DR
================================================================================

 1  86  56  71   3   0   6 0.00  0.0    0  3.5 14 200   M    M   4 12     23 200
 2  84  65  75   7   0  10 0.23  0.0    0  4.2 13 200   M    M   4 13     23 190
 3  73  59  66  -2   0   1 0.01  0.0    0  3.0 10  80   M    M   9 138    17  20
 4  70  55  63  -5   2   0 0.00  0.0    0  3.5 10  80   M    M   8 1      17  80
 5  75  53  64  -3   1   0 0.00  0.0    0  1.8  8  80   M    M   6 12     13  70
 6  77  53  65  -2   0   0 0.00  0.0    0  1.3  7 120   M    M   7 12     10 290
 7  85  59  72   5   0   7 0.00  0.0    0  0.9  9 340   M    M   4 128    13 340
 8  83  59  71   5   0   6 0.00  0.0    0  3.1 14 200   M    M   4 12     23 230
 9  83  54  69   3   0   4 0.00  0.0    0  3.5 14 220   M    M   1 1      23 200
10  67  57  62  -4   3   0 0.75  0.0    0  4.1 13 330   M    M  10 1      20 320
11  63  55  59  -6   6   0    T  0.0    0  3.9 12 340   M    M   5        19 360
12  62  52  57  -8   8   0 0.20  0.0    0  4.1 14 320   M    M  10 12     25 320
13  77  47  62  -2   3   0 0.00  0.0    0  2.1  9 290   M    M   4 12     14 300
14  78  51  65   1   0   0 0.00  0.0    0  1.7  8 110   M    M   4 12     13  90
15  82  60  71   7   0   6 0.00  0.0    0  3.4 13 190   M    M   3        20 200
16  82  54  68   5   0   3 0.00  0.0    0  3.4 14 200   M    M   1 12     22 190
17  78  58  68   5   0   3 0.10  0.0    0  4.1 16 220   M    M   3 13     26 230
18  82  59  71   9   0   6 0.02  0.0    0  2.8 12 260   M    M   5 12     19 220
19  80  55  68   6   0   3 0.01  0.0    0  2.1  9 360   M    M   4 12     15  10
20  91  61  76  14   0  11    T  0.0    0  2.9 10 210   M    M   0 1      17 190
21  72  48  60  -1   5   0 0.00  0.0    0  5.2 15 300   M    M   1 1      21 280
22  65  40  53  -8  12   0 0.00  0.0    0  3.7 15 350   M    M   1 12     22 360
23  61  41  51  -9  14   0    T  0.0    0  3.0 14 210   M    M   8 12     23 180
24  65  50  58  -2   7   0 0.08  0.0    0  4.6 15 250   M    M   9 13     23 270
25  72  48  60   1   5   0    T  0.0    0  7.8 21 300   M    M   6        31 300
26  63  36  50  -9  15   0 0.00  0.0    0  5.6 17 290   M    M   2 1      26 330
27  60  33  47 -11  18   0 0.00  0.0    0  4.2 17 350   M    M   1 1      25 310
================================================================================
SM 2016 1418        99  66  1.40  0.0     93.5          M      124
================================================================================
AV 74.7 52.5                               3.5 FASTST   M    M   5    MAX(MPH)
                                 MISC ---->    21 300                 31 300
================================================================================
NOTES:
# LAST OF SEVERAL OCCURRENCES

COLUMN 17 PEAK WIND IN M.P.H.

PRELIMINARY LOCAL CLIMATOLOGICAL DATA (WS FORM: F-6) , PAGE 2

                                          STATION:   BOSCOBEL_(ASOS) WI
                                          MONTH:     SEPTEMBER
                                          YEAR:      2022
                                          LATITUDE:   43  9 N
                                          LONGITUDE:  90 41 W

[TEMPERATURE DATA]      [PRECIPITATION DATA]       SYMBOLS USED IN COLUMN 16

AVERAGE MONTHLY: 63.6   TOTAL FOR MONTH:   1.40    1 = FOG OR MIST
DPTR FM NORMAL:  -0.2   DPTR FM NORMAL:   -1.69    2 = FOG REDUCING VISIBILITY
HIGHEST:    91 ON 20    GRTST 24HR  0.75 ON 10-10      TO 1/4 MILE OR LESS
LOWEST:     33 ON 27                               3 = THUNDER
                        SNOW, ICE PELLETS, HAIL    4 = ICE PELLETS
                        TOTAL MONTH:   0.0 INCH    5 = HAIL
                        GRTST 24HR  0.0            6 = FREEZING RAIN OR DRIZZLE
                        GRTST DEPTH:  0            7 = DUSTSTORM OR SANDSTORM:
                                                       VSBY 1/2 MILE OR LESS
                                                   8 = SMOKE OR HAZE
[NO. OF DAYS WITH]      [WEATHER - DAYS WITH]      9 = BLOWING SNOW
                                                   X = TORNADO
MAX 32 OR BELOW:   0    0.01 INCH OR MORE:   8
MAX 90 OR ABOVE:   1    0.10 INCH OR MORE:   4
MIN 32 OR BELOW:   0    0.50 INCH OR MORE:   1
MIN  0 OR BELOW:   0    1.00 INCH OR MORE:   0

[HDD (BASE 65) ]
TOTAL THIS MO.    99    CLEAR  (SCALE 0-3)   9
DPTR FM NORMAL    -5    PTCLDY (SCALE 4-7)  13
TOTAL FM JUL 1   104    CLOUDY (SCALE 8-10)  5
DPTR FM NORMAL   -18

[CDD (BASE 65) ]
TOTAL THIS MO.    66
DPTR FM NORMAL    -4    [PRESSURE DATA]
TOTAL FM JAN 1   731    HIGHEST SLP M ON M
DPTR FM NORMAL     5    LOWEST  SLP 29.74 ON 21

[REMARKS]
