000
CXUS51 KAKQ 280710
CF6OXB
PRELIMINARY LOCAL CLIMATOLOGICAL DATA (WS FORM: F-6)

                                          STATION:   OCEAN_CITY
                                          MONTH:     SEPTEMBER
                                          YEAR:      2022
                                          LATITUDE:   38 18 N
                                          LONGITUDE:  75  7 W

  TEMPERATURE IN F:       :PCPN:    SNOW:  WIND      :SUNSHINE: SKY     :PK WND
================================================================================
1   2   3   4   5  6A  6B    7    8   9   10  11  12  13   14  15   16   17  18
                                     12Z  AVG MX 2MIN
DY MAX MIN AVG DEP HDD CDD  WTR  SNW DPTH SPD SPD DIR MIN PSBL S-S WX    SPD DR
================================================================================

 1  87  60  74   1   0   9 0.00    M    M  5.5 10 270   M    M   1        17 190
 2  82  59  71  -2   0   6 0.00    M    M  7.2 13  80   M    M   0         M   M
 3  81  60  71  -2   0   6 0.00    M    M  4.6  9 120   M    M   0         M   M
 4  82  62  72   0   0   7 0.00    M    M  3.8 10 130   M    M   0         M   M
 5  83  63  73   1   0   8 0.00    M    M  4.2 10 160   M    M   1        17 160
 6  83  70  77   5   0  12 0.44    M    M  8.2 14 260   M    M   9 1      22 260
 7  74  70  72   0   0   7 0.33    M    M 11.9 17  20   M    M   9 1      28  30
 8  77  66  72   1   0   7    T    M    M 10.3 18  60   M    M   5        24  30
 9  78  62  70  -1   0   5 0.00    M    M  9.5 15  30   M    M   3        23  30
10  79  69  74   3   0   9 0.00    M    M  8.4 12 130   M    M   1         M   M
11  78  73  76   5   0  11 0.23    M    M  6.2  9 140   M    M   8 1      16 200
12  81  70  76   6   0  11 0.04    M    M  5.8 18 260   M    M   5 13     31 310
13  83  65  74   4   0   9 0.02    M    M  4.3  8 260   M    M   3         M   M
14  80  58  69  -1   0   4 0.00    M    M  5.5  9 340   M    M   0         M   M
15  76  54  65  -5   0   0 0.00    M    M  6.1 14  30   M    M   0        23  30
16  76  50  63  -6   2   0 0.00    M    M  4.7 10  80   M    M   0         M   M
17  77  51  64  -5   1   0 0.00    M    M  2.7  7 210   M    M   0         M   M
18  81  59  70   1   0   5 0.00    M    M  6.2 12 210   M    M   1        17 190
19  84  68  76   8   0  11 0.00    M    M  8.1 15 220   M    M   0 8      22 220
20  85  60  73   5   0   8 0.00    M    M  5.1 15 340   M    M   1        21 350
21  78  57  68   0   0   3 0.00    M    M  5.3 14 220   M    M   M        21 220
22  85  57  71   4   0   6 0.19    M    M 11.7 23 340   M    M   4 1      36 340
23  67  44  56 -11   9   0 0.00    M    M 11.2 21 340   M    M   1        30 330
24  71  46  59  -7   6   0 0.00    M    M  5.0 13 270   M    M   2        19 320
25  78  51  65  -1   0   0    T    M    M 11.1 23 220   M    M   3 3      31 220
26  80  57  69   3   0   4 0.00    M    M  7.6 14 230   M    M   1        24 230
27  75  50  63  -2   2   0 0.00    M    M  5.7 12 300   M    M   1         M   M
================================================================================
SM 2141 1611        20 148  1.25    M    186.0          M       59
================================================================================
AV 79.3 59.7                               6.9 FASTST   M    M   2    MAX(MPH)
                                 MISC ---->  # 23 340                 36 340
================================================================================
NOTES:
# LAST OF SEVERAL OCCURRENCES

COLUMN 17 PEAK WIND IN M.P.H.

PRELIMINARY LOCAL CLIMATOLOGICAL DATA (WS FORM: F-6) , PAGE 2

                                          STATION:   OCEAN_CITY
                                          MONTH:     SEPTEMBER
                                          YEAR:      2022
                                          LATITUDE:   38 18 N
                                          LONGITUDE:  75  7 W

[TEMPERATURE DATA]      [PRECIPITATION DATA]       SYMBOLS USED IN COLUMN 16

AVERAGE MONTHLY: 69.5   TOTAL FOR MONTH:   1.25    1 = FOG OR MIST
DPTR FM NORMAL:  -0.1   DPTR FM NORMAL:   -2.28    2 = FOG REDUCING VISIBILITY
HIGHEST:    87 ON  1    GRTST 24HR  0.44 ON  6- 6      TO 1/4 MILE OR LESS
LOWEST:     44 ON 23                               3 = THUNDER
                        SNOW, ICE PELLETS, HAIL    4 = ICE PELLETS
                        TOTAL MONTH:  M            5 = HAIL
                        GRTST 24HR    M  ON   M    6 = FREEZING RAIN OR DRIZZLE
                        GRTST DEPTH:  M  ON   M    7 = DUSTSTORM OR SANDSTORM:
                                                       VSBY 1/2 MILE OR LESS
                                                   8 = SMOKE OR HAZE
[NO. OF DAYS WITH]      [WEATHER - DAYS WITH]      9 = BLOWING SNOW
                                                   X = TORNADO
MAX 32 OR BELOW:   0    0.01 INCH OR MORE:   6
MAX 90 OR ABOVE:   0    0.10 INCH OR MORE:   4
MIN 32 OR BELOW:   0    0.50 INCH OR MORE:   0
MIN  0 OR BELOW:   0    1.00 INCH OR MORE:   0

[HDD (BASE 65) ]
TOTAL THIS MO.    20    CLEAR  (SCALE 0-3)  18
DPTR FM NORMAL     0    PTCLDY (SCALE 4-7)   5
TOTAL FM JUL 1    20    CLOUDY (SCALE 8-10)  4
DPTR FM NORMAL    -2

[CDD (BASE 65) ]
TOTAL THIS MO.   148
DPTR FM NORMAL     2    [PRESSURE DATA]
TOTAL FM JAN 1  1059    HIGHEST SLP M ON M
DPTR FM NORMAL   -12    LOWEST  SLP 29.61 ON 22

[REMARKS]
