000
CXUS55 KRIW 271010
CF6P60
PRELIMINARY LOCAL CLIMATOLOGICAL DATA (WS FORM: F-6)

                                          STATION:   LAKE YELLOWSTONE WY
                                          MONTH:     SEPTEMBER
                                          YEAR:      2022
                                          LATITUDE:   44 32 N
                                          LONGITUDE: 110 25 W

  TEMPERATURE IN F:       :PCPN:    SNOW:  WIND      :SUNSHINE: SKY     :PK WND
================================================================================
1   2   3   4   5  6A  6B    7    8   9   10  11  12  13   14  15   16   17  18
                                     12Z  AVG MX 2MIN
DY MAX MIN AVG DEP HDD CDD  WTR  SNW DPTH SPD SPD DIR MIN PSBL S-S WX    SPD DR
================================================================================

 1  80  42  61  11   4   0 0.00    M    M  2.9 14 280   M    M   0        24 220
 2  76  36  56   6   9   0 0.00    M    M  2.0  7 310   M    M   0        11  70
 3  80  37  59  10   6   0 0.00    M    M  2.1  7 270   M    M   0        14 260
 4  81  40  61  12   4   0 0.00    M    M  3.2 14 260   M    M   0        22 270
 5  81  39  60  11   5   0 0.00    M    M  3.1 14 270   M    M   0        25 190
 6  82  36  59  10   6   0 0.00    M    M  2.2 13 290   M    M   0        26 290
 7  83  42  63  15   2   0 0.00    M    M  2.6 16 300   M    M   0        34 260
 8  72  42  57   9   8   0 0.15    M    M  2.8 20 280   M    M   0        36 280
 9  54  25  40  -8  25   0 0.00    M    M  2.4  6 320   M    M   0         M   M
10  60  23  42  -5  23   0 0.00    M    M  2.0  5 310   M    M   0         M   M
11  73  27  50   3  15   0 0.00    M    M  0.0  M   M   M    M   0         M   M
12  70  29  50   3  15   0 0.00    M    M  0.8  4 310   M    M   0         M   M
13  69  33  51   5  14   0 0.00    M    M  2.2 12 310   M    M   0        19 300
14  56  37  47   1  18   0 0.26    M    M  0.3  7 280   M    M   0        11  40
15  61  32  47   1  18   0 0.02    M    M  1.9 12 260   M    M   0        22 260
16  48  37  43  -2  22   0 0.38    M    M  1.7 12 280   M    M   0        23 270
17  54  31  43  -2  22   0 0.02    M    M  1.9 10 270   M    M   0        19 280
18  61  30  46   1  19   0 0.00    M    M  2.3  7 300   M    M   0        20 140
19  65  32  49   5  16   0 0.00    M    M  3.0 14 280   M    M   0        27 270
20  68  30  49   5  16   0 0.00    M    M  2.6  9 260   M    M   0        29 280
21  66  32  49   5  16   0 0.31    M    M  1.6 10 260   M    M   0 3      20 250
22  48  36  42  -1  23   0 0.36    M    M  5.1 14 270   M    M   0 3      29 270
23  55  30  43   0  22   0 0.00    M    M  4.2 15 270   M    M   0        26 260
24  60  27  44   2  21   0 0.00    M    M  2.3 10 280   M    M   0        19 320
25  65  29  47   5  18   0 0.00    M    M  1.8  7 120   M    M   0        11 130
26  67  30  49   7  16   0 0.00    M    M  1.7  6 300   M    M   0         8 140
================================================================================
SM 1735  864       383   0  1.50    M     58.7          M        0
================================================================================
AV 66.7 33.2                               2.3 FASTST   M    M   0    MAX(MPH)
                                 MISC ---->    20 280                 36 280
================================================================================
NOTES:
# LAST OF SEVERAL OCCURRENCES

COLUMN 17 PEAK WIND IN M.P.H.

PRELIMINARY LOCAL CLIMATOLOGICAL DATA (WS FORM: F-6) , PAGE 2

                                          STATION:   LAKE YELLOWSTONE WY
                                          MONTH:     SEPTEMBER
                                          YEAR:      2022
                                          LATITUDE:   44 32 N
                                          LONGITUDE: 110 25 W

[TEMPERATURE DATA]      [PRECIPITATION DATA]       SYMBOLS USED IN COLUMN 16

AVERAGE MONTHLY: 50.0   TOTAL FOR MONTH:   1.50    1 = FOG OR MIST
DPTR FM NORMAL:   3.9   DPTR FM NORMAL:    0.15    2 = FOG REDUCING VISIBILITY
HIGHEST:    83 ON  7    GRTST 24HR  0.63 ON 21-22      TO 1/4 MILE OR LESS
LOWEST:     23 ON 10                               3 = THUNDER
                        SNOW, ICE PELLETS, HAIL    4 = ICE PELLETS
                        TOTAL MONTH:  M            5 = HAIL
                        GRTST 24HR    M  ON   M    6 = FREEZING RAIN OR DRIZZLE
                        GRTST DEPTH:  M  ON   M    7 = DUSTSTORM OR SANDSTORM:
                                                       VSBY 1/2 MILE OR LESS
                                                   8 = SMOKE OR HAZE
[NO. OF DAYS WITH]      [WEATHER - DAYS WITH]      9 = BLOWING SNOW
                                                   X = TORNADO
MAX 32 OR BELOW:   0    0.01 INCH OR MORE:   7
MAX 90 OR ABOVE:   0    0.10 INCH OR MORE:   5
MIN 32 OR BELOW:  14    0.50 INCH OR MORE:   0
MIN  0 OR BELOW:   0    1.00 INCH OR MORE:   0

[HDD (BASE 65) ]
TOTAL THIS MO.   383    CLEAR  (SCALE 0-3)  26
DPTR FM NORMAL  -108    PTCLDY (SCALE 4-7)   0
TOTAL FM JUL 1   827    CLOUDY (SCALE 8-10)  0
DPTR FM NORMAL  -306

[CDD (BASE 65) ]
TOTAL THIS MO.     0
DPTR FM NORMAL     0    [PRESSURE DATA]
TOTAL FM JAN 1     0    HIGHEST SLP M ON M
DPTR FM NORMAL     0    LOWEST  SLP 29.80 ON 14

[REMARKS]
