000
CXUS56 KLKN 281210
CF6P68
PRELIMINARY LOCAL CLIMATOLOGICAL DATA (WS FORM: F-6)

                                          STATION:   EUREKA AIRPORT NV
                                          MONTH:     SEPTEMBER
                                          YEAR:      2022
                                          LATITUDE:   39 30 N
                                          LONGITUDE: 115 58 W

  TEMPERATURE IN F:       :PCPN:    SNOW:  WIND      :SUNSHINE: SKY     :PK WND
================================================================================
1   2   3   4   5  6A  6B    7    8   9   10  11  12  13   14  15   16   17  18
                                     12Z  AVG MX 2MIN
DY MAX MIN AVG DEP HDD CDD  WTR  SNW DPTH SPD SPD DIR MIN PSBL S-S WX    SPD DR
================================================================================

 1  96  54  75  11   0  10 0.00    M    M  5.8 14  20   M    M   M        20  30
 2  95  50  73   9   0   8 0.00    M    M  4.2 13 120   M    M   M        19 120
 3  96  58  77  13   0  12 0.00    M    M  8.1 28 180   M    M   M        39 250
 4  95  54  75  11   0  10 0.00    M    M  4.8 13 330   M    M   M        20 150
 5  98  53  76  13   0  11 0.00    M    M  4.0 16  20   M    M   M        21  20
 6  98  56  77  14   0  12 0.00    M    M  6.3 20 200   M    M   0        34 190
 7  95  59  77  14   0  12 0.00    M    M  7.1 29 260   M    M   M        40 300
 8  93  53  73  11   0   8 0.00    M    M  7.4 22 300   M    M   0        31 290
 9  87  44  66   4   0   1 0.00    M    M  5.0 13  50   M    M   0        17  30
10  86  40  63   1   2   0 0.00    M    M  4.4 18 170   M    M   0        23 170
11  87  50  69   8   0   4 0.00    M    M  7.8 28 110   M    M   0        37 120
12  83  49  66   5   0   1 0.29    M    M  7.4 29 160   M    M   0        36 140
13  67  52  60   0   5   0 0.45    M    M  3.0 31 330   M    M   M        45 320
14  70  50  60   0   5   0 0.39    M    M  4.2 21 200   M    M   M        30 230
15  72  44  58  -2   7   0 0.08    M    M  5.6 21 200   M    M   M        27 350
16  71  37  54  -5  11   0 0.00    M    M  4.4 13 160   M    M   M        17 180
17  75  45  60   1   5   0 0.00    M    M 10.5 26 170   M    M   M        36 170
18  75  53  64   6   1   0 0.00    M    M 18.0 36 180   M    M   M        51 180
19  76  48  62   4   3   0 0.00    M    M 14.5 31 170   M    M   M        44 160
20  76  41  59   1   6   0 0.00    M    M 16.3 35 180   M    M   M        51 180
21  73  38  56  -1   9   0 0.00    M    M 12.9 37 180   M    M   M        51 180
22  70  33  52  -5  13   0 0.00    M    M  5.0 18  30   M    M   M        24  30
23  75  34  55  -1  10   0 0.00    M    M  5.1 12 360   M    M   M        16 350
24  80  38  59   3   6   0 0.00    M    M  5.0 10  20   M    M   M        18 340
25  81  36  59   4   6   0 0.00    M    M  5.7 15  30   M    M   M        22  30
26  82  41  62   7   3   0 0.00    M    M  4.4 13 150   M    M   M        19 150
27  84  40  62   8   3   0 0.00    M    M  4.9 16 160   M    M   M        23 140
================================================================================
SM 2236 1250        95  89  1.21    M    191.8          M        0
================================================================================
AV 82.8 46.3                               7.1 FASTST   M    M   0    MAX(MPH)
                                 MISC ---->    37 180               # 51 180
================================================================================
NOTES:
# LAST OF SEVERAL OCCURRENCES

COLUMN 17 PEAK WIND IN M.P.H.

PRELIMINARY LOCAL CLIMATOLOGICAL DATA (WS FORM: F-6) , PAGE 2

                                          STATION:   EUREKA AIRPORT NV
                                          MONTH:     SEPTEMBER
                                          YEAR:      2022
                                          LATITUDE:   39 30 N
                                          LONGITUDE: 115 58 W

[TEMPERATURE DATA]      [PRECIPITATION DATA]       SYMBOLS USED IN COLUMN 16

AVERAGE MONTHLY: 64.6   TOTAL FOR MONTH:   1.21    1 = FOG OR MIST
DPTR FM NORMAL:   4.7   DPTR FM NORMAL:    0.70    2 = FOG REDUCING VISIBILITY
HIGHEST:    98 ON  6, 5  GRTST 24HR  0.74 ON 12-13      TO 1/4 MILE OR LESS
LOWEST:     33 ON 22                               3 = THUNDER
                        SNOW, ICE PELLETS, HAIL    4 = ICE PELLETS
                        TOTAL MONTH:  M            5 = HAIL
                        GRTST 24HR    M  ON   M    6 = FREEZING RAIN OR DRIZZLE
                        GRTST DEPTH:  M  ON   M    7 = DUSTSTORM OR SANDSTORM:
                                                       VSBY 1/2 MILE OR LESS
                                                   8 = SMOKE OR HAZE
[NO. OF DAYS WITH]      [WEATHER - DAYS WITH]      9 = BLOWING SNOW
                                                   X = TORNADO
MAX 32 OR BELOW:   0    0.01 INCH OR MORE:   4
MAX 90 OR ABOVE:   8    0.10 INCH OR MORE:   3
MIN 32 OR BELOW:   0    0.50 INCH OR MORE:   0
MIN  0 OR BELOW:   0    1.00 INCH OR MORE:   0

[HDD (BASE 65) ]
TOTAL THIS MO.    95    CLEAR  (SCALE 0-3)   6
DPTR FM NORMAL   -65    PTCLDY (SCALE 4-7)   0
TOTAL FM JUL 1    95    CLOUDY (SCALE 8-10) 21
DPTR FM NORMAL  -100

[CDD (BASE 65) ]
TOTAL THIS MO.    89
DPTR FM NORMAL    72    [PRESSURE DATA]
TOTAL FM JAN 1   580    HIGHEST SLP M ON M
DPTR FM NORMAL   226    LOWEST  SLP 29.55 ON 17

[REMARKS]
