000
CXUS51 KBTV 280700
CF6PBG
PRELIMINARY LOCAL CLIMATOLOGICAL DATA (WS FORM: F-6)

                                          STATION:   PLATTSBURGH NY
                                          MONTH:     SEPTEMBER
                                          YEAR:      2022
                                          LATITUDE:   44 39 N
                                          LONGITUDE:  73 28 W

  TEMPERATURE IN F:       :PCPN:    SNOW:  WIND      :SUNSHINE: SKY     :PK WND
================================================================================
1   2   3   4   5  6A  6B    7    8   9   10  11  12  13   14  15   16   17  18
                                     12Z  AVG MX 2MIN
DY MAX MIN AVG DEP HDD CDD  WTR  SNW DPTH SPD SPD DIR MIN PSBL S-S WX    SPD DR
================================================================================

 1  66  46  56  -9   9   0 0.00    M    M  4.4 16 320   M    M   5 1      24 300
 2  75  44  60  -4   5   0 0.00    M    M  5.6 18 140   M    M   0        24 130
 3  81  52  67   3   0   2 0.00    M    M  4.9 17 150   M    M   1        21 130
 4  70  57  64   0   1   0 0.01    M    M  7.2 22  10   M    M   9 1      26 360
 5  62  56  59  -4   6   0 0.01    M    M  6.3 10 350   M    M  10        14 350
 6  67  58  63   0   2   0 0.02    M    M  6.2 14 360   M    M  10 1      16 350
 7  75  56  66   3   0   1 0.00    M    M  1.7  8  70   M    M   5 1      13  30
 8  78  51  65   3   0   0 0.00    M    M  2.1  9 130   M    M   0 1      12 120
 9  78  52  65   3   0   0 0.00    M    M  2.6  9 120   M    M   0 1      23 360
10  81  54  68   6   0   3 0.00    M    M  4.4 14 160   M    M   0 1      19 150
11  80  55  68   6   0   3    T    M    M  3.2 16 140   M    M   3 1      33 110
12  78  63  71  10   0   6 0.00    M    M  2.0  8  70   M    M   6        14  80
13  75  61  68   7   0   3 1.12    M    M  3.5 16 120   M    M   9 123    23 130
14  77  55  66   6   0   1 0.03    M    M  8.4 20 320   M    M   5        29 320
15  64  46  55  -5  10   0 0.00    M    M  7.1 18 350   M    M   1        24 330
16  67  44  56  -4   9   0 0.00    M    M  6.9 20 360   M    M   5        26 340
17  67  42  55  -4  10   0    T    M    M  4.1 14 140   M    M   0        17 140
18  71  50  61   2   4   0 0.13    M    M  6.1 15 350   M    M   6 1      17 360
19  64  55  60   1   5   0 0.72    M    M  2.1 10 150   M    M  10 13     12 140
20  61  55  58   0   7   0 0.01    M    M  6.7 15 360   M    M  10 1      20 350
21  67  54  61   3   4   0 0.02    M    M  6.0 20 150   M    M   6 1      25 150
22  68  49  59   2   6   0 0.25    M    M  7.9 23 330   M    M   7 13     30 310
23  55  43  49  -8  16   0 0.00    M    M 10.0 21 330   M    M   6        29 340
24  67  44  56  -1   9   0 0.00    M    M  5.8 18 330   M    M   0        25 330
25  58  46  52  -4  13   0 0.30    M    M  3.8 13 140   M    M   7 1      16 140
26  68  48  58   2   7   0 0.09    M    M  3.2 14 160   M    M   7 1      17 170
27  63  46  55   0  10   0 0.03    M    M  4.6 16 160   M    M   7 1      20 140
================================================================================
SM 1883 1382       133  19  2.74    M    136.8          M      135
================================================================================
AV 69.7 51.2                               5.1 FASTST   M    M   5    MAX(MPH)
                                 MISC ---->    23 330                 33 110
================================================================================
NOTES:
# LAST OF SEVERAL OCCURRENCES

COLUMN 17 PEAK WIND IN M.P.H.

PRELIMINARY LOCAL CLIMATOLOGICAL DATA (WS FORM: F-6) , PAGE 2

                                          STATION:   PLATTSBURGH NY
                                          MONTH:     SEPTEMBER
                                          YEAR:      2022
                                          LATITUDE:   44 39 N
                                          LONGITUDE:  73 28 W

[TEMPERATURE DATA]      [PRECIPITATION DATA]       SYMBOLS USED IN COLUMN 16

AVERAGE MONTHLY: 60.5   TOTAL FOR MONTH:   2.74    1 = FOG OR MIST
DPTR FM NORMAL:   0.2   DPTR FM NORMAL:   -0.06    2 = FOG REDUCING VISIBILITY
HIGHEST:    81 ON 10, 3  GRTST 24HR  1.12 ON 13-13      TO 1/4 MILE OR LESS
LOWEST:     42 ON 17                               3 = THUNDER
                        SNOW, ICE PELLETS, HAIL    4 = ICE PELLETS
                        TOTAL MONTH:  M            5 = HAIL
                        GRTST 24HR    M  ON   M    6 = FREEZING RAIN OR DRIZZLE
                        GRTST DEPTH:  M  ON   M    7 = DUSTSTORM OR SANDSTORM:
                                                       VSBY 1/2 MILE OR LESS
                                                   8 = SMOKE OR HAZE
[NO. OF DAYS WITH]      [WEATHER - DAYS WITH]      9 = BLOWING SNOW
                                                   X = TORNADO
MAX 32 OR BELOW:   0    0.01 INCH OR MORE:  13
MAX 90 OR ABOVE:   0    0.10 INCH OR MORE:   5
MIN 32 OR BELOW:   0    0.50 INCH OR MORE:   2
MIN  0 OR BELOW:   0    1.00 INCH OR MORE:   1

[HDD (BASE 65) ]
TOTAL THIS MO.   133    CLEAR  (SCALE 0-3)   8
DPTR FM NORMAL   -29    PTCLDY (SCALE 4-7)  13
TOTAL FM JUL 1   150    CLOUDY (SCALE 8-10)  6
DPTR FM NORMAL   -53

[CDD (BASE 65) ]
TOTAL THIS MO.    19
DPTR FM NORMAL   -16    [PRESSURE DATA]
TOTAL FM JAN 1   421    HIGHEST SLP M ON M
DPTR FM NORMAL    29    LOWEST  SLP 29.49 ON 25

[REMARKS]
