000
CXUS52 KMFL 271030
CF6PBI
PRELIMINARY LOCAL CLIMATOLOGICAL DATA (WS FORM: F-6)

                                          STATION:   WEST PALM BEACH
                                          MONTH:     SEPTEMBER
                                          YEAR:      2022
                                          LATITUDE:   26 40 N
                                          LONGITUDE:  80  7 W

  TEMPERATURE IN F:       :PCPN:    SNOW:  WIND      :SUNSHINE: SKY     :PK WND
================================================================================
1   2   3   4   5  6A  6B    7    8   9   10  11  12  13   14  15   16   17  18
                                     12Z  AVG MX 2MIN
DY MAX MIN AVG DEP HDD CDD  WTR  SNW DPTH SPD SPD DIR MIN PSBL S-S WX    SPD DR
================================================================================

 1  90  77  84   1   0  19 0.17  0.0    0  4.6 16 270   M    M   4 3      21 140
 2  91  75  83   1   0  18 0.00  0.0    0  5.9 16  90   M    M   4        23  90
 3  92  77  85   3   0  20    T  0.0    0  8.7 16 110   M    M   5        20 100
 4  92  78  85   3   0  20    T  0.0    0  8.0 15 100   M    M   6        22 100
 5  93  80  87   5   0  22 0.00  0.0    0  6.9 14 110   M    M   4        18 120
 6  93  79  86   4   0  21 0.00  0.0    0  5.5 15 110   M    M   4        19  90
 7  94  77  86   4   0  21 0.00  0.0    0  5.6 16 110   M    M   5        21 100
 8  93  76  85   3   0  20 0.23  0.0    0  5.8 26 220   M    M   5 13     32 220
 9  91  75  83   1   0  18 0.34  0.0    0  6.1 26 160   M    M   7 138    33 160
10  93  78  86   4   0  21 0.03  0.0    0  7.6 21 140   M    M   7 3      25 140
11  93  77  85   3   0  20 0.00  0.0    0  6.9 17 140   M    M   5        22 120
12  93  76  85   3   0  20 0.00  0.0    0  3.5 16 220   M    M   4 3      22  80
13  93  75  84   2   0  19 0.47  0.0    0  3.7 21 210   M    M   6 13     25 200
14  91  75  83   1   0  18 0.08  0.0    0  4.0 16 210   M    M   8 3      20 130
15  89  74  82   0   0  17 1.08  0.0    0  3.8 32 180   M    M   8 13     43 190
16  87  75  81  -1   0  16    T  0.0    0  6.4 17 100   M    M   7 3      22  90
17  88  73  81  -1   0  16 1.77  0.0    0  7.3 24  90   M    M   8 13     29  90
18  88  72  80  -2   0  15 2.20  0.0    0  5.6 20 240   M    M   8 138    25 270
19  89  75  82   0   0  17    T  0.0    M  5.1 18 130   M    M   6 3      20 130
20  90  76  83   1   0  18 0.00  0.0    M  6.5 16  60   M    M   6 3X     22  90
21  90  77  84   2   0  19 0.46  0.0    0  6.4 23  10   M    M   6 13     28  10
22  91  75  83   1   0  18 0.00  0.0    0  6.6 16 360   M    M   5        21  30
23  94  73  84   2   0  19 0.00  0.0    0  5.3 22 320   M    M   3 3      27 320
24  89  77  83   1   0  18 0.54  0.0    0  9.2 24  70   M    M   8 13     28  80
25  90  75  83   2   0  18 0.17  0.0    0  5.6 26 120   M    M   5 1      32 120
26  89  74  82   1   0  17 0.26  0.0    0  5.3 18 150   M    M   7 3      23 110
================================================================================
SM 2366 1971         0 485  7.80  0.0    155.9          M      151
================================================================================
AV 91.0 75.8                               6.0 FASTST   M    M   6    MAX(MPH)
                                 MISC ---->    32 180                 43 190
================================================================================
NOTES:
# LAST OF SEVERAL OCCURRENCES

COLUMN 17 PEAK WIND IN M.P.H.

PRELIMINARY LOCAL CLIMATOLOGICAL DATA (WS FORM: F-6) , PAGE 2

                                          STATION:   WEST PALM BEACH
                                          MONTH:     SEPTEMBER
                                          YEAR:      2022
                                          LATITUDE:   26 40 N
                                          LONGITUDE:  80  7 W

[TEMPERATURE DATA]      [PRECIPITATION DATA]       SYMBOLS USED IN COLUMN 16

AVERAGE MONTHLY: 83.4   TOTAL FOR MONTH:   7.80    1 = FOG OR MIST
DPTR FM NORMAL:   1.4   DPTR FM NORMAL:    0.73    2 = FOG REDUCING VISIBILITY
HIGHEST:    94 ON 23, 7  GRTST 24HR  3.90 ON 17-18      TO 1/4 MILE OR LESS
LOWEST:     72 ON 18                               3 = THUNDER
                        SNOW, ICE PELLETS, HAIL    4 = ICE PELLETS
                        TOTAL MONTH:   0.0 INCH    5 = HAIL
                        GRTST 24HR  0.0            6 = FREEZING RAIN OR DRIZZLE
                        GRTST DEPTH:  0            7 = DUSTSTORM OR SANDSTORM:
                                                       VSBY 1/2 MILE OR LESS
                                                   8 = SMOKE OR HAZE
[NO. OF DAYS WITH]      [WEATHER - DAYS WITH]      9 = BLOWING SNOW
                                                   X = TORNADO
MAX 32 OR BELOW:   0    0.01 INCH OR MORE:  13
MAX 90 OR ABOVE:  19    0.10 INCH OR MORE:  11
MIN 32 OR BELOW:   0    0.50 INCH OR MORE:   4
MIN  0 OR BELOW:   0    1.00 INCH OR MORE:   3

[HDD (BASE 65) ]
TOTAL THIS MO.     0    CLEAR  (SCALE 0-3)   0
DPTR FM NORMAL     0    PTCLDY (SCALE 4-7)  25
TOTAL FM JUL 1     0    CLOUDY (SCALE 8-10)  1
DPTR FM NORMAL     0

[CDD (BASE 65) ]
TOTAL THIS MO.   485
DPTR FM NORMAL    43    [PRESSURE DATA]
TOTAL FM JAN 1  3813    HIGHEST SLP M ON M
DPTR FM NORMAL   560    LOWEST  SLP 29.71 ON  8

[REMARKS]
