000
CXUS56 KPDT 251810
CF6PDT
PRELIMINARY LOCAL CLIMATOLOGICAL DATA (WS FORM: F-6)

                                          STATION:   PENDLETON OR
                                          MONTH:     SEPTEMBER
                                          YEAR:      2022
                                          LATITUDE:   45 40 N
                                          LONGITUDE: 118 51 W

  TEMPERATURE IN F:       :PCPN:    SNOW:  WIND      :SUNSHINE: SKY     :PK WND
================================================================================
1   2   3   4   5  6A  6B    7    8   9   10  11  12  13   14  15   16   17  18
                                     12Z  AVG MX 2MIN
DY MAX MIN AVG DEP HDD CDD  WTR  SNW DPTH SPD SPD DIR MIN PSBL S-S WX    SPD DR
================================================================================

 1  98  62  80  12   0  15 0.00  0.0    0  7.5 16 230   M    M   0        21 240
 2 104  58  81  13   0  16 0.00  0.0    0 10.0 21 270   M    M   0        26  40
 3  89  60  75   8   0  10    T  0.0    0 10.1 29 280   M    M   0 8      37 270
 4  91  53  72   5   0   7 0.00  0.0    0  8.2 17 260   M    M   0        23 240
 5  85  59  72   5   0   7 0.00  0.0    0  8.9 18 270   M    M   0        22 260
 6  91  52  72   6   0   7 0.00  0.0    0  6.4 14 340   M    M   0        19 300
 7  93  58  76  10   0  11    T  0.0    0  6.8 18 280   M    M   0 8      26 280
 8  81  48  65  -1   0   0 0.00  0.0    0  7.3 14 290   M    M   0 8      20  20
 9  80  44  62  -4   3   0 0.00  0.0    0  5.6 14  30   M    M   0        20  30
10  86  46  66   1   0   1 0.00  0.0    0  6.1 13  20   M    M   0 8      22  20
11  86  51  69   4   0   4 0.00  0.0    0  6.2 15 320   M    M   0 8      20 290
12  81  56  69   4   0   4 0.00  0.0    0  6.9 16 280   M    M   0 8      21 290
13  79  52  66   2   0   1    T  0.0    0  6.0 21 260   M    M   1 38     26 260
14  78  53  66   2   0   1    T  0.0    0  6.2 13 340   M    M   3 3      20 270
15  78  52  65   1   0   0 0.00  0.0    0  7.6 15 250   M    M   0        20 210
16  76  51  64   0   1   0 0.00  0.0    0 10.4 25 250   M    M   0        31 250
17  73  44  59  -4   6   0 0.04  0.0    0  9.4 23 260   M    M   2 3      30 260
18  68  50  59  -4   6   0 0.01  0.0    0  5.9 13  40   M    M   2 3      15 270
19  81  47  64   1   1   0    T    M    M  6.3 13  80   M    M   0        16 330
20  78  45  62   0   3   0 0.00  0.0    0  5.8 17 350   M    M   0        25 300
21  71  47  59  -3   6   0 0.02  0.0    0  6.0 15 160   M    M   2        19 280
22  74  55  65   3   0   0 0.00  0.0    0 18.0 36 260   M    M   3        48 280
23  80  47  64   3   1   0 0.00  0.0    0  6.2 13 220   M    M   0        16 210
24  83  47  65   4   0   0 0.00  0.0    0  6.3 13  30   M    M   0        17 340
================================================================================
SM 1984 1237        27  84  0.07  0.0    184.1          M       13
================================================================================
AV 82.7 51.5                               7.7 FASTST   M    M   1    MAX(MPH)
                                 MISC ---->    36 260                 48 280
================================================================================
NOTES:
# LAST OF SEVERAL OCCURRENCES

COLUMN 17 PEAK WIND IN M.P.H.

PRELIMINARY LOCAL CLIMATOLOGICAL DATA (WS FORM: F-6) , PAGE 2

                                          STATION:   PENDLETON OR
                                          MONTH:     SEPTEMBER
                                          YEAR:      2022
                                          LATITUDE:   45 40 N
                                          LONGITUDE: 118 51 W

[TEMPERATURE DATA]      [PRECIPITATION DATA]       SYMBOLS USED IN COLUMN 16

AVERAGE MONTHLY: 67.1   TOTAL FOR MONTH:   0.07    1 = FOG OR MIST
DPTR FM NORMAL:   2.6   DPTR FM NORMAL:   -0.32    2 = FOG REDUCING VISIBILITY
HIGHEST:   104 ON  2    GRTST 24HR  0.05 ON 17-18      TO 1/4 MILE OR LESS
LOWEST:     44 ON 17, 9                             3 = THUNDER
                        SNOW, ICE PELLETS, HAIL    4 = ICE PELLETS
                        TOTAL MONTH:   0.0 INCH    5 = HAIL
                        GRTST 24HR  0.0            6 = FREEZING RAIN OR DRIZZLE
                        GRTST DEPTH:  0            7 = DUSTSTORM OR SANDSTORM:
                                                       VSBY 1/2 MILE OR LESS
                                                   8 = SMOKE OR HAZE
[NO. OF DAYS WITH]      [WEATHER - DAYS WITH]      9 = BLOWING SNOW
                                                   X = TORNADO
MAX 32 OR BELOW:   0    0.01 INCH OR MORE:   3
MAX 90 OR ABOVE:   5    0.10 INCH OR MORE:   0
MIN 32 OR BELOW:   0    0.50 INCH OR MORE:   0
MIN  0 OR BELOW:   0    1.00 INCH OR MORE:   0

[HDD (BASE 65) ]
TOTAL THIS MO.    27    CLEAR  (SCALE 0-3)  24
DPTR FM NORMAL   -41    PTCLDY (SCALE 4-7)   0
TOTAL FM JUL 1    27    CLOUDY (SCALE 8-10)  0
DPTR FM NORMAL   -62

[CDD (BASE 65) ]
TOTAL THIS MO.    84
DPTR FM NORMAL    26    [PRESSURE DATA]
TOTAL FM JAN 1   968    HIGHEST SLP M ON M
DPTR FM NORMAL   338    LOWEST  SLP 29.64 ON 17

[REMARKS]
